{"text_format":"1","workbook":"xlsx","n_sheets":12,"sheets":["Guide","Livrables","RIDA diffusion","RIDA en cours","RIDA archive","Suivi avancement projet","Graph avancement","1 - Registre Risques & Opport","2 - Résumé des Risques","3 - Critère de risque","5 - Risk Criteria FR","Table"],"not_rendered":{"charts":6,"images":5,"macros":1,"external_links":1,"defined_names":55,"comments":2,"pivot_tables":1},"unopened":[{"sheet":"Graph avancement","index":6,"reason":"not_a_worksheet"}],"bounds":{"document_bytes":16777216,"sheet_cells":100000,"rows_first":2000,"rows_last":500,"rows_between":2000,"halvings":0,"cell_chars":16384,"cell_head_chars":4096},"cells_cut":0,"cells_raw":0,"read":"whole","date_system":"1900"}

{"sheet":"Guide","index":0,"n_rows":107,"n_cols":11,"rows_kept":107,"cut":false,"hidden":false,"merged":[[31,10,31,12],[35,2,35,9],[32,2,32,9],[33,2,33,9],[34,2,34,9],[32,10,32,12],[33,10,33,12],[34,10,34,12],[35,10,35,12],[26,10,26,12],[27,10,27,12],[28,10,28,12],[29,2,29,9],[30,2,30,9],[29,10,29,12],[30,10,30,12],[37,0,37,9],[38,0,38,9],[0,0,0,9],[4,2,4,6],[5,2,5,6],[6,2,6,6],[7,2,7,6],[26,2,26,9],[27,2,27,9],[28,2,28,9],[31,2,31,9],[81,0,83,1],[85,0,87,1],[89,0,91,1],[93,0,95,1],[81,2,83,10],[97,10,97,12],[98,10,98,12],[99,10,99,12],[100,10,100,12],[101,10,101,12],[97,2,97,9],[98,2,98,9],[99,2,99,9],[100,2,100,9],[101,2,101,9],[102,2,102,9],[103,2,103,9],[104,2,104,9],[105,2,105,9],[106,2,106,9],[102,10,102,12],[103,10,103,12],[104,10,104,12],[105,10,105,12],[106,10,106,12]]}
["GUIDE"]
[]
[null,"Ce fichier recense les documents types utiles pour le déroulement d'un projet"]
[]
[null,"Vous y trouverez : ","Les livrables à produire en complément d'ISI"]
[null,null,"Le suivi d'avancement du projet"]
[null,null,"Le Risk Analysis Register (RAR)"]
[null,null,"Le Relevé d'Informations Décisions Actions (RIDA)"]
[]
["Afin de simplifier leur accès, compléter, dans l'onglet \"Livrables\", les chemins d'accès aux documents référencés."]
["Se référer aux guides correspondants pour renseigner le RIDA et le RAR (Ci-dessous)."]
["L'onglet \"Registre Risks & Opport\" contient deux exemples de risques à ne pas oublier de supprimer pour une utilisation en"]
[" conditions réelles."]
[]
["Pour utiliser le RIDA, il faut que l'utilisation des macros soit activée. Si les macros sont désactivées, un avertissement de "]
["sécurité s'affichera dans un bandeau en haut de la feuille. Pour les activer, cliquer sur \"Options\" dans ce bandeau,"]
["et \"Activer ce contenu\". Une fois activées, un onglet suplémentaire (\"compléments\") s'ajoutera à la barre d'outils en haut de la"]
["feuille. Il contient les boutons nécessaires pour lancer les fonctions automatiques du RIDA."]
[]
[]
["Si la mise à jour d'une feuille ne se fait pas instantanément, enregistrez le fichier afin de prendre en compte les "]
["dernières modifications."]
[]
[]
[]
[]
["VERSION","DATE","DESCRIPTION",null,null,null,null,null,null,null,"AUTEUR"]
[0,"2014-11-20","Création du document",null,null,null,null,null,null,null,"E. CREFF"]
[1,"2015-03-11","revue du document pour déploiement iSi",null,null,null,null,null,null,null,"N.MEERSSEMAN"]
[2,"2015-04-03","correction formats date et calcul provision pour risques",null,null,null,null,null,null,null,"N.MEERSSEMAN"]
["3\nQU431_2f","2015-06-17","RIDA : ajout pourcentage 0% automatique sur nouvelle action\nRAR : modification valeurs exemple\nsuivi : modification formats",null,null,null,null,null,null,null,"N.MEERSSEMAN"]
["4\nQU431_2g","2015-09-02","RIDA : passage des formules en VBA\nRIDA diffusion : correction calculs tableaux de bord\nRIDA en cours : améliorations ergonomie de saisie\ncontrôle pour éviter la saise de lignes vides\nclic droit sur échéance force le champ à date du jour + 1\nclic droit sur date force le champ à date du jour\naugmentation du nombre d'actions possible\nle champ réalisé (date ou RETARD) est rempli automatiquement",null,null,null,null,null,null,null,"N.MEERSSEMAN"]
["5\nQU431_2h","2015-11-27","RIDA en cours : correction bug de passage en RETARD d'actions terminées ou supprimées",null,null,null,null,null,null,null,"N.MEERSSEMAN"]
[]
[]
[]
[]
["Mode d'Emploi"]
["Relevé d'Informations - Décisions - Actions"]
[]
["Mode d'emploi :"]
["Le RIDA remplace le compte rendu de réunion."]
["Un responsable est nommé pour tenir à jour le RIDA."]
[]
[]
["0 - Le RIDA est distribué à tous en début de réunion."]
["1 - Le RIDA est renseigné pendant la réunion par le responsable du RIDA."]
["2 - Le RIDA est revu au début de la réunion, pour faire le point sur l'avancement des actions décidées antérieurement."]
["3 - Le responsable du RIDA archive les Actions Finalisées + les Informations + les Décisions prise à l'avant dernière réunion"]
["(de façon à ne conserver dans l'onglet \"RIDA en cours\" que les actions, antérieures ou nouvelles,  en cours et les informations "]
["ou Décisions \"fraîches\")."]
["4 - Le responsable du RIDA renseigne les nouvelles informations, décisions et actions à lancer."]
["5 - A la fin de la réunion, le RIDA est relu pour s'assurer que chacun a eu la même compréhension des Informations, "]
["Décisions ou Actions  qui ont été prises."]
["6 - A la fin de la réunion, le RIDA est si possible imprimé (ou photocopié si renseigné manuscrit) et donné aux participants"]
[" pour action, puis leur est transmis par messagerie au plus tôt."]
["7 - Si le RIDA est renseigné manuscrit pendant la réunion, le responsable du RIDA le met ensuite à jour informatiquement "]
["avec les nouveaux éléments avant transmission."]
[" --> aller au point 0"]
[]
[]
[null,"Astuces d'utilisation"]
[null,"-La saisie d'une description met à jour automatiquement le N° d'action, et "]
[null," recopie la date et l'origine de la ligne précédente"]
[null,"- Archiver (onglet Compléments) => archive les Actions à 100% ainsi que les "]
[null,"Décisions et Informations dans l'onglet \"RIDA archive\""]
[null,"-Bouton \"Auto Ajuste\"(onglet Compléments) => ajuste la hauteur des lignes + définit "]
[null,"la zone d'impression et imprime (avec pré-visualisation)"]
[null,"ATTENTION : ne pas laisser de lignes vides : cela empêche l'archivage automatique de fonctionner"]
[]
[null,"Pour progresser !"]
[null,"Ce qui ne prend pas plus de 2 minutes doit être fait en réunion."]
[null,"Une étape par Action."]
[null,"Un Responsable par Action."]
[]
[]
[]
[]
[]
[]
[]
["Description",null,"Objectif / But de cet outil\nLe managament des risques et opportunités est un processus continu où les risques du projet sont identifiés et examinés tout au long du cycle de vie du projet ou de l'offre. Le plan de gestion des risques permettra d'identifier la méthodologie utilisée, les rôles et les responsabilités, la notation et l'interprétation. Ci-dessous les recommandations des meilleures pratiques méthodologiques pour les projets en utilisant le registre des risques et opportunités, outil pour gérer les risques. Il fait partie du plan de gestion des risques.\n\nIdentification des risques \n-Le processus commence dans la phase de vente (S0) menant à la décision de '\"Bid / No Bid\" (S1) \n-Permet d'identifier rapidement les risques les plus importants.\nL'identification des risques continuera à travers le cycle de vie du projet\n-Le PM doit avoir terminé toutes les identifications des risques par la création de la charte de projet (P1)\n\nL'évaluation du risque (voir l'onglet \"1 - Registre des risques»)\n-Permet d'identifier, de quantifier chacun des risques, et de définir les actions à entreprendre en vue de réduire et de maîtriser les risques.\n-Cet outil doit être utilisé avant une décision de \"Bid/No-Bid\" (S1)afin de qualifier la criticité du risque et de le mettre à jour jusqu'à la fermeture du projet.\n\nPendant toute la durée du contrat\nil est nécessaire de maintenir une version alignée avec les négociations avec le client.\nAu cours de la phase d'exécution, il est très important de continuer à suivre tous les risques en mettant à jour le registre des risques."]
[]
[]
[]
["Type de document"]
[null,null,"Outil","X","Template",null,"Check List",null,"Bonne pratique",null,"Instruction"]
[]
[]
["Validité"]
[null,null,"Mandataire","X","Critère",null,"Global",null,"Local","X"]
[]
[]
["Critère"]
[null,null,"Taille","X","Autre"]
[]
[]
["Rev","Date","Description",null,null,null,null,null,null,null,"Autor"]
[]
[0,"2013-03-20","Première version",null,null,null,null,null,null,null,"H.Rolando"]
["1.0","2014-11-19","Intégration dans fichier global PMP",null,null,null,null,null,null,null,"E.Creff"]
["1.1"]
["1.2"]
["1.3"]
["1.4"]
["1.5"]
["1.6"]

{"sheet":"Livrables","index":1,"n_rows":40,"n_cols":9,"rows_kept":40,"cut":false,"hidden":false,"merged":[[28,7,28,8],[29,7,29,8],[30,7,30,8],[31,7,31,8],[32,7,32,8],[33,7,33,8],[34,7,34,8],[35,7,35,8],[19,7,19,8],[20,7,20,8],[21,7,21,8],[22,7,22,8],[23,7,23,8],[24,7,24,8],[25,7,25,8],[26,7,26,8],[27,7,27,8],[10,7,10,8],[11,7,11,8],[12,7,12,8],[13,7,13,8],[14,7,14,8],[15,7,15,8],[16,7,16,8],[17,7,17,8],[18,7,18,8],[38,6,38,8],[39,6,39,8],[40,6,40,8],[41,6,41,8],[42,6,42,8],[43,6,43,8],[44,6,44,8],[45,6,45,8],[46,6,46,8],[39,4,39,5],[40,4,40,5],[41,4,41,5],[42,4,42,5],[43,4,43,5],[44,4,44,5],[45,4,45,5],[46,4,46,5],[47,4,47,5],[0,2,0,6],[2,0,2,8],[37,0,37,8],[0,0,0,1],[1,0,1,1],[3,0,3,1],[4,0,4,1],[5,0,5,1],[6,0,6,1],[7,0,7,1],[20,3,20,4],[21,0,21,2],[21,3,21,4],[22,0,22,2],[22,3,22,4],[23,0,23,2],[23,3,23,4],[24,0,24,2],[24,3,24,4],[25,0,25,2],[25,3,25,4],[26,0,26,2],[26,3,26,4],[27,0,27,2],[46,0,46,1],[47,0,47,1],[48,0,48,1],[46,2,46,3],[47,2,47,3],[48,2,48,3],[48,4,48,5],[47,6,47,8],[48,6,48,8],[42,0,42,1],[43,0,43,1],[44,0,44,1],[45,0,45,1],[42,2,42,3],[43,2,43,3],[44,2,44,3],[45,2,45,3],[38,0,38,1],[39,0,39,1],[40,0,40,1],[41,0,41,1],[39,2,39,3],[40,2,40,3],[41,2,41,3],[38,2,38,3],[38,4,38,5],[9,0,9,2],[9,3,9,4],[10,0,10,2],[10,3,10,4],[11,0,11,2],[11,3,11,4],[12,0,12,2],[12,3,12,4],[13,0,13,2],[13,3,13,4],[14,0,14,2],[14,3,14,4],[15,0,15,2],[15,3,15,4],[16,0,16,2],[16,3,16,4],[17,0,17,2],[17,3,17,4],[18,0,18,2],[18,3,18,4],[19,0,19,2],[19,3,19,4],[20,0,20,2],[32,0,32,2],[32,3,32,4],[33,0,33,2],[33,3,33,4],[34,0,34,2],[34,3,34,4],[35,0,35,2],[35,3,35,4],[27,3,27,4],[28,0,28,2],[28,3,28,4],[29,0,29,2],[29,3,29,4],[30,0,30,2],[30,3,30,4],[31,0,31,2],[31,3,31,4]]}
[null,null,"Livrables en complément d'ISI"]
["Emetteur du doc :",null,"Cedric BIZOT",null,null,null,null,"Date :","2017-01-02"]
["IDENTIFICATION"]
["Raison sociale client :",null,"Automotive Exteriors Europe SAS"]
["N° Projet / N° Avenant :",null,"I8716-LKK-8699273-AEE-GF"]
["Libellé projet :",null,"Groupes froids"]
["Chargé d'affaires :",null,"Laurent KOWALIK"]
["Chef de Projets :",null,"Cedric BIZOT"]
[]
["Document à produire",null,null,"Référence",null,null,"Chemin d'accès","Version"]
["WBS (Work Breakdown Structure)",null,null,null,null,null,"Voir dossier BOX"]
["LDA (Liste de Documents Applicables)"]
["Planning",null,null,null,null,null,"Voir dossier BOX"]
["Suivi Cash Flow",null,null,null,null,null,"Pas de suivi Cash Flow car paiement client 100% à l'émission du PV de récéption final sans réserve"]
["Finances (coûts)",null,null,null,null,null,"Voir dossier BOX"]
["Ressources"]
["Parties prenantes"]
["Communication"]
["Achats",null,null,null,null,null,"Voir dossier BOX"]
["Sécurité",null,null,null,null,null,"Voir dossier BOX"]
["Plan Assurance Qualité"]
["Gestion de Configuration"]
["Dossier BOX",null,null,null,null,null,"Dossier Box projet GF AEE"]
[]
[]
[]
[]
[]
[]
[]
[]
[]
[]
[]
[]
[]
[]
["Mise à jour"]
["Date",null,"établi par",null,"vérifié par",null,"Commentaires"]
["2017-03-06",null,"Cédric BIZOT"]

{"sheet":"RIDA diffusion","index":2,"n_rows":48,"n_cols":10,"rows_kept":48,"cut":false,"hidden":false,"merged":[[11,5,11,6],[19,5,19,6],[10,5,10,6],[4,0,4,1],[5,0,5,1],[6,0,6,1],[7,0,7,1],[16,5,17,5],[16,6,17,6],[0,0,0,1],[0,2,0,6],[1,0,1,1],[2,0,2,8],[3,0,3,1],[46,3,46,4],[37,3,37,4],[38,3,38,4],[39,3,39,4],[40,3,40,4],[41,3,41,4],[43,3,43,4],[44,3,44,4],[45,3,45,4],[36,0,36,9],[25,5,26,5],[25,6,26,6],[47,3,47,4],[37,5,37,8],[38,5,38,8],[39,5,39,8],[40,5,40,8],[41,5,41,8],[42,5,42,8],[43,5,43,8],[44,5,44,8],[45,5,45,8],[46,5,46,8],[47,5,47,8],[42,3,42,4]]}
[null,null,"Relevé d'Informations - Décisions - Actions"]
["Emetteur du doc :",null,"Cedric B",null,null,null,null,"Date :","2017-01-02"]
["IDENTIFICATION"]
["Raison sociale client :",null,"Automotive xx"]
["N° Projet / N° Avenant :",null,"I8716-LKK-8699273-AEE-GF"]
["Libellé projet :",null,"Groupes froids"]
["Chargé d'affaires :",null,"Laurent K"]
["Chef de Projets :",null,"Cedric B"]
[]
[]
[null,"Diffusion",null,null,null,"Tableaux de bord"]
[null,"Mis à jour le",{"$f":"TODAY()","v":"2020-02-05"},null,null,"Tableau de bord \"en cours\""]
[null,null,null,null,null,"Nombre de nouvelles Actions         ",17]
[null,null,"Nom","Société",null,"Nombre d'Actions en retard           ",0]
[null,"Emetteur","Cedric B","Schneider Electric",null,"Nombre de nouvelles Décisions      ",0]
[null,null,null,null,null,"Nombre de nouvelles Informations ",4]
[null,"Destinataires","Nom","Société",null,"Taux de réalisation à l'heure des actions en cours",1]
[null,"Chargé d'affaires","Laurent K","Schneider Electric"]
[null,"Chef de projet","Cedric B","Schneider Electric"]
[null,null,"M. Lucas G","Automotive xx",null,"Tableau de bord \"Archives\""]
[null,null,null,null,null,"Nombre Actions soldées",0]
[null,null,null,null,null,"Nombre d'Actions soldées en retard           ",0]
[null,null,null,null,null,"Nombre d'Actions supprimées           ",0]
[null,null,null,null,null,"Nombre de Décisions archivées",0]
[null,null,null,null,null,"Nombre d'Informations archivées",0]
[null,null,null,null,null,"Taux de réalisation à l'heure des actions (soldées et en cours)",{"$f":"IF((G13+G21)<>0,1-((G14+G22)/(G13+G21)),0)","v":1}]
[]
[]
[]
[]
[]
[null,null,"Nom","Société"]
[null,"Copies à","","Schneider Electric"]
[]
[]
[]
["Réunions"]
["N°","Date","Désignation de la réunion","Ordre du jour",null,"Commentaires",null,null,null,"Lien CR"]
[1,"2016-12-07","Alignement technique et commercial Schneider Electric/SDEL",null,null,"Participants : R. M, Ch. O, L. K, C. B",null,null,null,"CR 7 Déc 2016"]
[2,"2016-12-16","Réunion de Lancement AEE","Présentation équipe projet, travaux S52, planning projet",null,"Participants : L. G, M. P, R. M, A. O, L. K, C. B",null,null,null,"CR 16 Déc 2016"]
[3,"2017-01-03","Réunion sur l'interface de contrôle du GF",null,null,"Participants : Ch. O, G. M, C. B",null,null,null,"CR 3 Jan 2017"]
[4,"2017-02-03","Réunion d'avancement",null,null,"Participants : R. M, M. K, G. M, C. B",null,null,null,"CR 3 Fév 2017"]
[5,"2017-03-01","Réunion d'avancement",null,null,"Participants : R. M, M. K, G. M, C. B",null,null,null,"CR 1 Mars 2017"]
[6,"2017-03-24","Validation AF rév C",null,null,"Participants : L. G, C. B",null,null,null,"CR 24 Mars 2017"]
[7]
[8]
[9]
[10]

{"sheet":"RIDA en cours","index":3,"n_rows":121,"n_cols":16384,"rows_kept":121,"cut":false,"hidden":false,"merged":[[1,3,1,9],[0,3,0,9],[4,5,4,12],[4,0,4,4]]}
[null,null,null,"Groupes froids",null,null,null,null,null,null,null,null,null,"Taux de réalisation à l'heure des actions en cours",null,null,null,"ì",null,"Nature","Nature"]
[null,null,null,"Relevé d'Informations - Décisions - Actions",null,null,null,null,null,null,null,null,null,1,null,null,null,"î",null,"I","Information"]
[null,"Mis à jour le","2020-02-05",null,null,null,null,null,null,null,null,null,null,"è",null,null,null,"è",null,"D","Décision"]
[null,null,null,null,null,null,null,null,null,null,null,null,null,null,null,null,null,null,null,"A","Action"]
["Informations - Décisions - Actions",null,null,null,null,"Actions",null,null,null,null,null,null,null,"Remarques"]
[null,null,{"$f":"'RIDA archive'!C6","v":0},null,null,null,"Gras = Retard"]
["Date","Origine (réunion, entretien…)","N°","Description","Nature (I/D/A)","Responsable\n de l'action","Contributeur(s) à l'action","Société","Domaine (Technique, Qualité, …)","Échéance","Echéance renégociée","Réalisé (date ou RETARD)","Statut : 0 à 100%","Commentaire(s) ou suivi"]
["2017-03-06",null,1,"Transmettre facture SDEL à I. Delzenne pour traitement","A","C. B",null,"Schneider Electric","Achats","2017-03-13",null,"2017-03-14",1,null,null,null,null,null,null,null,null,null,null,null,null,null,null,null,null,null,null,null,null,null,null,null,null,null,null,null,null,null,null,null,null,null,"2017-03-06","2017-03-06","2017-03-06","2017-03-06","2017-03-06","2017-03-06","2017-03-06","2017-03-06","2017-03-06","2017-03-06","2017-03-06","2017-03-06","2017-03-06","2017-03-06","2017-03-06","2017-03-06","2017-03-06","2017-03-06","2017-03-06","2017-03-06","2017-03-06","2017-03-06","2017-03-06","2017-03-06","2017-03-06","2017-03-06","2017-03-06","2017-03-06","2017-03-06","2017-03-06","2017-03-06","2017-03-06","2017-03-06","2017-03-06","2017-03-06","2017-03-06","2017-03-06","2017-03-06","2017-03-06","2017-03-06","2017-03-06","2017-03-06","2017-03-06","2017-03-06","2017-03-06","2017-03-06","2017-03-06","2017-03-06","2017-03-06","2017-03-06","2017-03-06","2017-03-06","2017-03-06","2017-03-06","2017-03-06","2017-03-06","2017-03-06","2017-03-06","2017-03-06","2017-03-06","2017-03-06","2017-03-06","2017-03-06","2017-03-06","2017-03-06","2017-03-06","2017-03-06","2017-03-06","2017-03-06","2017-03-06","2017-03-06","2017-03-06","2017-03-06","2017-03-06","2017-03-06","2017-03-06","2017-03-06","2017-03-06","2017-03-06","2017-03-06","2017-03-06","2017-03-06","2017-03-06","2017-03-06","2017-03-06","2017-03-06","2017-03-06","2017-03-06","2017-03-06","2017-03-06","2017-03-06","2017-03-06","2017-03-06","2017-03-06","2017-03-06","2017-03-06","2017-03-06","2017-03-06","2017-03-06","2017-03-06","2017-03-06","2017-03-06","2017-03-06","2017-03-06","2017-03-06","2017-03-06","2017-03-06","2017-03-06","2017-03-06","2017-03-06","2017-03-06","2017-03-06","2017-03-06","2017-03-06","2017-03-06","2017-03-06","2017-03-06","2017-03-06","2017-03-06","2017-03-06","2017-03-06","2017-03-06","2017-03-06","2017-03-06","2017-03-06","2017-03-06","2017-03-06","2017-03-06","2017-03-06","2017-03-06","2017-03-06","2017-03-06","2017-03-06","2017-03-06","2017-03-06","2017-03-06","2017-03-06","2017-03-06","2017-03-06","2017-03-06","2017-03-06","2017-03-06","2017-03-06","2017-03-06","2017-03-06","2017-03-06","2017-03-06","2017-03-06","2017-03-06","2017-03-06","2017-03-06","2017-03-06","2017-03-06","2017-03-06","2017-03-06","2017-03-06","2017-03-06","2017-03-06","2017-03-06","2017-03-06","2017-03-06","2017-03-06","2017-03-06","2017-03-06","2017-03-06","2017-03-06","2017-03-06","2017-03-06","2017-03-06","2017-03-06","2017-03-06","2017-03-06","2017-03-06","2017-03-06","2017-03-06","2017-03-06","2017-03-06","2017-03-06","2017-03-06","2017-03-06","2017-03-06","2017-03-06","2017-03-06","2017-03-06","2017-03-06","2017-03-06","2017-03-06","2017-03-06","2017-03-06","2017-03-06","2017-03-06","2017-03-06","2017-03-06","2017-03-06","2017-03-06","2017-03-06","2017-03-06","2017-03-06","2017-03-06","2017-03-06","2017-03-06","2017-03-06","2017-03-06","2017-03-06","2017-03-06","2017-03-06","2017-03-06","2017-03-06","2017-03-06","2017-03-06","2017-03-06","2017-03-06","2017-03-06","2017-03-06","2017-03-06","2017-03-06","2017-03-06","2017-03-06","2017-03-06","2017-03-06","2017-03-06","2017-03-06","2017-03-06","2017-03-06","2017-03-06","2017-03-06","2017-03-06","2017-03-06","2017-03-06","2017-03-06","2017-03-06","2017-03-06","2017-03-06","2017-03-06","2017-03-06","2017-03-06","2017-03-06","2017-03-06","2017-03-06","2017-03-06","2017-03-06","2017-03-06","2017-03-06","2017-03-06","2017-03-06","2017-03-06","2017-03-06","2017-03-06","2017-03-06","2017-03-06","2017-03-06","2017-03-06","2017-03-06","2017-03-06","2017-03-06","2017-03-06","2017-03-06","2017-03-06","2017-03-06","2017-03-06","2017-03-06","2017-03-06","2017-03-06","2017-03-06","2017-03-06","2017-03-06","2017-03-06","2017-03-06","2017-03-06","2017-03-06","2017-03-06","2017-03-06","2017-03-06","2017-03-06","2017-03-06","2017-03-06","2017-03-06","2017-03-06","2017-03-06","2017-03-06","2017-03-06","2017-03-06","2017-03-06","2017-03-06","2017-03-06","2017-03-06","2017-03-06","2017-03-06","2017-03-06","2017-03-06","2017-03-06","2017-03-06","2017-03-06","2017-03-06","2017-03-06","2017-03-06","2017-03-06","2017-03-06","2017-03-06","2017-03-06","2017-03-06","2017-03-06","2017-03-06","2017-03-06","2017-03-06","2017-03-06","2017-03-06","2017-03-06","2017-03-06","2017-03-06","2017-03-06","2017-03-06","2017-03-06","2017-03-06","2017-03-06","2017-03-06","2017-03-06","2017-03-06","2017-03-06","2017-03-06","2017-03-06","2017-03-06","2017-03-06","2017-03-06","2017-03-06","2017-03-06","2017-03-06","2017-03-06","2017-03-06","2017-03-06","2017-03-06","2017-03-06","2017-03-06","2017-03-06","2017-03-06","2017-03-06","2017-03-06","2017-03-06","2017-03-06","2017-03-06","2017-03-06","2017-03-06","2017-03-06","2017-03-06","2017-03-06","2017-03-06","2017-03-06","2017-03-06","2017-03-06","2017-03-06","2017-03-06","2017-03-06","2017-03-06","2017-03-06","2017-03-06","2017-03-06","2017-03-06","2017-03-06","2017-03-06","2017-03-06","2017-03-06","2017-03-06","2017-03-06","2017-03-06","2017-03-06","2017-03-06","2017-03-06","2017-03-06","2017-03-06","2017-03-06","2017-03-06","2017-03-06","2017-03-06","2017-03-06","2017-03-06","2017-03-06","2017-03-06","2017-03-06","2017-03-06","2017-03-06","2017-03-06","2017-03-06","2017-03-06","2017-03-06","2017-03-06","2017-03-06","2017-03-06","2017-03-06","2017-03-06","2017-03-06","2017-03-06","2017-03-06","2017-03-06","2017-03-06","2017-03-06","2017-03-06","2017-03-06","2017-03-06","2017-03-06","2017-03-06","2017-03-06","2017-03-06","2017-03-06","2017-03-06","2017-03-06","2017-03-06","2017-03-06","2017-03-06","2017-03-06","2017-03-06","2017-03-06","2017-03-06","2017-03-06","2017-03-06","2017-03-06","2017-03-06","2017-03-06","2017-03-06","2017-03-06","2017-03-06","2017-03-06","2017-03-06","2017-03-06","2017-03-06","2017-03-06","2017-03-06","2017-03-06","2017-03-06","2017-03-06","2017-03-06","2017-03-06","2017-03-06","2017-03-06","2017-03-06","2017-03-06","2017-03-06","2017-03-06","2017-03-06","2017-03-06","2017-03-06","2017-03-06","2017-03-06","2017-03-06","2017-03-06","2017-03-06","2017-03-06","2017-03-06","2017-03-06","2017-03-06","2017-03-06","2017-03-06","2017-03-06","2017-03-06","2017-03-06","2017-03-06","2017-03-06","2017-03-06","2017-03-06","2017-03-06","2017-03-06","2017-03-06","2017-03-06","2017-03-06","2017-03-06","2017-03-06","2017-03-06","2017-03-06","2017-03-06","2017-03-06","2017-03-06","2017-03-06","2017-03-06","2017-03-06","2017-03-06","2017-03-06","2017-03-06","2017-03-06","2017-03-06","2017-03-06","2017-03-06","2017-03-06","2017-03-06","2017-03-06","2017-03-06","2017-03-06","2017-03-06","2017-03-06","2017-03-06","2017-03-06","2017-03-06","2017-03-06","2017-03-06","2017-03-06","2017-03-06","2017-03-06","2017-03-06","2017-03-06","2017-03-06","2017-03-06","2017-03-06","2017-03-06","2017-03-06","2017-03-06","2017-03-06","2017-03-06","2017-03-06","2017-03-06","2017-03-06","2017-03-06","2017-03-06","2017-03-06","2017-03-06","2017-03-06","2017-03-06","2017-03-06","2017-03-06","2017-03-06","2017-03-06","2017-03-06","2017-03-06","2017-03-06","2017-03-06","2017-03-06","2017-03-06","2017-03-06","2017-03-06","2017-03-06","2017-03-06","2017-03-06","2017-03-06","2017-03-06","2017-03-06","2017-03-06","2017-03-06","2017-03-06","2017-03-06","2017-03-06","2017-03-06","2017-03-06","2017-03-06","2017-03-06","2017-03-06","2017-03-06","2017-03-06","2017-03-06","2017-03-06","2017-03-06","2017-03-06","2017-03-06","2017-03-06","2017-03-06","2017-03-06","2017-03-06","2017-03-06","2017-03-06","2017-03-06","2017-03-06","2017-03-06","2017-03-06","2017-03-06","2017-03-06","2017-03-06","2017-03-06","2017-03-06","2017-03-06","2017-03-06","2017-03-06","2017-03-06","2017-03-06","2017-03-06","2017-03-06","2017-03-06","2017-03-06","2017-03-06","2017-03-06","2017-03-06","2017-03-06","2017-03-06","2017-03-06","2017-03-06","2017-03-06","2017-03-06","2017-03-06","2017-03-06","2017-03-06","2017-03-06","2017-03-06","2017-03-06","2017-03-06","2017-03-06","2017-03-06","2017-03-06","2017-03-06","2017-03-06","2017-03-06","2017-03-06","2017-03-06","2017-03-06","2017-03-06","2017-03-06","2017-03-06","2017-03-06","2017-03-06","2017-03-06","2017-03-06","2017-03-06","2017-03-06","2017-03-06","2017-03-06","2017-03-06","2017-03-06","2017-03-06","2017-03-06","2017-03-06","2017-03-06","2017-03-06","2017-03-06","2017-03-06","2017-03-06","2017-03-06","2017-03-06","2017-03-06","2017-03-06","2017-03-06","2017-03-06","2017-03-06","2017-03-06","2017-03-06","2017-03-06","2017-03-06","2017-03-06","2017-03-06","2017-03-06","2017-03-06","2017-03-06","2017-03-06","2017-03-06","2017-03-06","2017-03-06","2017-03-06","2017-03-06","2017-03-06","2017-03-06","2017-03-06","2017-03-06","2017-03-06","2017-03-06","2017-03-06","2017-03-06","2017-03-06","2017-03-06","2017-03-06","2017-03-06","2017-03-06","2017-03-06","2017-03-06","2017-03-06","2017-03-06","2017-03-06","2017-03-06","2017-03-06","2017-03-06","2017-03-06","2017-03-06","2017-03-06","2017-03-06","2017-03-06","2017-03-06","2017-03-06","2017-03-06","2017-03-06","2017-03-06","2017-03-06","2017-03-06","2017-03-06","2017-03-06","2017-03-06","2017-03-06","2017-03-06","2017-03-06","2017-03-06","2017-03-06","2017-03-06","2017-03-06","2017-03-06","2017-03-06","2017-03-06","2017-03-06","2017-03-06","2017-03-06","2017-03-06","2017-03-06","2017-03-06","2017-03-06","2017-03-06","2017-03-06","2017-03-06","2017-03-06","2017-03-06","2017-03-06","2017-03-06","2017-03-06","2017-03-06","2017-03-06","2017-03-06","2017-03-06","2017-03-06","2017-03-06","2017-03-06","2017-03-06","2017-03-06","2017-03-06","2017-03-06","2017-03-06","2017-03-06","2017-03-06","2017-03-06","2017-03-06","2017-03-06","2017-03-06","2017-03-06","2017-03-06","2017-03-06","2017-03-06","2017-03-06","2017-03-06","2017-03-06","2017-03-06","2017-03-06","2017-03-06","2017-03-06","2017-03-06","2017-03-06","2017-03-06","2017-03-06","2017-03-06","2017-03-06","2017-03-06","2017-03-06","2017-03-06","2017-03-06","2017-03-06","2017-03-06","2017-03-06","2017-03-06","2017-03-06","2017-03-06","2017-03-06","2017-03-06","2017-03-06","2017-03-06","2017-03-06","2017-03-06","2017-03-06","2017-03-06","2017-03-06","2017-03-06","2017-03-06","2017-03-06","2017-03-06","2017-03-06","2017-03-06","2017-03-06","2017-03-06","2017-03-06","2017-03-06","2017-03-06","2017-03-06","2017-03-06","2017-03-06","2017-03-06","2017-03-06","2017-03-06","2017-03-06","2017-03-06","2017-03-06","2017-03-06","2017-03-06","2017-03-06","2017-03-06","2017-03-06","2017-03-06","2017-03-06","2017-03-06","2017-03-06","2017-03-06","2017-03-06","2017-03-06","2017-03-06","2017-03-06","2017-03-06","2017-03-06","2017-03-06","2017-03-06","2017-03-06","2017-03-06","2017-03-06","2017-03-06","2017-03-06","2017-03-06","2017-03-06","2017-03-06","2017-03-06","2017-03-06","2017-03-06","2017-03-06","2017-03-06","2017-03-06","2017-03-06","2017-03-06","2017-03-06","2017-03-06","2017-03-06","2017-03-06","2017-03-06","2017-03-06","2017-03-06","2017-03-06","2017-03-06","2017-03-06","2017-03-06","2017-03-06","2017-03-06","2017-03-06","2017-03-06","2017-03-06","2017-03-06","2017-03-06","2017-03-06","2017-03-06","2017-03-06","2017-03-06","2017-03-06","2017-03-06","2017-03-06","2017-03-06","2017-03-06","2017-03-06","2017-03-06","2017-03-06","2017-03-06","2017-03-06","2017-03-06","2017-03-06","2017-03-06","2017-03-06","2017-03-06","2017-03-06","2017-03-06","2017-03-06","2017-03-06","2017-03-06","2017-03-06","2017-03-06","2017-03-06","2017-03-06","2017-03-06","2017-03-06","2017-03-06","2017-03-06","2017-03-06","2017-03-06","2017-03-06","2017-03-06","2017-03-06","2017-03-06","2017-03-06","2017-03-06","2017-03-06","2017-03-06","2017-03-06","2017-03-06","2017-03-06","2017-03-06","2017-03-06","2017-03-06","2017-03-06","2017-03-06","2017-03-06","2017-03-06","2017-03-06","2017-03-06","2017-03-06","2017-03-06","2017-03-06","2017-03-06","2017-03-06","2017-03-06","2017-03-06","2017-03-06","2017-03-06","2017-03-06","2017-03-06","2017-03-06","2017-03-06","2017-03-06","2017-03-06","2017-03-06","2017-03-06","2017-03-06","2017-03-06","2017-03-06","2017-03-06","2017-03-06","2017-03-06","2017-03-06","2017-03-06","2017-03-06","2017-03-06","2017-03-06","2017-03-06","2017-03-06","2017-03-06","2017-03-06","2017-03-06","2017-03-06","2017-03-06","2017-03-06","2017-03-06","2017-03-06","2017-03-06","2017-03-06","2017-03-06","2017-03-06","2017-03-06","2017-03-06","2017-03-06","2017-03-06","2017-03-06","2017-03-06","2017-03-06","2017-03-06","2017-03-06","2017-03-06","2017-03-06","2017-03-06","2017-03-06","2017-03-06","2017-03-06","2017-03-06","2017-03-06","2017-03-06","2017-03-06","2017-03-06","2017-03-06","2017-03-06","2017-03-06","2017-03-06","2017-03-06","2017-03-06","2017-03-06","2017-03-06","2017-03-06","2017-03-06","2017-03-06","2017-03-06","2017-03-06","2017-03-06","2017-03-06","2017-03-06","2017-03-06","2017-03-06","2017-03-06","2017-03-06","2017-03-06","2017-03-06","2017-03-06","2017-03-06","2017-03-06","2017-03-06","2017-03-06","2017-03-06","2017-03-06","2017-03-06","2017-03-06","2017-03-06","2017-03-06","2017-03-06","2017-03-06","2017-03-06","2017-03-06","2017-03-06","2017-03-06","2017-03-06","2017-03-06","2017-03-06","2017-03-06","2017-03-06","2017-03-06","2017-03-06","2017-03-06","2017-03-06","2017-03-06","2017-03-06","2017-03-06","2017-03-06","2017-03-06","2017-03-06","2017-03-06","2017-03-06","2017-03-06","2017-03-06","2017-03-06","2017-03-06","2017-03-06","2017-03-06","2017-03-06","2017-03-06","2017-03-06","2017-03-06","2017-03-06","2017-03-06","2017-03-06","2017-03-06","2017-03-06","2017-03-06","2017-03-06","2017-03-06","2017-03-06","2017-03-06","2017-03-06","2017-03-06","2017-03-06","2017-03-06","2017-03-06","2017-03-06","2017-03-06","2017-03-06","2017-03-06","2017-03-06","2017-03-06","2017-03-06","2017-03-06","2017-03-06","2017-03-06","2017-03-06","2017-03-06","2017-03-06","2017-03-06","2017-03-06","2017-03-06","2017-03-06","2017-03-06","2017-03-06","2017-03-06","2017-03-06","2017-03-06","2017-03-06","2017-03-06","2017-03-06","2017-03-06","2017-03-06","2017-03-06","2017-03-06","2017-03-06","2017-03-06","2017-03-06","2017-03-06","2017-03-06","2017-03-06","2017-03-06","2017-03-06","2017-03-06","2017-03-06","2017-03-06","2017-03-06","2017-03-06","2017-03-06","2017-03-06","2017-03-06","2017-03-06","2017-03-06","2017-03-06","2017-03-06","2017-03-06","2017-03-06","2017-03-06","2017-03-06","2017-03-06","2017-03-06","2017-03-06","2017-03-06","2017-03-06","2017-03-06","2017-03-06","2017-03-06","2017-03-06","2017-03-06","2017-03-06","2017-03-06","2017-03-06","2017-03-06","2017-03-06","2017-03-06","2017-03-06","2017-03-06","2017-03-06","2017-03-06","2017-03-06","2017-03-06","2017-03-06","2017-03-06","2017-03-06","2017-03-06","2017-03-06","2017-03-06","2017-03-06","2017-03-06","2017-03-06","2017-03-06","2017-03-06","2017-03-06","2017-03-06","2017-03-06","2017-03-06","2017-03-06","2017-03-06","2017-03-06","2017-03-06","2017-03-06","2017-03-06","2017-03-06","2017-03-06","2017-03-06","2017-03-06","2017-03-06","2017-03-06","2017-03-06","2017-03-06","2017-03-06","2017-03-06","2017-03-06","2017-03-06","2017-03-06","2017-03-06","2017-03-06","2017-03-06","2017-03-06","2017-03-06","2017-03-06","2017-03-06","2017-03-06","2017-03-06","2017-03-06","2017-03-06","2017-03-06","2017-03-06","2017-03-06","2017-03-06","2017-03-06","2017-03-06","2017-03-06","2017-03-06","2017-03-06","2017-03-06","2017-03-06","2017-03-06","2017-03-06","2017-03-06","2017-03-06","2017-03-06","2017-03-06","2017-03-06","2017-03-06","2017-03-06","2017-03-06","2017-03-06","2017-03-06","2017-03-06","2017-03-06","2017-03-06","2017-03-06","2017-03-06","2017-03-06","2017-03-06","2017-03-06","2017-03-06","2017-03-06","2017-03-06","2017-03-06","2017-03-06","2017-03-06","2017-03-06","2017-03-06","2017-03-06","2017-03-06","2017-03-06","2017-03-06","2017-03-06","2017-03-06","2017-03-06","2017-03-06","2017-03-06","2017-03-06","2017-03-06","2017-03-06","2017-03-06","2017-03-06","2017-03-06","2017-03-06","2017-03-06","2017-03-06","2017-03-06","2017-03-06","2017-03-06","2017-03-06","2017-03-06","2017-03-06","2017-03-06","2017-03-06","2017-03-06","2017-03-06","2017-03-06","2017-03-06","2017-03-06","2017-03-06","2017-03-06","2017-03-06","2017-03-06","2017-03-06","2017-03-06","2017-03-06","2017-03-06","2017-03-06","2017-03-06","2017-03-06","2017-03-06","2017-03-06","2017-03-06","2017-03-06","2017-03-06","2017-03-06","2017-03-06","2017-03-06","2017-03-06","2017-03-06","2017-03-06","2017-03-06","2017-03-06","2017-03-06","2017-03-06","2017-03-06","2017-03-06","2017-03-06","2017-03-06","2017-03-06","2017-03-06","2017-03-06","2017-03-06","2017-03-06","2017-03-06","2017-03-06","2017-03-06","2017-03-06","2017-03-06","2017-03-06","2017-03-06","2017-03-06","2017-03-06","2017-03-06","2017-03-06","2017-03-06","2017-03-06","2017-03-06","2017-03-06","2017-03-06","2017-03-06","2017-03-06","2017-03-06","2017-03-06","2017-03-06","2017-03-06","2017-03-06","2017-03-06","2017-03-06","2017-03-06","2017-03-06","2017-03-06","2017-03-06","2017-03-06","2017-03-06","2017-03-06","2017-03-06","2017-03-06","2017-03-06","2017-03-06","2017-03-06","2017-03-06","2017-03-06","2017-03-06","2017-03-06","2017-03-06","2017-03-06","2017-03-06","2017-03-06","2017-03-06","2017-03-06","2017-03-06","2017-03-06","2017-03-06","2017-03-06","2017-03-06","2017-03-06","2017-03-06","2017-03-06","2017-03-06","2017-03-06","2017-03-06","2017-03-06","2017-03-06","2017-03-06","2017-03-06","2017-03-06","2017-03-06","2017-03-06","2017-03-06","2017-03-06","2017-03-06","2017-03-06","2017-03-06","2017-03-06","2017-03-06","2017-03-06","2017-03-06","2017-03-06","2017-03-06","2017-03-06","2017-03-06","2017-03-06","2017-03-06","2017-03-06","2017-03-06","2017-03-06","2017-03-06","2017-03-06","2017-03-06","2017-03-06","2017-03-06","2017-03-06","2017-03-06","2017-03-06","2017-03-06","2017-03-06","2017-03-06","2017-03-06","2017-03-06","2017-03-06","2017-03-06","2017-03-06","2017-03-06","2017-03-06","2017-03-06","2017-03-06","2017-03-06","2017-03-06","2017-03-06","2017-03-06","2017-03-06","2017-03-06","2017-03-06","2017-03-06","2017-03-06","2017-03-06","2017-03-06","2017-03-06","2017-03-06","2017-03-06","2017-03-06","2017-03-06","2017-03-06","2017-03-06","2017-03-06","2017-03-06","2017-03-06","2017-03-06","2017-03-06","2017-03-06","2017-03-06","2017-03-06","2017-03-06","2017-03-06","2017-03-06","2017-03-06","2017-03-06","2017-03-06","2017-03-06","2017-03-06","2017-03-06","2017-03-06","2017-03-06","2017-03-06","2017-03-06","2017-03-06","2017-03-06","2017-03-06","2017-03-06","2017-03-06","2017-03-06","2017-03-06","2017-03-06","2017-03-06","2017-03-06","2017-03-06","2017-03-06","2017-03-06","2017-03-06","2017-03-06","2017-03-06","2017-03-06","2017-03-06","2017-03-06","2017-03-06","2017-03-06","2017-03-06","2017-03-06","2017-03-06","2017-03-06","2017-03-06","2017-03-06","2017-03-06","2017-03-06","2017-03-06","2017-03-06","2017-03-06","2017-03-06","2017-03-06","2017-03-06","2017-03-06","2017-03-06","2017-03-06","2017-03-06","2017-03-06","2017-03-06","2017-03-06","2017-03-06","2017-03-06","2017-03-06","2017-03-06","2017-03-06","2017-03-06","2017-03-06","2017-03-06","2017-03-06","2017-03-06","2017-03-06","2017-03-06","2017-03-06","2017-03-06","2017-03-06","2017-03-06","2017-03-06","2017-03-06","2017-03-06","2017-03-06","2017-03-06","2017-03-06","2017-03-06","2017-03-06","2017-03-06","2017-03-06","2017-03-06","2017-03-06","2017-03-06","2017-03-06","2017-03-06","2017-03-06","2017-03-06","2017-03-06","2017-03-06","2017-03-06","2017-03-06","2017-03-06","2017-03-06","2017-03-06","2017-03-06","2017-03-06","2017-03-06","2017-03-06","2017-03-06","2017-03-06","2017-03-06","2017-03-06","2017-03-06","2017-03-06","2017-03-06","2017-03-06","2017-03-06","2017-03-06","2017-03-06","2017-03-06","2017-03-06","2017-03-06","2017-03-06","2017-03-06","2017-03-06","2017-03-06","2017-03-06","2017-03-06","2017-03-06","2017-03-06","2017-03-06","2017-03-06","2017-03-06","2017-03-06","2017-03-06","2017-03-06","2017-03-06","2017-03-06","2017-03-06","2017-03-06","2017-03-06","2017-03-06","2017-03-06","2017-03-06","2017-03-06","2017-03-06","2017-03-06","2017-03-06","2017-03-06","2017-03-06","2017-03-06","2017-03-06","2017-03-06","2017-03-06","2017-03-06","2017-03-06","2017-03-06","2017-03-06","2017-03-06","2017-03-06","2017-03-06","2017-03-06","2017-03-06","2017-03-06","2017-03-06","2017-03-06","2017-03-06","2017-03-06","2017-03-06","2017-03-06","2017-03-06","2017-03-06","2017-03-06","2017-03-06","2017-03-06","2017-03-06","2017-03-06","2017-03-06","2017-03-06","2017-03-06","2017-03-06","2017-03-06","2017-03-06","2017-03-06","2017-03-06","2017-03-06","2017-03-06","2017-03-06","2017-03-06","2017-03-06","2017-03-06","2017-03-06","2017-03-06","2017-03-06","2017-03-06","2017-03-06","2017-03-06","2017-03-06","2017-03-06","2017-03-06","2017-03-06","2017-03-06","2017-03-06","2017-03-06","2017-03-06","2017-03-06","2017-03-06","2017-03-06","2017-03-06","2017-03-06","2017-03-06","2017-03-06","2017-03-06","2017-03-06","2017-03-06","2017-03-06","2017-03-06","2017-03-06","2017-03-06","2017-03-06","2017-03-06","2017-03-06","2017-03-06","2017-03-06","2017-03-06","2017-03-06","2017-03-06","2017-03-06","2017-03-06","2017-03-06","2017-03-06","2017-03-06","2017-03-06","2017-03-06","2017-03-06","2017-03-06","2017-03-06","2017-03-06","2017-03-06","2017-03-06","2017-03-06","2017-03-06","2017-03-06","2017-03-06","2017-03-06","2017-03-06","2017-03-06","2017-03-06","2017-03-06","2017-03-06","2017-03-06","2017-03-06","2017-03-06","2017-03-06","2017-03-06","2017-03-06","2017-03-06","2017-03-06","2017-03-06","2017-03-06","2017-03-06","2017-03-06","2017-03-06","2017-03-06","2017-03-06","2017-03-06","2017-03-06","2017-03-06","2017-03-06","2017-03-06","2017-03-06","2017-03-06","2017-03-06","2017-03-06","2017-03-06","2017-03-06","2017-03-06","2017-03-06","2017-03-06","2017-03-06","2017-03-06","2017-03-06","2017-03-06","2017-03-06","2017-03-06","2017-03-06","2017-03-06","2017-03-06","2017-03-06","2017-03-06","2017-03-06","2017-03-06","2017-03-06","2017-03-06","2017-03-06","2017-03-06","2017-03-06","2017-03-06","2017-03-06","2017-03-06","2017-03-06","2017-03-06","2017-03-06","2017-03-06","2017-03-06","2017-03-06","2017-03-06","2017-03-06","2017-03-06","2017-03-06","2017-03-06","2017-03-06","2017-03-06","2017-03-06","2017-03-06","2017-03-06","2017-03-06","2017-03-06","2017-03-06","2017-03-06","2017-03-06","2017-03-06","2017-03-06","2017-03-06","2017-03-06","2017-03-06","2017-03-06","2017-03-06","2017-03-06","2017-03-06","2017-03-06","2017-03-06","2017-03-06","2017-03-06","2017-03-06","2017-03-06","2017-03-06","2017-03-06","2017-03-06","2017-03-06","2017-03-06","2017-03-06","2017-03-06","2017-03-06","2017-03-06","2017-03-06","2017-03-06","2017-03-06","2017-03-06","2017-03-06","2017-03-06","2017-03-06","2017-03-06","2017-03-06","2017-03-06","2017-03-06","2017-03-06","2017-03-06","2017-03-06","2017-03-06","2017-03-06","2017-03-06","2017-03-06","2017-03-06","2017-03-06","2017-03-06","2017-03-06","2017-03-06","2017-03-06","2017-03-06","2017-03-06","2017-03-06","2017-03-06","2017-03-06","2017-03-06","2017-03-06","2017-03-06","2017-03-06","2017-03-06","2017-03-06","2017-03-06","2017-03-06","2017-03-06","2017-03-06","2017-03-06","2017-03-06","2017-03-06","2017-03-06","2017-03-06","2017-03-06","2017-03-06","2017-03-06","2017-03-06","2017-03-06","2017-03-06","2017-03-06","2017-03-06","2017-03-06","2017-03-06","2017-03-06","2017-03-06","2017-03-06","2017-03-06","2017-03-06","2017-03-06","2017-03-06","2017-03-06","2017-03-06","2017-03-06","2017-03-06","2017-03-06","2017-03-06","2017-03-06","2017-03-06","2017-03-06","2017-03-06","2017-03-06","2017-03-06","2017-03-06","2017-03-06","2017-03-06","2017-03-06","2017-03-06","2017-03-06","2017-03-06","2017-03-06","2017-03-06","2017-03-06","2017-03-06","2017-03-06","2017-03-06","2017-03-06","2017-03-06","2017-03-06","2017-03-06","2017-03-06","2017-03-06","2017-03-06","2017-03-06","2017-03-06","2017-03-06","2017-03-06","2017-03-06","2017-03-06","2017-03-06","2017-03-06","2017-03-06","2017-03-06","2017-03-06","2017-03-06","2017-03-06","2017-03-06","2017-03-06","2017-03-06","2017-03-06","2017-03-06","2017-03-06","2017-03-06","2017-03-06","2017-03-06","2017-03-06","2017-03-06","2017-03-06","2017-03-06","2017-03-06","2017-03-06","2017-03-06","2017-03-06","2017-03-06","2017-03-06","2017-03-06","2017-03-06","2017-03-06","2017-03-06","2017-03-06","2017-03-06","2017-03-06","2017-03-06","2017-03-06","2017-03-06","2017-03-06","2017-03-06","2017-03-06","2017-03-06","2017-03-06","2017-03-06","2017-03-06","2017-03-06","2017-03-06","2017-03-06","2017-03-06","2017-03-06","2017-03-06","2017-03-06","2017-03-06","2017-03-06","2017-03-06","2017-03-06","2017-03-06","2017-03-06","2017-03-06","2017-03-06","2017-03-06","2017-03-06","2017-03-06","2017-03-06","2017-03-06","2017-03-06","2017-03-06","2017-03-06","2017-03-06","2017-03-06","2017-03-06","2017-03-06","2017-03-06","2017-03-06","2017-03-06","2017-03-06","2017-03-06","2017-03-06","2017-03-06","2017-03-06","2017-03-06","2017-03-06","2017-03-06","2017-03-06","2017-03-06","2017-03-06","2017-03-06","2017-03-06","2017-03-06","2017-03-06","2017-03-06","2017-03-06","2017-03-06","2017-03-06","2017-03-06","2017-03-06","2017-03-06","2017-03-06","2017-03-06","2017-03-06","2017-03-06","2017-03-06","2017-03-06","2017-03-06","2017-03-06","2017-03-06","2017-03-06","2017-03-06","2017-03-06","2017-03-06","2017-03-06","2017-03-06","2017-03-06","2017-03-06","2017-03-06","2017-03-06","2017-03-06","2017-03-06","2017-03-06","2017-03-06","2017-03-06","2017-03-06","2017-03-06","2017-03-06","2017-03-06","2017-03-06","2017-03-06","2017-03-06","2017-03-06","2017-03-06","2017-03-06","2017-03-06","2017-03-06","2017-03-06","2017-03-06","2017-03-06","2017-03-06","2017-03-06","2017-03-06","2017-03-06","2017-03-06","2017-03-06","2017-03-06","2017-03-06","2017-03-06","2017-03-06","2017-03-06","2017-03-06","2017-03-06","2017-03-06","2017-03-06","2017-03-06","2017-03-06","2017-03-06","2017-03-06","2017-03-06","2017-03-06","2017-03-06","2017-03-06","2017-03-06","2017-03-06","2017-03-06","2017-03-06","2017-03-06","2017-03-06","2017-03-06","2017-03-06","2017-03-06","2017-03-06","2017-03-06","2017-03-06","2017-03-06","2017-03-06","2017-03-06","2017-03-06","2017-03-06","2017-03-06","2017-03-06","2017-03-06","2017-03-06","2017-03-06","2017-03-06","2017-03-06","2017-03-06","2017-03-06","2017-03-06","2017-03-06","2017-03-06","2017-03-06","2017-03-06","2017-03-06","2017-03-06","2017-03-06","2017-03-06","2017-03-06","2017-03-06","2017-03-06","2017-03-06","2017-03-06","2017-03-06","2017-03-06","2017-03-06","2017-03-06","2017-03-06","2017-03-06","2017-03-06","2017-03-06","2017-03-06","2017-03-06","2017-03-06","2017-03-06","2017-03-06","2017-03-06","2017-03-06","2017-03-06","2017-03-06","2017-03-06","2017-03-06","2017-03-06","2017-03-06","2017-03-06","2017-03-06","2017-03-06","2017-03-06","2017-03-06","2017-03-06","2017-03-06","2017-03-06","2017-03-06","2017-03-06","2017-03-06","2017-03-06","2017-03-06","2017-03-06","2017-03-06","2017-03-06","2017-03-06","2017-03-06","2017-03-06","2017-03-06","2017-03-06","2017-03-06","2017-03-06","2017-03-06","2017-03-06","2017-03-06","2017-03-06","2017-03-06","2017-03-06","2017-03-06","2017-03-06","2017-03-06","2017-03-06","2017-03-06","2017-03-06","2017-03-06","2017-03-06","2017-03-06","2017-03-06","2017-03-06","2017-03-06","2017-03-06","2017-03-06","2017-03-06","2017-03-06","2017-03-06","2017-03-06","2017-03-06","2017-03-06","2017-03-06","2017-03-06","2017-03-06","2017-03-06","2017-03-06","2017-03-06","2017-03-06","2017-03-06","2017-03-06","2017-03-06","2017-03-06","2017-03-06","2017-03-06","2017-03-06","2017-03-06","2017-03-06","2017-03-06","2017-03-06","2017-03-06","2017-03-06","2017-03-06","2017-03-06","2017-03-06","2017-03-06","2017-03-06","2017-03-06","2017-03-06","2017-03-06","2017-03-06","2017-03-06","2017-03-06","2017-03-06","2017-03-06","2017-03-06","2017-03-06","2017-03-06","2017-03-06","2017-03-06","2017-03-06","2017-03-06","2017-03-06","2017-03-06","2017-03-06","2017-03-06","2017-03-06","2017-03-06","2017-03-06","2017-03-06","2017-03-06","2017-03-06","2017-03-06","2017-03-06","2017-03-06","2017-03-06","2017-03-06","2017-03-06","2017-03-06","2017-03-06","2017-03-06","2017-03-06","2017-03-06","2017-03-06","2017-03-06","2017-03-06","2017-03-06","2017-03-06","2017-03-06","2017-03-06","2017-03-06","2017-03-06","2017-03-06","2017-03-06","2017-03-06","2017-03-06","2017-03-06","2017-03-06","2017-03-06","2017-03-06","2017-03-06","2017-03-06","2017-03-06","2017-03-06","2017-03-06","2017-03-06","2017-03-06","2017-03-06","2017-03-06","2017-03-06","2017-03-06","2017-03-06","2017-03-06","2017-03-06","2017-03-06","2017-03-06","2017-03-06","2017-03-06","2017-03-06","2017-03-06","2017-03-06","2017-03-06","2017-03-06","2017-03-06","2017-03-06","2017-03-06","2017-03-06","2017-03-06","2017-03-06","2017-03-06","2017-03-06","2017-03-06","2017-03-06","2017-03-06","2017-03-06","2017-03-06","2017-03-06","2017-03-06","2017-03-06","2017-03-06","2017-03-06","2017-03-06","2017-03-06","2017-03-06","2017-03-06","2017-03-06","2017-03-06","2017-03-06","2017-03-06","2017-03-06","2017-03-06","2017-03-06","2017-03-06","2017-03-06","2017-03-06","2017-03-06","2017-03-06","2017-03-06","2017-03-06","2017-03-06","2017-03-06","2017-03-06","2017-03-06","2017-03-06","2017-03-06","2017-03-06","2017-03-06","2017-03-06","2017-03-06","2017-03-06","2017-03-06","2017-03-06","2017-03-06","2017-03-06","2017-03-06","2017-03-06","2017-03-06","2017-03-06","2017-03-06","2017-03-06","2017-03-06","2017-03-06","2017-03-06","2017-03-06","2017-03-06","2017-03-06","2017-03-06","2017-03-06","2017-03-06","2017-03-06","2017-03-06","2017-03-06","2017-03-06","2017-03-06","2017-03-06","2017-03-06","2017-03-06","2017-03-06","2017-03-06","2017-03-06","2017-03-06","2017-03-06","2017-03-06","2017-03-06","2017-03-06","2017-03-06","2017-03-06","2017-03-06","2017-03-06","2017-03-06","2017-03-06","2017-03-06","2017-03-06","2017-03-06","2017-03-06","2017-03-06","2017-03-06","2017-03-06","2017-03-06","2017-03-06","2017-03-06","2017-03-06","2017-03-06","2017-03-06","2017-03-06","2017-03-06","2017-03-06","2017-03-06","2017-03-06","2017-03-06","2017-03-06","2017-03-06","2017-03-06","2017-03-06","2017-03-06","2017-03-06","2017-03-06","2017-03-06","2017-03-06","2017-03-06","2017-03-06","2017-03-06","2017-03-06","2017-03-06","2017-03-06","2017-03-06","2017-03-06","2017-03-06","2017-03-06","2017-03-06","2017-03-06","2017-03-06","2017-03-06","2017-03-06","2017-03-06","2017-03-06","2017-03-06","2017-03-06","2017-03-06","2017-03-06","2017-03-06","2017-03-06","2017-03-06","2017-03-06","2017-03-06","2017-03-06","2017-03-06","2017-03-06","2017-03-06","2017-03-06","2017-03-06","2017-03-06","2017-03-06","2017-03-06","2017-03-06","2017-03-06","2017-03-06","2017-03-06","2017-03-06","2017-03-06","2017-03-06","2017-03-06","2017-03-06","2017-03-06","2017-03-06","2017-03-06","2017-03-06","2017-03-06","2017-03-06","2017-03-06","2017-03-06","2017-03-06","2017-03-06","2017-03-06","2017-03-06","2017-03-06","2017-03-06","2017-03-06","2017-03-06","2017-03-06","2017-03-06","2017-03-06","2017-03-06","2017-03-06","2017-03-06","2017-03-06","2017-03-06","2017-03-06","2017-03-06","2017-03-06","2017-03-06","2017-03-06","2017-03-06","2017-03-06","2017-03-06","2017-03-06","2017-03-06","2017-03-06","2017-03-06","2017-03-06","2017-03-06","2017-03-06","2017-03-06","2017-03-06","2017-03-06","2017-03-06","2017-03-06","2017-03-06","2017-03-06","2017-03-06","2017-03-06","2017-03-06","2017-03-06","2017-03-06","2017-03-06","2017-03-06","2017-03-06","2017-03-06","2017-03-06","2017-03-06","2017-03-06","2017-03-06","2017-03-06","2017-03-06","2017-03-06","2017-03-06","2017-03-06","2017-03-06","2017-03-06","2017-03-06","2017-03-06","2017-03-06","2017-03-06","2017-03-06","2017-03-06","2017-03-06","2017-03-06","2017-03-06","2017-03-06","2017-03-06","2017-03-06","2017-03-06","2017-03-06","2017-03-06","2017-03-06","2017-03-06","2017-03-06","2017-03-06","2017-03-06","2017-03-06","2017-03-06","2017-03-06","2017-03-06","2017-03-06","2017-03-06","2017-03-06","2017-03-06","2017-03-06","2017-03-06","2017-03-06","2017-03-06","2017-03-06","2017-03-06","2017-03-06","2017-03-06","2017-03-06","2017-03-06","2017-03-06","2017-03-06","2017-03-06","2017-03-06","2017-03-06","2017-03-06","2017-03-06","2017-03-06","2017-03-06","2017-03-06","2017-03-06","2017-03-06","2017-03-06","2017-03-06","2017-03-06","2017-03-06","2017-03-06","2017-03-06","2017-03-06","2017-03-06","2017-03-06","2017-03-06","2017-03-06","2017-03-06","2017-03-06","2017-03-06","2017-03-06","2017-03-06","2017-03-06","2017-03-06","2017-03-06","2017-03-06","2017-03-06","2017-03-06","2017-03-06","2017-03-06","2017-03-06","2017-03-06","2017-03-06","2017-03-06","2017-03-06","2017-03-06","2017-03-06","2017-03-06","2017-03-06","2017-03-06","2017-03-06","2017-03-06","2017-03-06","2017-03-06","2017-03-06","2017-03-06","2017-03-06","2017-03-06","2017-03-06","2017-03-06","2017-03-06","2017-03-06","2017-03-06","2017-03-06","2017-03-06","2017-03-06","2017-03-06","2017-03-06","2017-03-06","2017-03-06","2017-03-06","2017-03-06","2017-03-06","2017-03-06","2017-03-06","2017-03-06","2017-03-06","2017-03-06","2017-03-06","2017-03-06","2017-03-06","2017-03-06","2017-03-06","2017-03-06","2017-03-06","2017-03-06","2017-03-06","2017-03-06","2017-03-06","2017-03-06","2017-03-06","2017-03-06","2017-03-06","2017-03-06","2017-03-06","2017-03-06","2017-03-06","2017-03-06","2017-03-06","2017-03-06","2017-03-06","2017-03-06","2017-03-06","2017-03-06","2017-03-06","2017-03-06","2017-03-06","2017-03-06","2017-03-06","2017-03-06","2017-03-06","2017-03-06","2017-03-06","2017-03-06","2017-03-06","2017-03-06","2017-03-06","2017-03-06","2017-03-06","2017-03-06","2017-03-06","2017-03-06","2017-03-06","2017-03-06","2017-03-06","2017-03-06","2017-03-06","2017-03-06","2017-03-06","2017-03-06","2017-03-06","2017-03-06","2017-03-06","2017-03-06","2017-03-06","2017-03-06","2017-03-06","2017-03-06","2017-03-06","2017-03-06","2017-03-06","2017-03-06","2017-03-06","2017-03-06","2017-03-06","2017-03-06","2017-03-06","2017-03-06","2017-03-06","2017-03-06","2017-03-06","2017-03-06","2017-03-06","2017-03-06","2017-03-06","2017-03-06","2017-03-06","2017-03-06","2017-03-06","2017-03-06","2017-03-06","2017-03-06","2017-03-06","2017-03-06","2017-03-06","2017-03-06","2017-03-06","2017-03-06","2017-03-06","2017-03-06","2017-03-06","2017-03-06","2017-03-06","2017-03-06","2017-03-06","2017-03-06","2017-03-06","2017-03-06","2017-03-06","2017-03-06","2017-03-06","2017-03-06","2017-03-06","2017-03-06","2017-03-06","2017-03-06","2017-03-06","2017-03-06","2017-03-06","2017-03-06","2017-03-06","2017-03-06","2017-03-06","2017-03-06","2017-03-06","2017-03-06","2017-03-06","2017-03-06","2017-03-06","2017-03-06","2017-03-06","2017-03-06","2017-03-06","2017-03-06","2017-03-06","2017-03-06","2017-03-06","2017-03-06","2017-03-06","2017-03-06","2017-03-06","2017-03-06","2017-03-06","2017-03-06","2017-03-06","2017-03-06","2017-03-06","2017-03-06","2017-03-06","2017-03-06","2017-03-06","2017-03-06","2017-03-06","2017-03-06","2017-03-06","2017-03-06","2017-03-06","2017-03-06","2017-03-06","2017-03-06","2017-03-06","2017-03-06","2017-03-06","2017-03-06","2017-03-06","2017-03-06","2017-03-06","2017-03-06","2017-03-06","2017-03-06","2017-03-06","2017-03-06","2017-03-06","2017-03-06","2017-03-06","2017-03-06","2017-03-06","2017-03-06","2017-03-06","2017-03-06","2017-03-06","2017-03-06","2017-03-06","2017-03-06","2017-03-06","2017-03-06","2017-03-06","2017-03-06","2017-03-06","2017-03-06","2017-03-06","2017-03-06","2017-03-06","2017-03-06","2017-03-06","2017-03-06","2017-03-06","2017-03-06","2017-03-06","2017-03-06","2017-03-06","2017-03-06","2017-03-06","2017-03-06","2017-03-06","2017-03-06","2017-03-06","2017-03-06","2017-03-06","2017-03-06","2017-03-06","2017-03-06","2017-03-06","2017-03-06","2017-03-06","2017-03-06","2017-03-06","2017-03-06","2017-03-06","2017-03-06","2017-03-06","2017-03-06","2017-03-06","2017-03-06","2017-03-06","2017-03-06","2017-03-06","2017-03-06","2017-03-06","2017-03-06","2017-03-06","2017-03-06","2017-03-06","2017-03-06","2017-03-06","2017-03-06","2017-03-06","2017-03-06","2017-03-06","2017-03-06","2017-03-06","2017-03-06","2017-03-06","2017-03-06","2017-03-06","2017-03-06","2017-03-06","2017-03-06","2017-03-06","2017-03-06","2017-03-06","2017-03-06","2017-03-06","2017-03-06","2017-03-06","2017-03-06","2017-03-06","2017-03-06","2017-03-06","2017-03-06","2017-03-06","2017-03-06","2017-03-06","2017-03-06","2017-03-06","2017-03-06","2017-03-06","2017-03-06","2017-03-06","2017-03-06","2017-03-06","2017-03-06","2017-03-06","2017-03-06","2017-03-06","2017-03-06","2017-03-06","2017-03-06","2017-03-06","2017-03-06","2017-03-06","2017-03-06","2017-03-06","2017-03-06","2017-03-06","2017-03-06","2017-03-06","2017-03-06","2017-03-06","2017-03-06","2017-03-06","2017-03-06","2017-03-06","2017-03-06","2017-03-06","2017-03-06","2017-03-06","2017-03-06","2017-03-06","2017-03-06","2017-03-06","2017-03-06","2017-03-06","2017-03-06","2017-03-06","2017-03-06","2017-03-06","2017-03-06","2017-03-06","2017-03-06","2017-03-06","2017-03-06","2017-03-06","2017-03-06","2017-03-06","2017-03-06","2017-03-06","2017-03-06","2017-03-06","2017-03-06","2017-03-06","2017-03-06","2017-03-06","2017-03-06","2017-03-06","2017-03-06","2017-03-06","2017-03-06","2017-03-06","2017-03-06","2017-03-06","2017-03-06","2017-03-06","2017-03-06","2017-03-06","2017-03-06","2017-03-06","2017-03-06","2017-03-06","2017-03-06","2017-03-06","2017-03-06","2017-03-06","2017-03-06","2017-03-06","2017-03-06","2017-03-06","2017-03-06","2017-03-06","2017-03-06","2017-03-06","2017-03-06","2017-03-06","2017-03-06","2017-03-06","2017-03-06","2017-03-06","2017-03-06","2017-03-06","2017-03-06","2017-03-06","2017-03-06","2017-03-06","2017-03-06","2017-03-06","2017-03-06","2017-03-06","2017-03-06","2017-03-06","2017-03-06","2017-03-06","2017-03-06","2017-03-06","2017-03-06","2017-03-06","2017-03-06","2017-03-06","2017-03-06","2017-03-06","2017-03-06","2017-03-06","2017-03-06","2017-03-06","2017-03-06","2017-03-06","2017-03-06","2017-03-06","2017-03-06","2017-03-06","2017-03-06","2017-03-06","2017-03-06","2017-03-06","2017-03-06","2017-03-06","2017-03-06","2017-03-06","2017-03-06","2017-03-06","2017-03-06","2017-03-06","2017-03-06","2017-03-06","2017-03-06","2017-03-06","2017-03-06","2017-03-06","2017-03-06","2017-03-06","2017-03-06","2017-03-06","2017-03-06","2017-03-06","2017-03-06","2017-03-06","2017-03-06","2017-03-06","2017-03-06","2017-03-06","2017-03-06","2017-03-06","2017-03-06","2017-03-06","2017-03-06","2017-03-06","2017-03-06","2017-03-06","2017-03-06","2017-03-06","2017-03-06","2017-03-06","2017-03-06","2017-03-06","2017-03-06","2017-03-06","2017-03-06","2017-03-06","2017-03-06","2017-03-06","2017-03-06","2017-03-06","2017-03-06","2017-03-06","2017-03-06","2017-03-06","2017-03-06","2017-03-06","2017-03-06","2017-03-06","2017-03-06","2017-03-06","2017-03-06","2017-03-06","2017-03-06","2017-03-06","2017-03-06","2017-03-06","2017-03-06","2017-03-06","2017-03-06","2017-03-06","2017-03-06","2017-03-06","2017-03-06","2017-03-06","2017-03-06","2017-03-06","2017-03-06","2017-03-06","2017-03-06","2017-03-06","2017-03-06","2017-03-06","2017-03-06","2017-03-06","2017-03-06","2017-03-06","2017-03-06","2017-03-06","2017-03-06","2017-03-06","2017-03-06","2017-03-06","2017-03-06","2017-03-06","2017-03-06","2017-03-06","2017-03-06","2017-03-06","2017-03-06","2017-03-06","2017-03-06","2017-03-06","2017-03-06","2017-03-06","2017-03-06","2017-03-06","2017-03-06","2017-03-06","2017-03-06","2017-03-06","2017-03-06","2017-03-06","2017-03-06","2017-03-06","2017-03-06","2017-03-06","2017-03-06","2017-03-06","2017-03-06","2017-03-06","2017-03-06","2017-03-06","2017-03-06","2017-03-06","2017-03-06","2017-03-06","2017-03-06","2017-03-06","2017-03-06","2017-03-06","2017-03-06","2017-03-06","2017-03-06","2017-03-06","2017-03-06","2017-03-06","2017-03-06","2017-03-06","2017-03-06","2017-03-06","2017-03-06","2017-03-06","2017-03-06","2017-03-06","2017-03-06","2017-03-06","2017-03-06","2017-03-06","2017-03-06","2017-03-06","2017-03-06","2017-03-06","2017-03-06","2017-03-06","2017-03-06","2017-03-06","2017-03-06","2017-03-06","2017-03-06","2017-03-06","2017-03-06","2017-03-06","2017-03-06","2017-03-06","2017-03-06","2017-03-06","2017-03-06","2017-03-06","2017-03-06","2017-03-06","2017-03-06","2017-03-06","2017-03-06","2017-03-06","2017-03-06","2017-03-06","2017-03-06","2017-03-06","2017-03-06","2017-03-06","2017-03-06","2017-03-06","2017-03-06","2017-03-06","2017-03-06","2017-03-06","2017-03-06","2017-03-06","2017-03-06","2017-03-06","2017-03-06","2017-03-06","2017-03-06","2017-03-06","2017-03-06","2017-03-06","2017-03-06","2017-03-06","2017-03-06","2017-03-06","2017-03-06","2017-03-06","2017-03-06","2017-03-06","2017-03-06","2017-03-06","2017-03-06","2017-03-06","2017-03-06","2017-03-06","2017-03-06","2017-03-06","2017-03-06","2017-03-06","2017-03-06","2017-03-06","2017-03-06","2017-03-06","2017-03-06","2017-03-06","2017-03-06","2017-03-06","2017-03-06","2017-03-06","2017-03-06","2017-03-06","2017-03-06","2017-03-06","2017-03-06","2017-03-06","2017-03-06","2017-03-06","2017-03-06","2017-03-06","2017-03-06","2017-03-06","2017-03-06","2017-03-06","2017-03-06","2017-03-06","2017-03-06","2017-03-06","2017-03-06","2017-03-06","2017-03-06","2017-03-06","2017-03-06","2017-03-06","2017-03-06","2017-03-06","2017-03-06","2017-03-06","2017-03-06","2017-03-06","2017-03-06","2017-03-06","2017-03-06","2017-03-06","2017-03-06","2017-03-06","2017-03-06","2017-03-06","2017-03-06","2017-03-06","2017-03-06","2017-03-06","2017-03-06","2017-03-06","2017-03-06","2017-03-06","2017-03-06","2017-03-06","2017-03-06","2017-03-06","2017-03-06","2017-03-06","2017-03-06","2017-03-06","2017-03-06","2017-03-06","2017-03-06","2017-03-06","2017-03-06","2017-03-06","2017-03-06","2017-03-06","2017-03-06","2017-03-06","2017-03-06","2017-03-06","2017-03-06","2017-03-06","2017-03-06","2017-03-06","2017-03-06","2017-03-06","2017-03-06","2017-03-06","2017-03-06","2017-03-06","2017-03-06","2017-03-06","2017-03-06","2017-03-06","2017-03-06","2017-03-06","2017-03-06","2017-03-06","2017-03-06","2017-03-06","2017-03-06","2017-03-06","2017-03-06","2017-03-06","2017-03-06","2017-03-06","2017-03-06","2017-03-06","2017-03-06","2017-03-06","2017-03-06","2017-03-06","2017-03-06","2017-03-06","2017-03-06","2017-03-06","2017-03-06","2017-03-06","2017-03-06","2017-03-06","2017-03-06","2017-03-06","2017-03-06","2017-03-06","2017-03-06","2017-03-06","2017-03-06","2017-03-06","2017-03-06","2017-03-06","2017-03-06","2017-03-06","2017-03-06","2017-03-06","2017-03-06","2017-03-06","2017-03-06","2017-03-06","2017-03-06","2017-03-06","2017-03-06","2017-03-06","2017-03-06","2017-03-06","2017-03-06","2017-03-06","2017-03-06","2017-03-06","2017-03-06","2017-03-06","2017-03-06","2017-03-06","2017-03-06","2017-03-06","2017-03-06","2017-03-06","2017-03-06","2017-03-06","2017-03-06","2017-03-06","2017-03-06","2017-03-06","2017-03-06","2017-03-06","2017-03-06","2017-03-06","2017-03-06","2017-03-06","2017-03-06","2017-03-06","2017-03-06","2017-03-06","2017-03-06","2017-03-06","2017-03-06","2017-03-06","2017-03-06","2017-03-06","2017-03-06","2017-03-06","2017-03-06","2017-03-06","2017-03-06","2017-03-06","2017-03-06","2017-03-06","2017-03-06","2017-03-06","2017-03-06","2017-03-06","2017-03-06","2017-03-06","2017-03-06","2017-03-06","2017-03-06","2017-03-06","2017-03-06","2017-03-06","2017-03-06","2017-03-06","2017-03-06","2017-03-06","2017-03-06","2017-03-06","2017-03-06","2017-03-06","2017-03-06","2017-03-06","2017-03-06","2017-03-06","2017-03-06","2017-03-06","2017-03-06","2017-03-06","2017-03-06","2017-03-06","2017-03-06","2017-03-06","2017-03-06","2017-03-06","2017-03-06","2017-03-06","2017-03-06","2017-03-06","2017-03-06","2017-03-06","2017-03-06","2017-03-06","2017-03-06","2017-03-06","2017-03-06","2017-03-06","2017-03-06","2017-03-06","2017-03-06","2017-03-06","2017-03-06","2017-03-06","2017-03-06","2017-03-06","2017-03-06","2017-03-06","2017-03-06","2017-03-06","2017-03-06","2017-03-06","2017-03-06","2017-03-06","2017-03-06","2017-03-06","2017-03-06","2017-03-06","2017-03-06","2017-03-06","2017-03-06","2017-03-06","2017-03-06","2017-03-06","2017-03-06","2017-03-06","2017-03-06","2017-03-06","2017-03-06","2017-03-06","2017-03-06","2017-03-06","2017-03-06","2017-03-06","2017-03-06","2017-03-06","2017-03-06","2017-03-06","2017-03-06","2017-03-06","2017-03-06","2017-03-06","2017-03-06","2017-03-06","2017-03-06","2017-03-06","2017-03-06","2017-03-06","2017-03-06","2017-03-06","2017-03-06","2017-03-06","2017-03-06","2017-03-06","2017-03-06","2017-03-06","2017-03-06","2017-03-06","2017-03-06","2017-03-06","2017-03-06","2017-03-06","2017-03-06","2017-03-06","2017-03-06","2017-03-06","2017-03-06","2017-03-06","2017-03-06","2017-03-06","2017-03-06","2017-03-06","2017-03-06","2017-03-06","2017-03-06","2017-03-06","2017-03-06","2017-03-06","2017-03-06","2017-03-06","2017-03-06","2017-03-06","2017-03-06","2017-03-06","2017-03-06","2017-03-06","2017-03-06","2017-03-06","2017-03-06","2017-03-06","2017-03-06","2017-03-06","2017-03-06","2017-03-06","2017-03-06","2017-03-06","2017-03-06","2017-03-06","2017-03-06","2017-03-06","2017-03-06","2017-03-06","2017-03-06","2017-03-06","2017-03-06","2017-03-06","2017-03-06","2017-03-06","2017-03-06","2017-03-06","2017-03-06","2017-03-06","2017-03-06","2017-03-06","2017-03-06","2017-03-06","2017-03-06","2017-03-06","2017-03-06","2017-03-06","2017-03-06","2017-03-06","2017-03-06","2017-03-06","2017-03-06","2017-03-06","2017-03-06","2017-03-06","2017-03-06","2017-03-06","2017-03-06","2017-03-06","2017-03-06","2017-03-06","2017-03-06","2017-03-06","2017-03-06","2017-03-06","2017-03-06","2017-03-06","2017-03-06","2017-03-06","2017-03-06","2017-03-06","2017-03-06","2017-03-06","2017-03-06","2017-03-06","2017-03-06","2017-03-06","2017-03-06","2017-03-06","2017-03-06","2017-03-06","2017-03-06","2017-03-06","2017-03-06","2017-03-06","2017-03-06","2017-03-06","2017-03-06","2017-03-06","2017-03-06","2017-03-06","2017-03-06","2017-03-06","2017-03-06","2017-03-06","2017-03-06","2017-03-06","2017-03-06","2017-03-06","2017-03-06","2017-03-06","2017-03-06","2017-03-06","2017-03-06","2017-03-06","2017-03-06","2017-03-06","2017-03-06","2017-03-06","2017-03-06","2017-03-06","2017-03-06","2017-03-06","2017-03-06","2017-03-06","2017-03-06","2017-03-06","2017-03-06","2017-03-06","2017-03-06","2017-03-06","2017-03-06","2017-03-06","2017-03-06","2017-03-06","2017-03-06","2017-03-06","2017-03-06","2017-03-06","2017-03-06","2017-03-06","2017-03-06","2017-03-06","2017-03-06","2017-03-06","2017-03-06","2017-03-06","2017-03-06","2017-03-06","2017-03-06","2017-03-06","2017-03-06","2017-03-06","2017-03-06","2017-03-06","2017-03-06","2017-03-06","2017-03-06","2017-03-06","2017-03-06","2017-03-06","2017-03-06","2017-03-06","2017-03-06","2017-03-06","2017-03-06","2017-03-06","2017-03-06","2017-03-06","2017-03-06","2017-03-06","2017-03-06","2017-03-06","2017-03-06","2017-03-06","2017-03-06","2017-03-06","2017-03-06","2017-03-06","2017-03-06","2017-03-06","2017-03-06","2017-03-06","2017-03-06","2017-03-06","2017-03-06","2017-03-06","2017-03-06","2017-03-06","2017-03-06","2017-03-06","2017-03-06","2017-03-06","2017-03-06","2017-03-06","2017-03-06","2017-03-06","2017-03-06","2017-03-06","2017-03-06","2017-03-06","2017-03-06","2017-03-06","2017-03-06","2017-03-06","2017-03-06","2017-03-06","2017-03-06","2017-03-06","2017-03-06","2017-03-06","2017-03-06","2017-03-06","2017-03-06","2017-03-06","2017-03-06","2017-03-06","2017-03-06","2017-03-06","2017-03-06","2017-03-06","2017-03-06","2017-03-06","2017-03-06","2017-03-06","2017-03-06","2017-03-06","2017-03-06","2017-03-06","2017-03-06","2017-03-06","2017-03-06","2017-03-06","2017-03-06","2017-03-06","2017-03-06","2017-03-06","2017-03-06","2017-03-06","2017-03-06","2017-03-06","2017-03-06","2017-03-06","2017-03-06","2017-03-06","2017-03-06","2017-03-06","2017-03-06","2017-03-06","2017-03-06","2017-03-06","2017-03-06","2017-03-06","2017-03-06","2017-03-06","2017-03-06","2017-03-06","2017-03-06","2017-03-06","2017-03-06","2017-03-06","2017-03-06","2017-03-06","2017-03-06","2017-03-06","2017-03-06","2017-03-06","2017-03-06","2017-03-06","2017-03-06","2017-03-06","2017-03-06","2017-03-06","2017-03-06","2017-03-06","2017-03-06","2017-03-06","2017-03-06","2017-03-06","2017-03-06","2017-03-06","2017-03-06","2017-03-06","2017-03-06","2017-03-06","2017-03-06","2017-03-06","2017-03-06","2017-03-06","2017-03-06","2017-03-06","2017-03-06","2017-03-06","2017-03-06","2017-03-06","2017-03-06","2017-03-06","2017-03-06","2017-03-06","2017-03-06","2017-03-06","2017-03-06","2017-03-06","2017-03-06","2017-03-06","2017-03-06","2017-03-06","2017-03-06","2017-03-06","2017-03-06","2017-03-06","2017-03-06","2017-03-06","2017-03-06","2017-03-06","2017-03-06","2017-03-06","2017-03-06","2017-03-06","2017-03-06","2017-03-06","2017-03-06","2017-03-06","2017-03-06","2017-03-06","2017-03-06","2017-03-06","2017-03-06","2017-03-06","2017-03-06","2017-03-06","2017-03-06","2017-03-06","2017-03-06","2017-03-06","2017-03-06","2017-03-06","2017-03-06","2017-03-06","2017-03-06","2017-03-06","2017-03-06","2017-03-06","2017-03-06","2017-03-06","2017-03-06","2017-03-06","2017-03-06","2017-03-06","2017-03-06","2017-03-06","2017-03-06","2017-03-06","2017-03-06","2017-03-06","2017-03-06","2017-03-06","2017-03-06","2017-03-06","2017-03-06","2017-03-06","2017-03-06","2017-03-06","2017-03-06","2017-03-06","2017-03-06","2017-03-06","2017-03-06","2017-03-06","2017-03-06","2017-03-06","2017-03-06","2017-03-06","2017-03-06","2017-03-06","2017-03-06","2017-03-06","2017-03-06","2017-03-06","2017-03-06","2017-03-06","2017-03-06","2017-03-06","2017-03-06","2017-03-06","2017-03-06","2017-03-06","2017-03-06","2017-03-06","2017-03-06","2017-03-06","2017-03-06","2017-03-06","2017-03-06","2017-03-06","2017-03-06","2017-03-06","2017-03-06","2017-03-06","2017-03-06","2017-03-06","2017-03-06","2017-03-06","2017-03-06","2017-03-06","2017-03-06","2017-03-06","2017-03-06","2017-03-06","2017-03-06","2017-03-06","2017-03-06","2017-03-06","2017-03-06","2017-03-06","2017-03-06","2017-03-06","2017-03-06","2017-03-06","2017-03-06","2017-03-06","2017-03-06","2017-03-06","2017-03-06","2017-03-06","2017-03-06","2017-03-06","2017-03-06","2017-03-06","2017-03-06","2017-03-06","2017-03-06","2017-03-06","2017-03-06","2017-03-06","2017-03-06","2017-03-06","2017-03-06","2017-03-06","2017-03-06","2017-03-06","2017-03-06","2017-03-06","2017-03-06","2017-03-06","2017-03-06","2017-03-06","2017-03-06","2017-03-06","2017-03-06","2017-03-06","2017-03-06","2017-03-06","2017-03-06","2017-03-06","2017-03-06","2017-03-06","2017-03-06","2017-03-06","2017-03-06","2017-03-06","2017-03-06","2017-03-06","2017-03-06","2017-03-06","2017-03-06","2017-03-06","2017-03-06","2017-03-06","2017-03-06","2017-03-06","2017-03-06","2017-03-06","2017-03-06","2017-03-06","2017-03-06","2017-03-06","2017-03-06","2017-03-06","2017-03-06","2017-03-06","2017-03-06","2017-03-06","2017-03-06","2017-03-06","2017-03-06","2017-03-06","2017-03-06","2017-03-06","2017-03-06","2017-03-06","2017-03-06","2017-03-06","2017-03-06","2017-03-06","2017-03-06","2017-03-06","2017-03-06","2017-03-06","2017-03-06","2017-03-06","2017-03-06","2017-03-06","2017-03-06","2017-03-06","2017-03-06","2017-03-06","2017-03-06","2017-03-06","2017-03-06","2017-03-06","2017-03-06","2017-03-06","2017-03-06","2017-03-06","2017-03-06","2017-03-06","2017-03-06","2017-03-06","2017-03-06","2017-03-06","2017-03-06","2017-03-06","2017-03-06","2017-03-06","2017-03-06","2017-03-06","2017-03-06","2017-03-06","2017-03-06","2017-03-06","2017-03-06","2017-03-06","2017-03-06","2017-03-06","2017-03-06","2017-03-06","2017-03-06","2017-03-06","2017-03-06","2017-03-06","2017-03-06","2017-03-06","2017-03-06","2017-03-06","2017-03-06","2017-03-06","2017-03-06","2017-03-06","2017-03-06","2017-03-06","2017-03-06","2017-03-06","2017-03-06","2017-03-06","2017-03-06","2017-03-06","2017-03-06","2017-03-06","2017-03-06","2017-03-06","2017-03-06","2017-03-06","2017-03-06","2017-03-06","2017-03-06","2017-03-06","2017-03-06","2017-03-06","2017-03-06","2017-03-06","2017-03-06","2017-03-06","2017-03-06","2017-03-06","2017-03-06","2017-03-06","2017-03-06","2017-03-06","2017-03-06","2017-03-06","2017-03-06","2017-03-06","2017-03-06","2017-03-06","2017-03-06","2017-03-06","2017-03-06","2017-03-06","2017-03-06","2017-03-06","2017-03-06","2017-03-06","2017-03-06","2017-03-06","2017-03-06","2017-03-06","2017-03-06","2017-03-06","2017-03-06","2017-03-06","2017-03-06","2017-03-06","2017-03-06","2017-03-06","2017-03-06","2017-03-06","2017-03-06","2017-03-06","2017-03-06","2017-03-06","2017-03-06","2017-03-06","2017-03-06","2017-03-06","2017-03-06","2017-03-06","2017-03-06","2017-03-06","2017-03-06","2017-03-06","2017-03-06","2017-03-06","2017-03-06","2017-03-06","2017-03-06","2017-03-06","2017-03-06","2017-03-06","2017-03-06","2017-03-06","2017-03-06","2017-03-06","2017-03-06","2017-03-06","2017-03-06","2017-03-06","2017-03-06","2017-03-06","2017-03-06","2017-03-06","2017-03-06","2017-03-06","2017-03-06","2017-03-06","2017-03-06","2017-03-06","2017-03-06","2017-03-06","2017-03-06","2017-03-06","2017-03-06","2017-03-06","2017-03-06","2017-03-06","2017-03-06","2017-03-06","2017-03-06","2017-03-06","2017-03-06","2017-03-06","2017-03-06","2017-03-06","2017-03-06","2017-03-06","2017-03-06","2017-03-06","2017-03-06","2017-03-06","2017-03-06","2017-03-06","2017-03-06","2017-03-06","2017-03-06","2017-03-06","2017-03-06","2017-03-06","2017-03-06","2017-03-06","2017-03-06","2017-03-06","2017-03-06","2017-03-06","2017-03-06","2017-03-06","2017-03-06","2017-03-06","2017-03-06","2017-03-06","2017-03-06","2017-03-06","2017-03-06","2017-03-06","2017-03-06","2017-03-06","2017-03-06","2017-03-06","2017-03-06","2017-03-06","2017-03-06","2017-03-06","2017-03-06","2017-03-06","2017-03-06","2017-03-06","2017-03-06","2017-03-06","2017-03-06","2017-03-06","2017-03-06","2017-03-06","2017-03-06","2017-03-06","2017-03-06","2017-03-06","2017-03-06","2017-03-06","2017-03-06","2017-03-06","2017-03-06","2017-03-06","2017-03-06","2017-03-06","2017-03-06","2017-03-06","2017-03-06","2017-03-06","2017-03-06","2017-03-06","2017-03-06","2017-03-06","2017-03-06","2017-03-06","2017-03-06","2017-03-06","2017-03-06","2017-03-06","2017-03-06","2017-03-06","2017-03-06","2017-03-06","2017-03-06","2017-03-06","2017-03-06","2017-03-06","2017-03-06","2017-03-06","2017-03-06","2017-03-06","2017-03-06","2017-03-06","2017-03-06","2017-03-06","2017-03-06","2017-03-06","2017-03-06","2017-03-06","2017-03-06","2017-03-06","2017-03-06","2017-03-06","2017-03-06","2017-03-06","2017-03-06","2017-03-06","2017-03-06","2017-03-06","2017-03-06","2017-03-06","2017-03-06","2017-03-06","2017-03-06","2017-03-06","2017-03-06","2017-03-06","2017-03-06","2017-03-06","2017-03-06","2017-03-06","2017-03-06","2017-03-06","2017-03-06","2017-03-06","2017-03-06","2017-03-06","2017-03-06","2017-03-06","2017-03-06","2017-03-06","2017-03-06","2017-03-06","2017-03-06","2017-03-06","2017-03-06","2017-03-06","2017-03-06","2017-03-06","2017-03-06","2017-03-06","2017-03-06","2017-03-06","2017-03-06","2017-03-06","2017-03-06","2017-03-06","2017-03-06","2017-03-06","2017-03-06","2017-03-06","2017-03-06","2017-03-06","2017-03-06","2017-03-06","2017-03-06","2017-03-06","2017-03-06","2017-03-06","2017-03-06","2017-03-06","2017-03-06","2017-03-06","2017-03-06","2017-03-06","2017-03-06","2017-03-06","2017-03-06","2017-03-06","2017-03-06","2017-03-06","2017-03-06","2017-03-06","2017-03-06","2017-03-06","2017-03-06","2017-03-06","2017-03-06","2017-03-06","2017-03-06","2017-03-06","2017-03-06","2017-03-06","2017-03-06","2017-03-06","2017-03-06","2017-03-06","2017-03-06","2017-03-06","2017-03-06","2017-03-06","2017-03-06","2017-03-06","2017-03-06","2017-03-06","2017-03-06","2017-03-06","2017-03-06","2017-03-06","2017-03-06","2017-03-06","2017-03-06","2017-03-06","2017-03-06","2017-03-06","2017-03-06","2017-03-06","2017-03-06","2017-03-06","2017-03-06","2017-03-06","2017-03-06","2017-03-06","2017-03-06","2017-03-06","2017-03-06","2017-03-06","2017-03-06","2017-03-06","2017-03-06","2017-03-06","2017-03-06","2017-03-06","2017-03-06","2017-03-06","2017-03-06","2017-03-06","2017-03-06","2017-03-06","2017-03-06","2017-03-06","2017-03-06","2017-03-06","2017-03-06","2017-03-06","2017-03-06","2017-03-06","2017-03-06","2017-03-06","2017-03-06","2017-03-06","2017-03-06","2017-03-06","2017-03-06","2017-03-06","2017-03-06","2017-03-06","2017-03-06","2017-03-06","2017-03-06","2017-03-06","2017-03-06","2017-03-06","2017-03-06","2017-03-06","2017-03-06","2017-03-06","2017-03-06","2017-03-06","2017-03-06","2017-03-06","2017-03-06","2017-03-06","2017-03-06","2017-03-06","2017-03-06","2017-03-06","2017-03-06","2017-03-06","2017-03-06","2017-03-06","2017-03-06","2017-03-06","2017-03-06","2017-03-06","2017-03-06","2017-03-06","2017-03-06","2017-03-06","2017-03-06","2017-03-06","2017-03-06","2017-03-06","2017-03-06","2017-03-06","2017-03-06","2017-03-06","2017-03-06","2017-03-06","2017-03-06","2017-03-06","2017-03-06","2017-03-06","2017-03-06","2017-03-06","2017-03-06","2017-03-06","2017-03-06","2017-03-06","2017-03-06","2017-03-06","2017-03-06","2017-03-06","2017-03-06","2017-03-06","2017-03-06","2017-03-06","2017-03-06","2017-03-06","2017-03-06","2017-03-06","2017-03-06","2017-03-06","2017-03-06","2017-03-06","2017-03-06","2017-03-06","2017-03-06","2017-03-06","2017-03-06","2017-03-06","2017-03-06","2017-03-06","2017-03-06","2017-03-06","2017-03-06","2017-03-06","2017-03-06","2017-03-06","2017-03-06","2017-03-06","2017-03-06","2017-03-06","2017-03-06","2017-03-06","2017-03-06","2017-03-06","2017-03-06","2017-03-06","2017-03-06","2017-03-06","2017-03-06","2017-03-06","2017-03-06","2017-03-06","2017-03-06","2017-03-06","2017-03-06","2017-03-06","2017-03-06","2017-03-06","2017-03-06","2017-03-06","2017-03-06","2017-03-06","2017-03-06","2017-03-06","2017-03-06","2017-03-06","2017-03-06","2017-03-06","2017-03-06","2017-03-06","2017-03-06","2017-03-06","2017-03-06","2017-03-06","2017-03-06","2017-03-06","2017-03-06","2017-03-06","2017-03-06","2017-03-06","2017-03-06","2017-03-06","2017-03-06","2017-03-06","2017-03-06","2017-03-06","2017-03-06","2017-03-06","2017-03-06","2017-03-06","2017-03-06","2017-03-06","2017-03-06","2017-03-06","2017-03-06","2017-03-06","2017-03-06","2017-03-06","2017-03-06","2017-03-06","2017-03-06","2017-03-06","2017-03-06","2017-03-06","2017-03-06","2017-03-06","2017-03-06","2017-03-06","2017-03-06","2017-03-06","2017-03-06","2017-03-06","2017-03-06","2017-03-06","2017-03-06","2017-03-06","2017-03-06","2017-03-06","2017-03-06","2017-03-06","2017-03-06","2017-03-06","2017-03-06","2017-03-06","2017-03-06","2017-03-06","2017-03-06","2017-03-06","2017-03-06","2017-03-06","2017-03-06","2017-03-06","2017-03-06","2017-03-06","2017-03-06","2017-03-06","2017-03-06","2017-03-06","2017-03-06","2017-03-06","2017-03-06","2017-03-06","2017-03-06","2017-03-06","2017-03-06","2017-03-06","2017-03-06","2017-03-06","2017-03-06","2017-03-06","2017-03-06","2017-03-06","2017-03-06","2017-03-06","2017-03-06","2017-03-06","2017-03-06","2017-03-06","2017-03-06","2017-03-06","2017-03-06","2017-03-06","2017-03-06","2017-03-06","2017-03-06","2017-03-06","2017-03-06","2017-03-06","2017-03-06","2017-03-06","2017-03-06","2017-03-06","2017-03-06","2017-03-06","2017-03-06","2017-03-06","2017-03-06","2017-03-06","2017-03-06","2017-03-06","2017-03-06","2017-03-06","2017-03-06","2017-03-06","2017-03-06","2017-03-06","2017-03-06","2017-03-06","2017-03-06","2017-03-06","2017-03-06","2017-03-06","2017-03-06","2017-03-06","2017-03-06","2017-03-06","2017-03-06","2017-03-06","2017-03-06","2017-03-06","2017-03-06","2017-03-06","2017-03-06","2017-03-06","2017-03-06","2017-03-06","2017-03-06","2017-03-06","2017-03-06","2017-03-06","2017-03-06","2017-03-06","2017-03-06","2017-03-06","2017-03-06","2017-03-06","2017-03-06","2017-03-06","2017-03-06","2017-03-06","2017-03-06","2017-03-06","2017-03-06","2017-03-06","2017-03-06","2017-03-06","2017-03-06","2017-03-06","2017-03-06","2017-03-06","2017-03-06","2017-03-06","2017-03-06","2017-03-06","2017-03-06","2017-03-06","2017-03-06","2017-03-06","2017-03-06","2017-03-06","2017-03-06","2017-03-06","2017-03-06","2017-03-06","2017-03-06","2017-03-06","2017-03-06","2017-03-06","2017-03-06","2017-03-06","2017-03-06","2017-03-06","2017-03-06","2017-03-06","2017-03-06","2017-03-06","2017-03-06","2017-03-06","2017-03-06","2017-03-06","2017-03-06","2017-03-06","2017-03-06","2017-03-06","2017-03-06","2017-03-06","2017-03-06","2017-03-06","2017-03-06","2017-03-06","2017-03-06","2017-03-06","2017-03-06","2017-03-06","2017-03-06","2017-03-06","2017-03-06","2017-03-06","2017-03-06","2017-03-06","2017-03-06","2017-03-06","2017-03-06","2017-03-06","2017-03-06","2017-03-06","2017-03-06","2017-03-06","2017-03-06","2017-03-06","2017-03-06","2017-03-06","2017-03-06","2017-03-06","2017-03-06","2017-03-06","2017-03-06","2017-03-06","2017-03-06","2017-03-06","2017-03-06","2017-03-06","2017-03-06","2017-03-06","2017-03-06","2017-03-06","2017-03-06","2017-03-06","2017-03-06","2017-03-06","2017-03-06","2017-03-06","2017-03-06","2017-03-06","2017-03-06","2017-03-06","2017-03-06","2017-03-06","2017-03-06","2017-03-06","2017-03-06","2017-03-06","2017-03-06","2017-03-06","2017-03-06","2017-03-06","2017-03-06","2017-03-06","2017-03-06","2017-03-06","2017-03-06","2017-03-06","2017-03-06","2017-03-06","2017-03-06","2017-03-06","2017-03-06","2017-03-06","2017-03-06","2017-03-06","2017-03-06","2017-03-06","2017-03-06","2017-03-06","2017-03-06","2017-03-06","2017-03-06","2017-03-06","2017-03-06","2017-03-06","2017-03-06","2017-03-06","2017-03-06","2017-03-06","2017-03-06","2017-03-06","2017-03-06","2017-03-06","2017-03-06","2017-03-06","2017-03-06","2017-03-06","2017-03-06","2017-03-06","2017-03-06","2017-03-06","2017-03-06","2017-03-06","2017-03-06","2017-03-06","2017-03-06","2017-03-06","2017-03-06","2017-03-06","2017-03-06","2017-03-06","2017-03-06","2017-03-06","2017-03-06","2017-03-06","2017-03-06","2017-03-06","2017-03-06","2017-03-06","2017-03-06","2017-03-06","2017-03-06","2017-03-06","2017-03-06","2017-03-06","2017-03-06","2017-03-06","2017-03-06","2017-03-06","2017-03-06","2017-03-06","2017-03-06","2017-03-06","2017-03-06","2017-03-06","2017-03-06","2017-03-06","2017-03-06","2017-03-06","2017-03-06","2017-03-06","2017-03-06","2017-03-06","2017-03-06","2017-03-06","2017-03-06","2017-03-06","2017-03-06","2017-03-06","2017-03-06","2017-03-06","2017-03-06","2017-03-06","2017-03-06","2017-03-06","2017-03-06","2017-03-06","2017-03-06","2017-03-06","2017-03-06","2017-03-06","2017-03-06","2017-03-06","2017-03-06","2017-03-06","2017-03-06","2017-03-06","2017-03-06","2017-03-06","2017-03-06","2017-03-06","2017-03-06","2017-03-06","2017-03-06","2017-03-06","2017-03-06","2017-03-06","2017-03-06","2017-03-06","2017-03-06","2017-03-06","2017-03-06","2017-03-06","2017-03-06","2017-03-06","2017-03-06","2017-03-06","2017-03-06","2017-03-06","2017-03-06","2017-03-06","2017-03-06","2017-03-06","2017-03-06","2017-03-06","2017-03-06","2017-03-06","2017-03-06","2017-03-06","2017-03-06","2017-03-06","2017-03-06","2017-03-06","2017-03-06","2017-03-06","2017-03-06","2017-03-06","2017-03-06","2017-03-06","2017-03-06","2017-03-06","2017-03-06","2017-03-06","2017-03-06","2017-03-06","2017-03-06","2017-03-06","2017-03-06","2017-03-06","2017-03-06","2017-03-06","2017-03-06","2017-03-06","2017-03-06","2017-03-06","2017-03-06","2017-03-06","2017-03-06","2017-03-06","2017-03-06","2017-03-06","2017-03-06","2017-03-06","2017-03-06","2017-03-06","2017-03-06","2017-03-06","2017-03-06","2017-03-06","2017-03-06","2017-03-06","2017-03-06","2017-03-06","2017-03-06","2017-03-06","2017-03-06","2017-03-06","2017-03-06","2017-03-06","2017-03-06","2017-03-06","2017-03-06","2017-03-06","2017-03-06","2017-03-06","2017-03-06","2017-03-06","2017-03-06","2017-03-06","2017-03-06","2017-03-06","2017-03-06","2017-03-06","2017-03-06","2017-03-06","2017-03-06","2017-03-06","2017-03-06","2017-03-06","2017-03-06","2017-03-06","2017-03-06","2017-03-06","2017-03-06","2017-03-06","2017-03-06","2017-03-06","2017-03-06","2017-03-06","2017-03-06","2017-03-06","2017-03-06","2017-03-06","2017-03-06","2017-03-06","2017-03-06","2017-03-06","2017-03-06","2017-03-06","2017-03-06","2017-03-06","2017-03-06","2017-03-06","2017-03-06","2017-03-06","2017-03-06","2017-03-06","2017-03-06","2017-03-06","2017-03-06","2017-03-06","2017-03-06","2017-03-06","2017-03-06","2017-03-06","2017-03-06","2017-03-06","2017-03-06","2017-03-06","2017-03-06","2017-03-06","2017-03-06","2017-03-06","2017-03-06","2017-03-06","2017-03-06","2017-03-06","2017-03-06","2017-03-06","2017-03-06","2017-03-06","2017-03-06","2017-03-06","2017-03-06","2017-03-06","2017-03-06","2017-03-06","2017-03-06","2017-03-06","2017-03-06","2017-03-06","2017-03-06","2017-03-06","2017-03-06","2017-03-06","2017-03-06","2017-03-06","2017-03-06","2017-03-06","2017-03-06","2017-03-06","2017-03-06","2017-03-06","2017-03-06","2017-03-06","2017-03-06","2017-03-06","2017-03-06","2017-03-06","2017-03-06","2017-03-06","2017-03-06","2017-03-06","2017-03-06","2017-03-06","2017-03-06","2017-03-06","2017-03-06","2017-03-06","2017-03-06","2017-03-06","2017-03-06","2017-03-06","2017-03-06","2017-03-06","2017-03-06","2017-03-06","2017-03-06","2017-03-06","2017-03-06","2017-03-06","2017-03-06","2017-03-06","2017-03-06","2017-03-06","2017-03-06","2017-03-06","2017-03-06","2017-03-06","2017-03-06","2017-03-06","2017-03-06","2017-03-06","2017-03-06","2017-03-06","2017-03-06","2017-03-06","2017-03-06","2017-03-06","2017-03-06","2017-03-06","2017-03-06","2017-03-06","2017-03-06","2017-03-06","2017-03-06","2017-03-06","2017-03-06","2017-03-06","2017-03-06","2017-03-06","2017-03-06","2017-03-06","2017-03-06","2017-03-06","2017-03-06","2017-03-06","2017-03-06","2017-03-06","2017-03-06","2017-03-06","2017-03-06","2017-03-06","2017-03-06","2017-03-06","2017-03-06","2017-03-06","2017-03-06","2017-03-06","2017-03-06","2017-03-06","2017-03-06","2017-03-06","2017-03-06","2017-03-06","2017-03-06","2017-03-06","2017-03-06","2017-03-06","2017-03-06","2017-03-06","2017-03-06","2017-03-06","2017-03-06","2017-03-06","2017-03-06","2017-03-06","2017-03-06","2017-03-06","2017-03-06","2017-03-06","2017-03-06","2017-03-06","2017-03-06","2017-03-06","2017-03-06","2017-03-06","2017-03-06","2017-03-06","2017-03-06","2017-03-06","2017-03-06","2017-03-06","2017-03-06","2017-03-06","2017-03-06","2017-03-06","2017-03-06","2017-03-06","2017-03-06","2017-03-06","2017-03-06","2017-03-06","2017-03-06","2017-03-06","2017-03-06","2017-03-06","2017-03-06","2017-03-06","2017-03-06","2017-03-06","2017-03-06","2017-03-06","2017-03-06","2017-03-06","2017-03-06","2017-03-06","2017-03-06","2017-03-06","2017-03-06","2017-03-06","2017-03-06","2017-03-06","2017-03-06","2017-03-06","2017-03-06","2017-03-06","2017-03-06","2017-03-06","2017-03-06","2017-03-06","2017-03-06","2017-03-06","2017-03-06","2017-03-06","2017-03-06","2017-03-06","2017-03-06","2017-03-06","2017-03-06","2017-03-06","2017-03-06","2017-03-06","2017-03-06","2017-03-06","2017-03-06","2017-03-06","2017-03-06","2017-03-06","2017-03-06","2017-03-06","2017-03-06","2017-03-06","2017-03-06","2017-03-06","2017-03-06","2017-03-06","2017-03-06","2017-03-06","2017-03-06","2017-03-06","2017-03-06","2017-03-06","2017-03-06","2017-03-06","2017-03-06","2017-03-06","2017-03-06","2017-03-06","2017-03-06","2017-03-06","2017-03-06","2017-03-06","2017-03-06","2017-03-06","2017-03-06","2017-03-06","2017-03-06","2017-03-06","2017-03-06","2017-03-06","2017-03-06","2017-03-06","2017-03-06","2017-03-06","2017-03-06","2017-03-06","2017-03-06","2017-03-06","2017-03-06","2017-03-06","2017-03-06","2017-03-06","2017-03-06","2017-03-06","2017-03-06","2017-03-06","2017-03-06","2017-03-06","2017-03-06","2017-03-06","2017-03-06","2017-03-06","2017-03-06","2017-03-06","2017-03-06","2017-03-06","2017-03-06","2017-03-06","2017-03-06","2017-03-06","2017-03-06","2017-03-06","2017-03-06","2017-03-06","2017-03-06","2017-03-06","2017-03-06","2017-03-06","2017-03-06","2017-03-06","2017-03-06","2017-03-06","2017-03-06","2017-03-06","2017-03-06","2017-03-06","2017-03-06","2017-03-06","2017-03-06","2017-03-06","2017-03-06","2017-03-06","2017-03-06","2017-03-06","2017-03-06","2017-03-06","2017-03-06","2017-03-06","2017-03-06","2017-03-06","2017-03-06","2017-03-06","2017-03-06","2017-03-06","2017-03-06","2017-03-06","2017-03-06","2017-03-06","2017-03-06","2017-03-06","2017-03-06","2017-03-06","2017-03-06","2017-03-06","2017-03-06","2017-03-06","2017-03-06","2017-03-06","2017-03-06","2017-03-06","2017-03-06","2017-03-06","2017-03-06","2017-03-06","2017-03-06","2017-03-06","2017-03-06","2017-03-06","2017-03-06","2017-03-06","2017-03-06","2017-03-06","2017-03-06","2017-03-06","2017-03-06","2017-03-06","2017-03-06","2017-03-06","2017-03-06","2017-03-06","2017-03-06","2017-03-06","2017-03-06","2017-03-06","2017-03-06","2017-03-06","2017-03-06","2017-03-06","2017-03-06","2017-03-06","2017-03-06","2017-03-06","2017-03-06","2017-03-06","2017-03-06","2017-03-06","2017-03-06","2017-03-06","2017-03-06","2017-03-06","2017-03-06","2017-03-06","2017-03-06","2017-03-06","2017-03-06","2017-03-06","2017-03-06","2017-03-06","2017-03-06","2017-03-06","2017-03-06","2017-03-06","2017-03-06","2017-03-06","2017-03-06","2017-03-06","2017-03-06","2017-03-06","2017-03-06","2017-03-06","2017-03-06","2017-03-06","2017-03-06","2017-03-06","2017-03-06","2017-03-06","2017-03-06","2017-03-06","2017-03-06","2017-03-06","2017-03-06","2017-03-06","2017-03-06","2017-03-06","2017-03-06","2017-03-06","2017-03-06","2017-03-06","2017-03-06","2017-03-06","2017-03-06","2017-03-06","2017-03-06","2017-03-06","2017-03-06","2017-03-06","2017-03-06","2017-03-06","2017-03-06","2017-03-06","2017-03-06","2017-03-06","2017-03-06","2017-03-06","2017-03-06","2017-03-06","2017-03-06","2017-03-06","2017-03-06","2017-03-06","2017-03-06","2017-03-06","2017-03-06","2017-03-06","2017-03-06","2017-03-06","2017-03-06","2017-03-06","2017-03-06","2017-03-06","2017-03-06","2017-03-06","2017-03-06","2017-03-06","2017-03-06","2017-03-06","2017-03-06","2017-03-06","2017-03-06","2017-03-06","2017-03-06","2017-03-06","2017-03-06","2017-03-06","2017-03-06","2017-03-06","2017-03-06","2017-03-06","2017-03-06","2017-03-06","2017-03-06","2017-03-06","2017-03-06","2017-03-06","2017-03-06","2017-03-06","2017-03-06","2017-03-06","2017-03-06","2017-03-06","2017-03-06","2017-03-06","2017-03-06","2017-03-06","2017-03-06","2017-03-06","2017-03-06","2017-03-06","2017-03-06","2017-03-06","2017-03-06","2017-03-06","2017-03-06","2017-03-06","2017-03-06","2017-03-06","2017-03-06","2017-03-06","2017-03-06","2017-03-06","2017-03-06","2017-03-06","2017-03-06","2017-03-06","2017-03-06","2017-03-06","2017-03-06","2017-03-06","2017-03-06","2017-03-06","2017-03-06","2017-03-06","2017-03-06","2017-03-06","2017-03-06","2017-03-06","2017-03-06","2017-03-06","2017-03-06","2017-03-06","2017-03-06","2017-03-06","2017-03-06","2017-03-06","2017-03-06","2017-03-06","2017-03-06","2017-03-06","2017-03-06","2017-03-06","2017-03-06","2017-03-06","2017-03-06","2017-03-06","2017-03-06","2017-03-06","2017-03-06","2017-03-06","2017-03-06","2017-03-06","2017-03-06","2017-03-06","2017-03-06","2017-03-06","2017-03-06","2017-03-06","2017-03-06","2017-03-06","2017-03-06","2017-03-06","2017-03-06","2017-03-06","2017-03-06","2017-03-06","2017-03-06","2017-03-06","2017-03-06","2017-03-06","2017-03-06","2017-03-06","2017-03-06","2017-03-06","2017-03-06","2017-03-06","2017-03-06","2017-03-06","2017-03-06","2017-03-06","2017-03-06","2017-03-06","2017-03-06","2017-03-06","2017-03-06","2017-03-06","2017-03-06","2017-03-06","2017-03-06","2017-03-06","2017-03-06","2017-03-06","2017-03-06","2017-03-06","2017-03-06","2017-03-06","2017-03-06","2017-03-06","2017-03-06","2017-03-06","2017-03-06","2017-03-06","2017-03-06","2017-03-06","2017-03-06","2017-03-06","2017-03-06","2017-03-06","2017-03-06","2017-03-06","2017-03-06","2017-03-06","2017-03-06","2017-03-06","2017-03-06","2017-03-06","2017-03-06","2017-03-06","2017-03-06","2017-03-06","2017-03-06","2017-03-06","2017-03-06","2017-03-06","2017-03-06","2017-03-06","2017-03-06","2017-03-06","2017-03-06","2017-03-06","2017-03-06","2017-03-06","2017-03-06","2017-03-06","2017-03-06","2017-03-06","2017-03-06","2017-03-06","2017-03-06","2017-03-06","2017-03-06","2017-03-06","2017-03-06","2017-03-06","2017-03-06","2017-03-06","2017-03-06","2017-03-06","2017-03-06","2017-03-06","2017-03-06","2017-03-06","2017-03-06","2017-03-06","2017-03-06","2017-03-06","2017-03-06","2017-03-06","2017-03-06","2017-03-06","2017-03-06","2017-03-06","2017-03-06","2017-03-06","2017-03-06","2017-03-06","2017-03-06","2017-03-06","2017-03-06","2017-03-06","2017-03-06","2017-03-06","2017-03-06","2017-03-06","2017-03-06","2017-03-06","2017-03-06","2017-03-06","2017-03-06","2017-03-06","2017-03-06","2017-03-06","2017-03-06","2017-03-06","2017-03-06","2017-03-06","2017-03-06","2017-03-06","2017-03-06","2017-03-06","2017-03-06","2017-03-06","2017-03-06","2017-03-06","2017-03-06","2017-03-06","2017-03-06","2017-03-06","2017-03-06","2017-03-06","2017-03-06","2017-03-06","2017-03-06","2017-03-06","2017-03-06","2017-03-06","2017-03-06","2017-03-06","2017-03-06","2017-03-06","2017-03-06","2017-03-06","2017-03-06","2017-03-06","2017-03-06","2017-03-06","2017-03-06","2017-03-06","2017-03-06","2017-03-06","2017-03-06","2017-03-06","2017-03-06","2017-03-06","2017-03-06","2017-03-06","2017-03-06","2017-03-06","2017-03-06","2017-03-06","2017-03-06","2017-03-06","2017-03-06","2017-03-06","2017-03-06","2017-03-06","2017-03-06","2017-03-06","2017-03-06","2017-03-06","2017-03-06","2017-03-06","2017-03-06","2017-03-06","2017-03-06","2017-03-06","2017-03-06","2017-03-06","2017-03-06","2017-03-06","2017-03-06","2017-03-06","2017-03-06","2017-03-06","2017-03-06","2017-03-06","2017-03-06","2017-03-06","2017-03-06","2017-03-06","2017-03-06","2017-03-06","2017-03-06","2017-03-06","2017-03-06","2017-03-06","2017-03-06","2017-03-06","2017-03-06","2017-03-06","2017-03-06","2017-03-06","2017-03-06","2017-03-06","2017-03-06","2017-03-06","2017-03-06","2017-03-06","2017-03-06","2017-03-06","2017-03-06","2017-03-06","2017-03-06","2017-03-06","2017-03-06","2017-03-06","2017-03-06","2017-03-06","2017-03-06","2017-03-06","2017-03-06","2017-03-06","2017-03-06","2017-03-06","2017-03-06","2017-03-06","2017-03-06","2017-03-06","2017-03-06","2017-03-06","2017-03-06","2017-03-06","2017-03-06","2017-03-06","2017-03-06","2017-03-06","2017-03-06","2017-03-06","2017-03-06","2017-03-06","2017-03-06","2017-03-06","2017-03-06","2017-03-06","2017-03-06","2017-03-06","2017-03-06","2017-03-06","2017-03-06","2017-03-06","2017-03-06","2017-03-06","2017-03-06","2017-03-06","2017-03-06","2017-03-06","2017-03-06","2017-03-06","2017-03-06","2017-03-06","2017-03-06","2017-03-06","2017-03-06","2017-03-06","2017-03-06","2017-03-06","2017-03-06","2017-03-06","2017-03-06","2017-03-06","2017-03-06","2017-03-06","2017-03-06","2017-03-06","2017-03-06","2017-03-06","2017-03-06","2017-03-06","2017-03-06","2017-03-06","2017-03-06","2017-03-06","2017-03-06","2017-03-06","2017-03-06","2017-03-06","2017-03-06","2017-03-06","2017-03-06","2017-03-06","2017-03-06","2017-03-06","2017-03-06","2017-03-06","2017-03-06","2017-03-06","2017-03-06","2017-03-06","2017-03-06","2017-03-06","2017-03-06","2017-03-06","2017-03-06","2017-03-06","2017-03-06","2017-03-06","2017-03-06","2017-03-06","2017-03-06","2017-03-06","2017-03-06","2017-03-06","2017-03-06","2017-03-06","2017-03-06","2017-03-06","2017-03-06","2017-03-06","2017-03-06","2017-03-06","2017-03-06","2017-03-06","2017-03-06","2017-03-06","2017-03-06","2017-03-06","2017-03-06","2017-03-06","2017-03-06","2017-03-06","2017-03-06","2017-03-06","2017-03-06","2017-03-06","2017-03-06","2017-03-06","2017-03-06","2017-03-06","2017-03-06","2017-03-06","2017-03-06","2017-03-06","2017-03-06","2017-03-06","2017-03-06","2017-03-06","2017-03-06","2017-03-06","2017-03-06","2017-03-06","2017-03-06","2017-03-06","2017-03-06","2017-03-06","2017-03-06","2017-03-06","2017-03-06","2017-03-06","2017-03-06","2017-03-06","2017-03-06","2017-03-06","2017-03-06","2017-03-06","2017-03-06","2017-03-06","2017-03-06","2017-03-06","2017-03-06","2017-03-06","2017-03-06","2017-03-06","2017-03-06","2017-03-06","2017-03-06","2017-03-06","2017-03-06","2017-03-06","2017-03-06","2017-03-06","2017-03-06","2017-03-06","2017-03-06","2017-03-06","2017-03-06","2017-03-06","2017-03-06","2017-03-06","2017-03-06","2017-03-06","2017-03-06","2017-03-06","2017-03-06","2017-03-06","2017-03-06","2017-03-06","2017-03-06","2017-03-06","2017-03-06","2017-03-06","2017-03-06","2017-03-06","2017-03-06","2017-03-06","2017-03-06","2017-03-06","2017-03-06","2017-03-06","2017-03-06","2017-03-06","2017-03-06","2017-03-06","2017-03-06","2017-03-06","2017-03-06","2017-03-06","2017-03-06","2017-03-06","2017-03-06","2017-03-06","2017-03-06","2017-03-06","2017-03-06","2017-03-06","2017-03-06","2017-03-06","2017-03-06","2017-03-06","2017-03-06","2017-03-06","2017-03-06","2017-03-06","2017-03-06","2017-03-06","2017-03-06","2017-03-06","2017-03-06","2017-03-06","2017-03-06","2017-03-06","2017-03-06","2017-03-06","2017-03-06","2017-03-06","2017-03-06","2017-03-06","2017-03-06","2017-03-06","2017-03-06","2017-03-06","2017-03-06","2017-03-06","2017-03-06","2017-03-06","2017-03-06","2017-03-06","2017-03-06","2017-03-06","2017-03-06","2017-03-06","2017-03-06","2017-03-06","2017-03-06","2017-03-06","2017-03-06","2017-03-06","2017-03-06","2017-03-06","2017-03-06","2017-03-06","2017-03-06","2017-03-06","2017-03-06","2017-03-06","2017-03-06","2017-03-06","2017-03-06","2017-03-06","2017-03-06","2017-03-06","2017-03-06","2017-03-06","2017-03-06","2017-03-06","2017-03-06","2017-03-06","2017-03-06","2017-03-06","2017-03-06","2017-03-06","2017-03-06","2017-03-06","2017-03-06","2017-03-06","2017-03-06","2017-03-06","2017-03-06","2017-03-06","2017-03-06","2017-03-06","2017-03-06","2017-03-06","2017-03-06","2017-03-06","2017-03-06","2017-03-06","2017-03-06","2017-03-06","2017-03-06","2017-03-06","2017-03-06","2017-03-06","2017-03-06","2017-03-06","2017-03-06","2017-03-06","2017-03-06","2017-03-06","2017-03-06","2017-03-06","2017-03-06","2017-03-06","2017-03-06","2017-03-06","2017-03-06","2017-03-06","2017-03-06","2017-03-06","2017-03-06","2017-03-06","2017-03-06","2017-03-06","2017-03-06","2017-03-06","2017-03-06","2017-03-06","2017-03-06","2017-03-06","2017-03-06","2017-03-06","2017-03-06","2017-03-06","2017-03-06","2017-03-06","2017-03-06","2017-03-06","2017-03-06","2017-03-06","2017-03-06","2017-03-06","2017-03-06","2017-03-06","2017-03-06","2017-03-06","2017-03-06","2017-03-06","2017-03-06","2017-03-06","2017-03-06","2017-03-06","2017-03-06","2017-03-06","2017-03-06","2017-03-06","2017-03-06","2017-03-06","2017-03-06","2017-03-06","2017-03-06","2017-03-06","2017-03-06","2017-03-06","2017-03-06","2017-03-06","2017-03-06","2017-03-06","2017-03-06","2017-03-06","2017-03-06","2017-03-06","2017-03-06","2017-03-06","2017-03-06","2017-03-06","2017-03-06","2017-03-06","2017-03-06","2017-03-06","2017-03-06","2017-03-06","2017-03-06","2017-03-06","2017-03-06","2017-03-06","2017-03-06","2017-03-06","2017-03-06","2017-03-06","2017-03-06","2017-03-06","2017-03-06","2017-03-06","2017-03-06","2017-03-06","2017-03-06","2017-03-06","2017-03-06","2017-03-06","2017-03-06","2017-03-06","2017-03-06","2017-03-06","2017-03-06","2017-03-06","2017-03-06","2017-03-06","2017-03-06","2017-03-06","2017-03-06","2017-03-06","2017-03-06","2017-03-06","2017-03-06","2017-03-06","2017-03-06","2017-03-06","2017-03-06","2017-03-06","2017-03-06","2017-03-06","2017-03-06","2017-03-06","2017-03-06","2017-03-06","2017-03-06","2017-03-06","2017-03-06","2017-03-06","2017-03-06","2017-03-06","2017-03-06","2017-03-06","2017-03-06","2017-03-06","2017-03-06","2017-03-06","2017-03-06","2017-03-06","2017-03-06","2017-03-06","2017-03-06","2017-03-06","2017-03-06","2017-03-06","2017-03-06","2017-03-06","2017-03-06","2017-03-06","2017-03-06","2017-03-06","2017-03-06","2017-03-06","2017-03-06","2017-03-06","2017-03-06","2017-03-06","2017-03-06","2017-03-06","2017-03-06","2017-03-06","2017-03-06","2017-03-06","2017-03-06","2017-03-06","2017-03-06","2017-03-06","2017-03-06","2017-03-06","2017-03-06","2017-03-06","2017-03-06","2017-03-06","2017-03-06","2017-03-06","2017-03-06","2017-03-06","2017-03-06","2017-03-06","2017-03-06","2017-03-06","2017-03-06","2017-03-06","2017-03-06","2017-03-06","2017-03-06","2017-03-06","2017-03-06","2017-03-06","2017-03-06","2017-03-06","2017-03-06","2017-03-06","2017-03-06","2017-03-06","2017-03-06","2017-03-06","2017-03-06","2017-03-06","2017-03-06","2017-03-06","2017-03-06","2017-03-06","2017-03-06","2017-03-06","2017-03-06","2017-03-06","2017-03-06","2017-03-06","2017-03-06","2017-03-06","2017-03-06","2017-03-06","2017-03-06","2017-03-06","2017-03-06","2017-03-06","2017-03-06","2017-03-06","2017-03-06","2017-03-06","2017-03-06","2017-03-06","2017-03-06","2017-03-06","2017-03-06","2017-03-06","2017-03-06","2017-03-06","2017-03-06","2017-03-06","2017-03-06","2017-03-06","2017-03-06","2017-03-06","2017-03-06","2017-03-06","2017-03-06","2017-03-06","2017-03-06","2017-03-06","2017-03-06","2017-03-06","2017-03-06","2017-03-06","2017-03-06","2017-03-06","2017-03-06","2017-03-06","2017-03-06","2017-03-06","2017-03-06","2017-03-06","2017-03-06","2017-03-06","2017-03-06","2017-03-06","2017-03-06","2017-03-06","2017-03-06","2017-03-06","2017-03-06","2017-03-06","2017-03-06","2017-03-06","2017-03-06","2017-03-06","2017-03-06","2017-03-06","2017-03-06","2017-03-06","2017-03-06","2017-03-06","2017-03-06","2017-03-06","2017-03-06","2017-03-06","2017-03-06","2017-03-06","2017-03-06","2017-03-06","2017-03-06","2017-03-06","2017-03-06","2017-03-06","2017-03-06","2017-03-06","2017-03-06","2017-03-06","2017-03-06","2017-03-06","2017-03-06","2017-03-06","2017-03-06","2017-03-06","2017-03-06","2017-03-06","2017-03-06","2017-03-06","2017-03-06","2017-03-06","2017-03-06","2017-03-06","2017-03-06","2017-03-06","2017-03-06","2017-03-06","2017-03-06","2017-03-06","2017-03-06","2017-03-06","2017-03-06","2017-03-06","2017-03-06","2017-03-06","2017-03-06","2017-03-06","2017-03-06","2017-03-06","2017-03-06","2017-03-06","2017-03-06","2017-03-06","2017-03-06","2017-03-06","2017-03-06","2017-03-06","2017-03-06","2017-03-06","2017-03-06","2017-03-06","2017-03-06","2017-03-06","2017-03-06","2017-03-06","2017-03-06","2017-03-06","2017-03-06","2017-03-06","2017-03-06","2017-03-06","2017-03-06","2017-03-06","2017-03-06","2017-03-06","2017-03-06","2017-03-06","2017-03-06","2017-03-06","2017-03-06","2017-03-06","2017-03-06","2017-03-06","2017-03-06","2017-03-06","2017-03-06","2017-03-06","2017-03-06","2017-03-06","2017-03-06","2017-03-06","2017-03-06","2017-03-06","2017-03-06","2017-03-06","2017-03-06","2017-03-06","2017-03-06","2017-03-06","2017-03-06","2017-03-06","2017-03-06","2017-03-06","2017-03-06","2017-03-06","2017-03-06","2017-03-06","2017-03-06","2017-03-06","2017-03-06","2017-03-06","2017-03-06","2017-03-06","2017-03-06","2017-03-06","2017-03-06","2017-03-06","2017-03-06","2017-03-06","2017-03-06","2017-03-06","2017-03-06","2017-03-06","2017-03-06","2017-03-06","2017-03-06","2017-03-06","2017-03-06","2017-03-06","2017-03-06","2017-03-06","2017-03-06","2017-03-06","2017-03-06","2017-03-06","2017-03-06","2017-03-06","2017-03-06","2017-03-06","2017-03-06","2017-03-06","2017-03-06","2017-03-06","2017-03-06","2017-03-06","2017-03-06","2017-03-06","2017-03-06","2017-03-06","2017-03-06","2017-03-06","2017-03-06","2017-03-06","2017-03-06","2017-03-06","2017-03-06","2017-03-06","2017-03-06","2017-03-06","2017-03-06","2017-03-06","2017-03-06","2017-03-06","2017-03-06","2017-03-06","2017-03-06","2017-03-06","2017-03-06","2017-03-06","2017-03-06","2017-03-06","2017-03-06","2017-03-06","2017-03-06","2017-03-06","2017-03-06","2017-03-06","2017-03-06","2017-03-06","2017-03-06","2017-03-06","2017-03-06","2017-03-06","2017-03-06","2017-03-06","2017-03-06","2017-03-06","2017-03-06","2017-03-06","2017-03-06","2017-03-06","2017-03-06","2017-03-06","2017-03-06","2017-03-06","2017-03-06","2017-03-06","2017-03-06","2017-03-06","2017-03-06","2017-03-06","2017-03-06","2017-03-06","2017-03-06","2017-03-06","2017-03-06","2017-03-06","2017-03-06","2017-03-06","2017-03-06","2017-03-06","2017-03-06","2017-03-06","2017-03-06","2017-03-06","2017-03-06","2017-03-06","2017-03-06","2017-03-06","2017-03-06","2017-03-06","2017-03-06","2017-03-06","2017-03-06","2017-03-06","2017-03-06","2017-03-06","2017-03-06","2017-03-06","2017-03-06","2017-03-06","2017-03-06","2017-03-06","2017-03-06","2017-03-06","2017-03-06","2017-03-06","2017-03-06","2017-03-06","2017-03-06","2017-03-06","2017-03-06","2017-03-06","2017-03-06","2017-03-06","2017-03-06","2017-03-06","2017-03-06","2017-03-06","2017-03-06","2017-03-06","2017-03-06","2017-03-06","2017-03-06","2017-03-06","2017-03-06","2017-03-06","2017-03-06","2017-03-06","2017-03-06","2017-03-06","2017-03-06","2017-03-06","2017-03-06","2017-03-06","2017-03-06","2017-03-06","2017-03-06","2017-03-06","2017-03-06","2017-03-06","2017-03-06","2017-03-06","2017-03-06","2017-03-06","2017-03-06","2017-03-06","2017-03-06","2017-03-06","2017-03-06","2017-03-06","2017-03-06","2017-03-06","2017-03-06","2017-03-06","2017-03-06","2017-03-06","2017-03-06","2017-03-06","2017-03-06","2017-03-06","2017-03-06","2017-03-06","2017-03-06","2017-03-06","2017-03-06","2017-03-06","2017-03-06","2017-03-06","2017-03-06","2017-03-06","2017-03-06","2017-03-06","2017-03-06","2017-03-06","2017-03-06","2017-03-06","2017-03-06","2017-03-06","2017-03-06","2017-03-06","2017-03-06","2017-03-06","2017-03-06","2017-03-06","2017-03-06","2017-03-06","2017-03-06","2017-03-06","2017-03-06","2017-03-06","2017-03-06","2017-03-06","2017-03-06","2017-03-06","2017-03-06","2017-03-06","2017-03-06","2017-03-06","2017-03-06","2017-03-06","2017-03-06","2017-03-06","2017-03-06","2017-03-06","2017-03-06","2017-03-06","2017-03-06","2017-03-06","2017-03-06","2017-03-06","2017-03-06","2017-03-06","2017-03-06","2017-03-06","2017-03-06","2017-03-06","2017-03-06","2017-03-06","2017-03-06","2017-03-06","2017-03-06","2017-03-06","2017-03-06","2017-03-06","2017-03-06","2017-03-06","2017-03-06","2017-03-06","2017-03-06","2017-03-06","2017-03-06","2017-03-06","2017-03-06","2017-03-06","2017-03-06","2017-03-06","2017-03-06","2017-03-06","2017-03-06","2017-03-06","2017-03-06","2017-03-06","2017-03-06","2017-03-06","2017-03-06","2017-03-06","2017-03-06","2017-03-06","2017-03-06","2017-03-06","2017-03-06","2017-03-06","2017-03-06","2017-03-06","2017-03-06","2017-03-06","2017-03-06","2017-03-06","2017-03-06","2017-03-06","2017-03-06","2017-03-06","2017-03-06","2017-03-06","2017-03-06","2017-03-06","2017-03-06","2017-03-06","2017-03-06","2017-03-06","2017-03-06","2017-03-06","2017-03-06","2017-03-06","2017-03-06","2017-03-06","2017-03-06","2017-03-06","2017-03-06","2017-03-06","2017-03-06","2017-03-06","2017-03-06","2017-03-06","2017-03-06","2017-03-06","2017-03-06","2017-03-06","2017-03-06","2017-03-06","2017-03-06","2017-03-06","2017-03-06","2017-03-06","2017-03-06","2017-03-06","2017-03-06","2017-03-06","2017-03-06","2017-03-06","2017-03-06","2017-03-06","2017-03-06","2017-03-06","2017-03-06","2017-03-06","2017-03-06","2017-03-06","2017-03-06","2017-03-06","2017-03-06","2017-03-06","2017-03-06","2017-03-06","2017-03-06","2017-03-06","2017-03-06","2017-03-06","2017-03-06","2017-03-06","2017-03-06","2017-03-06","2017-03-06","2017-03-06","2017-03-06","2017-03-06","2017-03-06","2017-03-06","2017-03-06","2017-03-06","2017-03-06","2017-03-06","2017-03-06","2017-03-06","2017-03-06","2017-03-06","2017-03-06","2017-03-06","2017-03-06","2017-03-06","2017-03-06","2017-03-06","2017-03-06","2017-03-06","2017-03-06","2017-03-06","2017-03-06","2017-03-06","2017-03-06","2017-03-06","2017-03-06","2017-03-06","2017-03-06","2017-03-06","2017-03-06","2017-03-06","2017-03-06","2017-03-06","2017-03-06","2017-03-06","2017-03-06","2017-03-06","2017-03-06","2017-03-06","2017-03-06","2017-03-06","2017-03-06","2017-03-06","2017-03-06","2017-03-06","2017-03-06","2017-03-06","2017-03-06","2017-03-06","2017-03-06","2017-03-06","2017-03-06","2017-03-06","2017-03-06","2017-03-06","2017-03-06","2017-03-06","2017-03-06","2017-03-06","2017-03-06","2017-03-06","2017-03-06","2017-03-06","2017-03-06","2017-03-06","2017-03-06","2017-03-06","2017-03-06","2017-03-06","2017-03-06","2017-03-06","2017-03-06","2017-03-06","2017-03-06","2017-03-06","2017-03-06","2017-03-06","2017-03-06","2017-03-06","2017-03-06","2017-03-06","2017-03-06","2017-03-06","2017-03-06","2017-03-06","2017-03-06","2017-03-06","2017-03-06","2017-03-06","2017-03-06","2017-03-06","2017-03-06","2017-03-06","2017-03-06","2017-03-06","2017-03-06","2017-03-06","2017-03-06","2017-03-06","2017-03-06","2017-03-06","2017-03-06","2017-03-06","2017-03-06","2017-03-06","2017-03-06","2017-03-06","2017-03-06","2017-03-06","2017-03-06","2017-03-06","2017-03-06","2017-03-06","2017-03-06","2017-03-06","2017-03-06","2017-03-06","2017-03-06","2017-03-06","2017-03-06","2017-03-06","2017-03-06","2017-03-06","2017-03-06","2017-03-06","2017-03-06","2017-03-06","2017-03-06","2017-03-06","2017-03-06","2017-03-06","2017-03-06","2017-03-06","2017-03-06","2017-03-06","2017-03-06","2017-03-06","2017-03-06","2017-03-06","2017-03-06","2017-03-06","2017-03-06","2017-03-06","2017-03-06","2017-03-06","2017-03-06","2017-03-06","2017-03-06","2017-03-06","2017-03-06","2017-03-06","2017-03-06","2017-03-06","2017-03-06","2017-03-06","2017-03-06","2017-03-06","2017-03-06","2017-03-06","2017-03-06","2017-03-06","2017-03-06","2017-03-06","2017-03-06","2017-03-06","2017-03-06","2017-03-06","2017-03-06","2017-03-06","2017-03-06","2017-03-06","2017-03-06","2017-03-06","2017-03-06","2017-03-06","2017-03-06","2017-03-06","2017-03-06","2017-03-06","2017-03-06","2017-03-06","2017-03-06","2017-03-06","2017-03-06","2017-03-06","2017-03-06","2017-03-06","2017-03-06","2017-03-06","2017-03-06","2017-03-06","2017-03-06","2017-03-06","2017-03-06","2017-03-06","2017-03-06","2017-03-06","2017-03-06","2017-03-06","2017-03-06","2017-03-06","2017-03-06","2017-03-06","2017-03-06","2017-03-06","2017-03-06","2017-03-06","2017-03-06","2017-03-06","2017-03-06","2017-03-06","2017-03-06","2017-03-06","2017-03-06","2017-03-06","2017-03-06","2017-03-06","2017-03-06","2017-03-06","2017-03-06","2017-03-06","2017-03-06","2017-03-06","2017-03-06","2017-03-06","2017-03-06","2017-03-06","2017-03-06","2017-03-06","2017-03-06","2017-03-06","2017-03-06","2017-03-06","2017-03-06","2017-03-06","2017-03-06","2017-03-06","2017-03-06","2017-03-06","2017-03-06","2017-03-06","2017-03-06","2017-03-06","2017-03-06","2017-03-06","2017-03-06","2017-03-06","2017-03-06","2017-03-06","2017-03-06","2017-03-06","2017-03-06","2017-03-06","2017-03-06","2017-03-06","2017-03-06","2017-03-06","2017-03-06","2017-03-06","2017-03-06","2017-03-06","2017-03-06","2017-03-06","2017-03-06","2017-03-06","2017-03-06","2017-03-06","2017-03-06","2017-03-06","2017-03-06","2017-03-06","2017-03-06","2017-03-06","2017-03-06","2017-03-06","2017-03-06","2017-03-06","2017-03-06","2017-03-06","2017-03-06","2017-03-06","2017-03-06","2017-03-06","2017-03-06","2017-03-06","2017-03-06","2017-03-06","2017-03-06","2017-03-06","2017-03-06","2017-03-06","2017-03-06","2017-03-06","2017-03-06","2017-03-06","2017-03-06","2017-03-06","2017-03-06","2017-03-06","2017-03-06","2017-03-06","2017-03-06","2017-03-06","2017-03-06","2017-03-06","2017-03-06","2017-03-06","2017-03-06","2017-03-06","2017-03-06","2017-03-06","2017-03-06","2017-03-06","2017-03-06","2017-03-06","2017-03-06","2017-03-06","2017-03-06","2017-03-06","2017-03-06","2017-03-06","2017-03-06","2017-03-06","2017-03-06","2017-03-06","2017-03-06","2017-03-06","2017-03-06","2017-03-06","2017-03-06","2017-03-06","2017-03-06","2017-03-06","2017-03-06","2017-03-06","2017-03-06","2017-03-06","2017-03-06","2017-03-06","2017-03-06","2017-03-06","2017-03-06","2017-03-06","2017-03-06","2017-03-06","2017-03-06","2017-03-06","2017-03-06","2017-03-06","2017-03-06","2017-03-06","2017-03-06","2017-03-06","2017-03-06","2017-03-06","2017-03-06","2017-03-06","2017-03-06","2017-03-06","2017-03-06","2017-03-06","2017-03-06","2017-03-06","2017-03-06","2017-03-06","2017-03-06","2017-03-06","2017-03-06","2017-03-06","2017-03-06","2017-03-06","2017-03-06","2017-03-06","2017-03-06","2017-03-06","2017-03-06","2017-03-06","2017-03-06","2017-03-06","2017-03-06","2017-03-06","2017-03-06","2017-03-06","2017-03-06","2017-03-06","2017-03-06","2017-03-06","2017-03-06","2017-03-06","2017-03-06","2017-03-06","2017-03-06","2017-03-06","2017-03-06","2017-03-06","2017-03-06","2017-03-06","2017-03-06","2017-03-06","2017-03-06","2017-03-06","2017-03-06","2017-03-06","2017-03-06","2017-03-06","2017-03-06","2017-03-06","2017-03-06","2017-03-06","2017-03-06","2017-03-06","2017-03-06","2017-03-06","2017-03-06","2017-03-06","2017-03-06","2017-03-06","2017-03-06","2017-03-06","2017-03-06","2017-03-06","2017-03-06","2017-03-06","2017-03-06","2017-03-06","2017-03-06","2017-03-06","2017-03-06","2017-03-06","2017-03-06","2017-03-06","2017-03-06","2017-03-06","2017-03-06","2017-03-06","2017-03-06","2017-03-06","2017-03-06","2017-03-06","2017-03-06","2017-03-06","2017-03-06","2017-03-06","2017-03-06","2017-03-06","2017-03-06","2017-03-06","2017-03-06","2017-03-06","2017-03-06","2017-03-06","2017-03-06","2017-03-06","2017-03-06","2017-03-06","2017-03-06","2017-03-06","2017-03-06","2017-03-06","2017-03-06","2017-03-06","2017-03-06","2017-03-06","2017-03-06","2017-03-06","2017-03-06","2017-03-06","2017-03-06","2017-03-06","2017-03-06","2017-03-06","2017-03-06","2017-03-06","2017-03-06","2017-03-06","2017-03-06","2017-03-06","2017-03-06","2017-03-06","2017-03-06","2017-03-06","2017-03-06","2017-03-06","2017-03-06","2017-03-06","2017-03-06","2017-03-06","2017-03-06","2017-03-06","2017-03-06","2017-03-06","2017-03-06","2017-03-06","2017-03-06","2017-03-06","2017-03-06","2017-03-06","2017-03-06","2017-03-06","2017-03-06","2017-03-06","2017-03-06","2017-03-06","2017-03-06","2017-03-06","2017-03-06","2017-03-06","2017-03-06","2017-03-06","2017-03-06","2017-03-06","2017-03-06","2017-03-06","2017-03-06","2017-03-06","2017-03-06","2017-03-06","2017-03-06","2017-03-06","2017-03-06","2017-03-06","2017-03-06","2017-03-06","2017-03-06","2017-03-06","2017-03-06","2017-03-06","2017-03-06","2017-03-06","2017-03-06","2017-03-06","2017-03-06","2017-03-06","2017-03-06","2017-03-06","2017-03-06","2017-03-06","2017-03-06","2017-03-06","2017-03-06","2017-03-06","2017-03-06","2017-03-06","2017-03-06","2017-03-06","2017-03-06","2017-03-06","2017-03-06","2017-03-06","2017-03-06","2017-03-06","2017-03-06","2017-03-06","2017-03-06","2017-03-06","2017-03-06","2017-03-06","2017-03-06","2017-03-06","2017-03-06","2017-03-06","2017-03-06","2017-03-06","2017-03-06","2017-03-06","2017-03-06","2017-03-06","2017-03-06","2017-03-06","2017-03-06","2017-03-06","2017-03-06","2017-03-06","2017-03-06","2017-03-06","2017-03-06","2017-03-06","2017-03-06","2017-03-06","2017-03-06","2017-03-06","2017-03-06","2017-03-06","2017-03-06","2017-03-06","2017-03-06","2017-03-06","2017-03-06","2017-03-06","2017-03-06","2017-03-06","2017-03-06","2017-03-06","2017-03-06","2017-03-06","2017-03-06","2017-03-06","2017-03-06","2017-03-06","2017-03-06","2017-03-06","2017-03-06","2017-03-06","2017-03-06","2017-03-06","2017-03-06","2017-03-06","2017-03-06","2017-03-06","2017-03-06","2017-03-06","2017-03-06","2017-03-06","2017-03-06","2017-03-06","2017-03-06","2017-03-06","2017-03-06","2017-03-06","2017-03-06","2017-03-06","2017-03-06","2017-03-06","2017-03-06","2017-03-06","2017-03-06","2017-03-06","2017-03-06","2017-03-06","2017-03-06","2017-03-06","2017-03-06","2017-03-06","2017-03-06","2017-03-06","2017-03-06","2017-03-06","2017-03-06","2017-03-06","2017-03-06","2017-03-06","2017-03-06","2017-03-06","2017-03-06","2017-03-06","2017-03-06","2017-03-06","2017-03-06","2017-03-06","2017-03-06","2017-03-06","2017-03-06","2017-03-06","2017-03-06","2017-03-06","2017-03-06","2017-03-06","2017-03-06","2017-03-06","2017-03-06","2017-03-06","2017-03-06","2017-03-06","2017-03-06","2017-03-06","2017-03-06","2017-03-06","2017-03-06","2017-03-06","2017-03-06","2017-03-06","2017-03-06","2017-03-06","2017-03-06","2017-03-06","2017-03-06","2017-03-06","2017-03-06","2017-03-06","2017-03-06","2017-03-06","2017-03-06","2017-03-06","2017-03-06","2017-03-06","2017-03-06","2017-03-06","2017-03-06","2017-03-06","2017-03-06","2017-03-06","2017-03-06","2017-03-06","2017-03-06","2017-03-06","2017-03-06","2017-03-06","2017-03-06","2017-03-06","2017-03-06","2017-03-06","2017-03-06","2017-03-06","2017-03-06","2017-03-06","2017-03-06","2017-03-06","2017-03-06","2017-03-06","2017-03-06","2017-03-06","2017-03-06","2017-03-06","2017-03-06","2017-03-06","2017-03-06","2017-03-06","2017-03-06","2017-03-06","2017-03-06","2017-03-06","2017-03-06","2017-03-06","2017-03-06","2017-03-06","2017-03-06","2017-03-06","2017-03-06","2017-03-06","2017-03-06","2017-03-06","2017-03-06","2017-03-06","2017-03-06","2017-03-06","2017-03-06","2017-03-06","2017-03-06","2017-03-06","2017-03-06","2017-03-06","2017-03-06","2017-03-06","2017-03-06","2017-03-06","2017-03-06","2017-03-06","2017-03-06","2017-03-06","2017-03-06","2017-03-06","2017-03-06","2017-03-06","2017-03-06","2017-03-06","2017-03-06","2017-03-06","2017-03-06","2017-03-06","2017-03-06","2017-03-06","2017-03-06","2017-03-06","2017-03-06","2017-03-06","2017-03-06","2017-03-06","2017-03-06","2017-03-06","2017-03-06","2017-03-06","2017-03-06","2017-03-06","2017-03-06","2017-03-06","2017-03-06","2017-03-06","2017-03-06","2017-03-06","2017-03-06","2017-03-06","2017-03-06","2017-03-06","2017-03-06","2017-03-06","2017-03-06","2017-03-06","2017-03-06","2017-03-06","2017-03-06","2017-03-06","2017-03-06","2017-03-06","2017-03-06","2017-03-06","2017-03-06","2017-03-06","2017-03-06","2017-03-06","2017-03-06","2017-03-06","2017-03-06","2017-03-06","2017-03-06","2017-03-06","2017-03-06","2017-03-06","2017-03-06","2017-03-06","2017-03-06","2017-03-06","2017-03-06","2017-03-06","2017-03-06","2017-03-06","2017-03-06","2017-03-06","2017-03-06","2017-03-06","2017-03-06","2017-03-06","2017-03-06","2017-03-06","2017-03-06","2017-03-06","2017-03-06","2017-03-06","2017-03-06","2017-03-06","2017-03-06","2017-03-06","2017-03-06","2017-03-06","2017-03-06","2017-03-06","2017-03-06","2017-03-06","2017-03-06","2017-03-06","2017-03-06","2017-03-06","2017-03-06","2017-03-06","2017-03-06","2017-03-06","2017-03-06","2017-03-06","2017-03-06","2017-03-06","2017-03-06","2017-03-06","2017-03-06","2017-03-06","2017-03-06","2017-03-06","2017-03-06","2017-03-06","2017-03-06","2017-03-06","2017-03-06","2017-03-06","2017-03-06","2017-03-06","2017-03-06","2017-03-06","2017-03-06","2017-03-06","2017-03-06","2017-03-06","2017-03-06","2017-03-06","2017-03-06","2017-03-06","2017-03-06","2017-03-06","2017-03-06","2017-03-06","2017-03-06","2017-03-06","2017-03-06","2017-03-06","2017-03-06","2017-03-06","2017-03-06","2017-03-06","2017-03-06","2017-03-06","2017-03-06","2017-03-06","2017-03-06","2017-03-06","2017-03-06","2017-03-06","2017-03-06","2017-03-06","2017-03-06","2017-03-06","2017-03-06","2017-03-06","2017-03-06","2017-03-06","2017-03-06","2017-03-06","2017-03-06","2017-03-06","2017-03-06","2017-03-06","2017-03-06","2017-03-06","2017-03-06","2017-03-06","2017-03-06","2017-03-06","2017-03-06","2017-03-06","2017-03-06","2017-03-06","2017-03-06","2017-03-06","2017-03-06","2017-03-06","2017-03-06","2017-03-06","2017-03-06","2017-03-06","2017-03-06","2017-03-06","2017-03-06","2017-03-06","2017-03-06","2017-03-06","2017-03-06","2017-03-06","2017-03-06","2017-03-06","2017-03-06","2017-03-06","2017-03-06","2017-03-06","2017-03-06","2017-03-06","2017-03-06","2017-03-06","2017-03-06","2017-03-06","2017-03-06","2017-03-06","2017-03-06","2017-03-06","2017-03-06","2017-03-06","2017-03-06","2017-03-06","2017-03-06","2017-03-06","2017-03-06","2017-03-06","2017-03-06","2017-03-06","2017-03-06","2017-03-06","2017-03-06","2017-03-06","2017-03-06","2017-03-06","2017-03-06","2017-03-06","2017-03-06","2017-03-06","2017-03-06","2017-03-06","2017-03-06","2017-03-06","2017-03-06","2017-03-06","2017-03-06","2017-03-06","2017-03-06","2017-03-06","2017-03-06","2017-03-06","2017-03-06","2017-03-06","2017-03-06","2017-03-06","2017-03-06","2017-03-06","2017-03-06","2017-03-06","2017-03-06","2017-03-06","2017-03-06","2017-03-06","2017-03-06","2017-03-06","2017-03-06","2017-03-06","2017-03-06","2017-03-06","2017-03-06","2017-03-06","2017-03-06","2017-03-06","2017-03-06","2017-03-06","2017-03-06","2017-03-06","2017-03-06","2017-03-06","2017-03-06","2017-03-06","2017-03-06","2017-03-06","2017-03-06","2017-03-06","2017-03-06","2017-03-06","2017-03-06","2017-03-06","2017-03-06","2017-03-06","2017-03-06","2017-03-06","2017-03-06","2017-03-06","2017-03-06","2017-03-06","2017-03-06","2017-03-06","2017-03-06","2017-03-06","2017-03-06","2017-03-06","2017-03-06","2017-03-06","2017-03-06","2017-03-06","2017-03-06","2017-03-06","2017-03-06","2017-03-06","2017-03-06","2017-03-06","2017-03-06","2017-03-06","2017-03-06","2017-03-06","2017-03-06","2017-03-06","2017-03-06","2017-03-06","2017-03-06","2017-03-06","2017-03-06","2017-03-06","2017-03-06","2017-03-06","2017-03-06","2017-03-06","2017-03-06","2017-03-06","2017-03-06","2017-03-06","2017-03-06","2017-03-06","2017-03-06","2017-03-06","2017-03-06","2017-03-06","2017-03-06","2017-03-06","2017-03-06","2017-03-06","2017-03-06","2017-03-06","2017-03-06","2017-03-06","2017-03-06","2017-03-06","2017-03-06","2017-03-06","2017-03-06","2017-03-06","2017-03-06","2017-03-06","2017-03-06","2017-03-06","2017-03-06","2017-03-06","2017-03-06","2017-03-06","2017-03-06","2017-03-06","2017-03-06","2017-03-06","2017-03-06","2017-03-06","2017-03-06","2017-03-06","2017-03-06","2017-03-06","2017-03-06","2017-03-06","2017-03-06","2017-03-06","2017-03-06","2017-03-06","2017-03-06","2017-03-06","2017-03-06","2017-03-06","2017-03-06","2017-03-06","2017-03-06","2017-03-06","2017-03-06","2017-03-06","2017-03-06","2017-03-06","2017-03-06","2017-03-06","2017-03-06","2017-03-06","2017-03-06","2017-03-06","2017-03-06","2017-03-06","2017-03-06","2017-03-06","2017-03-06","2017-03-06","2017-03-06","2017-03-06","2017-03-06","2017-03-06","2017-03-06","2017-03-06","2017-03-06","2017-03-06","2017-03-06","2017-03-06","2017-03-06","2017-03-06","2017-03-06","2017-03-06","2017-03-06","2017-03-06","2017-03-06","2017-03-06","2017-03-06","2017-03-06","2017-03-06","2017-03-06","2017-03-06","2017-03-06","2017-03-06","2017-03-06","2017-03-06","2017-03-06","2017-03-06","2017-03-06","2017-03-06","2017-03-06","2017-03-06","2017-03-06","2017-03-06","2017-03-06","2017-03-06","2017-03-06","2017-03-06","2017-03-06","2017-03-06","2017-03-06","2017-03-06","2017-03-06","2017-03-06","2017-03-06","2017-03-06","2017-03-06","2017-03-06","2017-03-06","2017-03-06","2017-03-06","2017-03-06","2017-03-06","2017-03-06","2017-03-06","2017-03-06","2017-03-06","2017-03-06","2017-03-06","2017-03-06","2017-03-06","2017-03-06","2017-03-06","2017-03-06","2017-03-06","2017-03-06","2017-03-06","2017-03-06","2017-03-06","2017-03-06","2017-03-06","2017-03-06","2017-03-06","2017-03-06","2017-03-06","2017-03-06","2017-03-06","2017-03-06","2017-03-06","2017-03-06","2017-03-06","2017-03-06","2017-03-06","2017-03-06","2017-03-06","2017-03-06","2017-03-06","2017-03-06","2017-03-06","2017-03-06","2017-03-06","2017-03-06","2017-03-06","2017-03-06","2017-03-06","2017-03-06","2017-03-06","2017-03-06","2017-03-06","2017-03-06","2017-03-06","2017-03-06","2017-03-06","2017-03-06","2017-03-06","2017-03-06","2017-03-06","2017-03-06","2017-03-06","2017-03-06","2017-03-06","2017-03-06","2017-03-06","2017-03-06","2017-03-06","2017-03-06","2017-03-06","2017-03-06","2017-03-06","2017-03-06","2017-03-06","2017-03-06","2017-03-06","2017-03-06","2017-03-06","2017-03-06","2017-03-06","2017-03-06","2017-03-06","2017-03-06","2017-03-06","2017-03-06","2017-03-06","2017-03-06","2017-03-06","2017-03-06","2017-03-06","2017-03-06","2017-03-06","2017-03-06","2017-03-06","2017-03-06","2017-03-06","2017-03-06","2017-03-06","2017-03-06","2017-03-06","2017-03-06","2017-03-06","2017-03-06","2017-03-06","2017-03-06","2017-03-06","2017-03-06","2017-03-06","2017-03-06","2017-03-06","2017-03-06","2017-03-06","2017-03-06","2017-03-06","2017-03-06","2017-03-06","2017-03-06","2017-03-06","2017-03-06","2017-03-06","2017-03-06","2017-03-06","2017-03-06","2017-03-06","2017-03-06","2017-03-06","2017-03-06","2017-03-06","2017-03-06","2017-03-06","2017-03-06","2017-03-06","2017-03-06","2017-03-06","2017-03-06","2017-03-06","2017-03-06","2017-03-06","2017-03-06","2017-03-06","2017-03-06","2017-03-06","2017-03-06","2017-03-06","2017-03-06","2017-03-06","2017-03-06","2017-03-06","2017-03-06","2017-03-06","2017-03-06","2017-03-06","2017-03-06","2017-03-06","2017-03-06","2017-03-06","2017-03-06","2017-03-06","2017-03-06","2017-03-06","2017-03-06","2017-03-06","2017-03-06","2017-03-06","2017-03-06","2017-03-06","2017-03-06","2017-03-06","2017-03-06","2017-03-06","2017-03-06","2017-03-06","2017-03-06","2017-03-06","2017-03-06","2017-03-06","2017-03-06","2017-03-06","2017-03-06","2017-03-06","2017-03-06","2017-03-06","2017-03-06","2017-03-06","2017-03-06","2017-03-06","2017-03-06","2017-03-06","2017-03-06","2017-03-06","2017-03-06","2017-03-06","2017-03-06","2017-03-06","2017-03-06","2017-03-06","2017-03-06","2017-03-06","2017-03-06","2017-03-06","2017-03-06","2017-03-06","2017-03-06","2017-03-06","2017-03-06","2017-03-06","2017-03-06","2017-03-06","2017-03-06","2017-03-06","2017-03-06","2017-03-06","2017-03-06","2017-03-06","2017-03-06","2017-03-06","2017-03-06","2017-03-06","2017-03-06","2017-03-06","2017-03-06","2017-03-06","2017-03-06","2017-03-06","2017-03-06","2017-03-06","2017-03-06","2017-03-06","2017-03-06","2017-03-06","2017-03-06","2017-03-06","2017-03-06","2017-03-06","2017-03-06","2017-03-06","2017-03-06","2017-03-06","2017-03-06","2017-03-06","2017-03-06","2017-03-06","2017-03-06","2017-03-06","2017-03-06","2017-03-06","2017-03-06","2017-03-06","2017-03-06","2017-03-06","2017-03-06","2017-03-06","2017-03-06","2017-03-06","2017-03-06","2017-03-06","2017-03-06","2017-03-06","2017-03-06","2017-03-06","2017-03-06","2017-03-06","2017-03-06","2017-03-06","2017-03-06","2017-03-06","2017-03-06","2017-03-06","2017-03-06","2017-03-06","2017-03-06","2017-03-06","2017-03-06","2017-03-06","2017-03-06","2017-03-06","2017-03-06","2017-03-06","2017-03-06","2017-03-06","2017-03-06","2017-03-06","2017-03-06","2017-03-06","2017-03-06","2017-03-06","2017-03-06","2017-03-06","2017-03-06","2017-03-06","2017-03-06","2017-03-06","2017-03-06","2017-03-06","2017-03-06","2017-03-06","2017-03-06","2017-03-06","2017-03-06","2017-03-06","2017-03-06","2017-03-06","2017-03-06","2017-03-06","2017-03-06","2017-03-06","2017-03-06","2017-03-06","2017-03-06","2017-03-06","2017-03-06","2017-03-06","2017-03-06","2017-03-06","2017-03-06","2017-03-06","2017-03-06","2017-03-06","2017-03-06","2017-03-06","2017-03-06","2017-03-06","2017-03-06","2017-03-06","2017-03-06","2017-03-06","2017-03-06","2017-03-06","2017-03-06","2017-03-06","2017-03-06","2017-03-06","2017-03-06","2017-03-06","2017-03-06","2017-03-06","2017-03-06","2017-03-06","2017-03-06","2017-03-06","2017-03-06","2017-03-06","2017-03-06","2017-03-06","2017-03-06","2017-03-06","2017-03-06","2017-03-06","2017-03-06","2017-03-06","2017-03-06","2017-03-06","2017-03-06","2017-03-06","2017-03-06","2017-03-06","2017-03-06","2017-03-06","2017-03-06","2017-03-06","2017-03-06","2017-03-06","2017-03-06","2017-03-06","2017-03-06","2017-03-06","2017-03-06","2017-03-06","2017-03-06","2017-03-06","2017-03-06","2017-03-06","2017-03-06","2017-03-06","2017-03-06","2017-03-06","2017-03-06","2017-03-06","2017-03-06","2017-03-06","2017-03-06","2017-03-06","2017-03-06","2017-03-06","2017-03-06","2017-03-06","2017-03-06","2017-03-06","2017-03-06","2017-03-06","2017-03-06","2017-03-06","2017-03-06","2017-03-06","2017-03-06","2017-03-06","2017-03-06","2017-03-06","2017-03-06","2017-03-06","2017-03-06","2017-03-06","2017-03-06","2017-03-06","2017-03-06","2017-03-06","2017-03-06","2017-03-06","2017-03-06","2017-03-06","2017-03-06","2017-03-06","2017-03-06","2017-03-06","2017-03-06","2017-03-06","2017-03-06","2017-03-06","2017-03-06","2017-03-06","2017-03-06","2017-03-06","2017-03-06","2017-03-06","2017-03-06","2017-03-06","2017-03-06","2017-03-06","2017-03-06","2017-03-06","2017-03-06","2017-03-06","2017-03-06","2017-03-06","2017-03-06","2017-03-06","2017-03-06","2017-03-06","2017-03-06","2017-03-06","2017-03-06","2017-03-06","2017-03-06","2017-03-06","2017-03-06","2017-03-06","2017-03-06","2017-03-06","2017-03-06","2017-03-06","2017-03-06","2017-03-06","2017-03-06","2017-03-06","2017-03-06","2017-03-06","2017-03-06","2017-03-06","2017-03-06","2017-03-06","2017-03-06","2017-03-06","2017-03-06","2017-03-06","2017-03-06","2017-03-06","2017-03-06","2017-03-06","2017-03-06","2017-03-06","2017-03-06","2017-03-06","2017-03-06","2017-03-06","2017-03-06","2017-03-06","2017-03-06","2017-03-06","2017-03-06","2017-03-06","2017-03-06","2017-03-06","2017-03-06","2017-03-06","2017-03-06","2017-03-06","2017-03-06","2017-03-06","2017-03-06","2017-03-06","2017-03-06","2017-03-06","2017-03-06","2017-03-06","2017-03-06","2017-03-06","2017-03-06","2017-03-06","2017-03-06","2017-03-06","2017-03-06","2017-03-06","2017-03-06","2017-03-06","2017-03-06","2017-03-06","2017-03-06","2017-03-06","2017-03-06","2017-03-06","2017-03-06","2017-03-06","2017-03-06","2017-03-06","2017-03-06","2017-03-06","2017-03-06","2017-03-06","2017-03-06","2017-03-06","2017-03-06","2017-03-06","2017-03-06","2017-03-06","2017-03-06","2017-03-06","2017-03-06","2017-03-06","2017-03-06","2017-03-06","2017-03-06","2017-03-06","2017-03-06","2017-03-06","2017-03-06","2017-03-06","2017-03-06","2017-03-06","2017-03-06","2017-03-06","2017-03-06","2017-03-06","2017-03-06","2017-03-06","2017-03-06","2017-03-06","2017-03-06","2017-03-06","2017-03-06","2017-03-06","2017-03-06","2017-03-06","2017-03-06","2017-03-06","2017-03-06","2017-03-06","2017-03-06","2017-03-06","2017-03-06","2017-03-06","2017-03-06","2017-03-06","2017-03-06","2017-03-06","2017-03-06","2017-03-06","2017-03-06","2017-03-06","2017-03-06","2017-03-06","2017-03-06","2017-03-06","2017-03-06","2017-03-06","2017-03-06","2017-03-06","2017-03-06","2017-03-06","2017-03-06","2017-03-06","2017-03-06","2017-03-06","2017-03-06","2017-03-06","2017-03-06","2017-03-06","2017-03-06","2017-03-06","2017-03-06","2017-03-06","2017-03-06","2017-03-06","2017-03-06","2017-03-06","2017-03-06","2017-03-06","2017-03-06","2017-03-06","2017-03-06","2017-03-06","2017-03-06","2017-03-06","2017-03-06","2017-03-06","2017-03-06","2017-03-06","2017-03-06","2017-03-06","2017-03-06","2017-03-06","2017-03-06","2017-03-06","2017-03-06","2017-03-06","2017-03-06","2017-03-06","2017-03-06","2017-03-06","2017-03-06","2017-03-06","2017-03-06","2017-03-06","2017-03-06","2017-03-06","2017-03-06","2017-03-06","2017-03-06","2017-03-06","2017-03-06","2017-03-06","2017-03-06","2017-03-06","2017-03-06","2017-03-06","2017-03-06","2017-03-06","2017-03-06","2017-03-06","2017-03-06","2017-03-06","2017-03-06","2017-03-06","2017-03-06","2017-03-06","2017-03-06","2017-03-06","2017-03-06","2017-03-06","2017-03-06","2017-03-06","2017-03-06","2017-03-06","2017-03-06","2017-03-06","2017-03-06","2017-03-06","2017-03-06","2017-03-06","2017-03-06","2017-03-06","2017-03-06","2017-03-06","2017-03-06","2017-03-06","2017-03-06","2017-03-06","2017-03-06","2017-03-06","2017-03-06","2017-03-06","2017-03-06","2017-03-06","2017-03-06","2017-03-06","2017-03-06","2017-03-06","2017-03-06","2017-03-06","2017-03-06","2017-03-06","2017-03-06","2017-03-06","2017-03-06","2017-03-06","2017-03-06","2017-03-06","2017-03-06","2017-03-06","2017-03-06","2017-03-06","2017-03-06","2017-03-06","2017-03-06","2017-03-06","2017-03-06","2017-03-06","2017-03-06","2017-03-06","2017-03-06","2017-03-06","2017-03-06","2017-03-06","2017-03-06","2017-03-06","2017-03-06","2017-03-06","2017-03-06","2017-03-06","2017-03-06","2017-03-06","2017-03-06","2017-03-06","2017-03-06","2017-03-06","2017-03-06","2017-03-06","2017-03-06","2017-03-06","2017-03-06","2017-03-06","2017-03-06","2017-03-06","2017-03-06","2017-03-06","2017-03-06","2017-03-06","2017-03-06","2017-03-06","2017-03-06","2017-03-06","2017-03-06","2017-03-06","2017-03-06","2017-03-06","2017-03-06","2017-03-06","2017-03-06","2017-03-06","2017-03-06","2017-03-06","2017-03-06","2017-03-06","2017-03-06","2017-03-06","2017-03-06","2017-03-06","2017-03-06","2017-03-06","2017-03-06","2017-03-06","2017-03-06","2017-03-06","2017-03-06","2017-03-06","2017-03-06","2017-03-06","2017-03-06","2017-03-06","2017-03-06","2017-03-06","2017-03-06","2017-03-06","2017-03-06","2017-03-06","2017-03-06","2017-03-06","2017-03-06","2017-03-06","2017-03-06","2017-03-06","2017-03-06","2017-03-06","2017-03-06","2017-03-06","2017-03-06","2017-03-06","2017-03-06","2017-03-06","2017-03-06","2017-03-06","2017-03-06","2017-03-06","2017-03-06","2017-03-06","2017-03-06","2017-03-06","2017-03-06","2017-03-06","2017-03-06","2017-03-06","2017-03-06","2017-03-06","2017-03-06","2017-03-06","2017-03-06","2017-03-06","2017-03-06","2017-03-06","2017-03-06","2017-03-06","2017-03-06","2017-03-06","2017-03-06","2017-03-06","2017-03-06","2017-03-06","2017-03-06","2017-03-06","2017-03-06","2017-03-06","2017-03-06","2017-03-06","2017-03-06","2017-03-06","2017-03-06","2017-03-06","2017-03-06","2017-03-06","2017-03-06","2017-03-06","2017-03-06","2017-03-06","2017-03-06","2017-03-06","2017-03-06","2017-03-06","2017-03-06","2017-03-06","2017-03-06","2017-03-06","2017-03-06","2017-03-06","2017-03-06","2017-03-06","2017-03-06","2017-03-06","2017-03-06","2017-03-06","2017-03-06","2017-03-06","2017-03-06","2017-03-06","2017-03-06","2017-03-06","2017-03-06","2017-03-06","2017-03-06","2017-03-06","2017-03-06","2017-03-06","2017-03-06","2017-03-06","2017-03-06","2017-03-06","2017-03-06","2017-03-06","2017-03-06","2017-03-06","2017-03-06","2017-03-06","2017-03-06","2017-03-06","2017-03-06","2017-03-06","2017-03-06","2017-03-06","2017-03-06","2017-03-06","2017-03-06","2017-03-06","2017-03-06","2017-03-06","2017-03-06","2017-03-06","2017-03-06","2017-03-06","2017-03-06","2017-03-06","2017-03-06","2017-03-06","2017-03-06","2017-03-06","2017-03-06","2017-03-06","2017-03-06","2017-03-06","2017-03-06","2017-03-06","2017-03-06","2017-03-06","2017-03-06","2017-03-06","2017-03-06","2017-03-06","2017-03-06","2017-03-06","2017-03-06","2017-03-06","2017-03-06","2017-03-06","2017-03-06","2017-03-06","2017-03-06","2017-03-06","2017-03-06","2017-03-06","2017-03-06","2017-03-06","2017-03-06","2017-03-06","2017-03-06","2017-03-06","2017-03-06","2017-03-06","2017-03-06","2017-03-06","2017-03-06","2017-03-06","2017-03-06","2017-03-06","2017-03-06","2017-03-06","2017-03-06","2017-03-06","2017-03-06","2017-03-06","2017-03-06","2017-03-06","2017-03-06","2017-03-06","2017-03-06","2017-03-06","2017-03-06","2017-03-06","2017-03-06","2017-03-06","2017-03-06","2017-03-06","2017-03-06","2017-03-06","2017-03-06","2017-03-06","2017-03-06","2017-03-06","2017-03-06","2017-03-06","2017-03-06","2017-03-06","2017-03-06","2017-03-06","2017-03-06","2017-03-06","2017-03-06","2017-03-06","2017-03-06","2017-03-06","2017-03-06","2017-03-06","2017-03-06","2017-03-06","2017-03-06","2017-03-06","2017-03-06","2017-03-06","2017-03-06","2017-03-06","2017-03-06","2017-03-06","2017-03-06","2017-03-06","2017-03-06","2017-03-06","2017-03-06","2017-03-06","2017-03-06","2017-03-06","2017-03-06","2017-03-06","2017-03-06","2017-03-06","2017-03-06","2017-03-06","2017-03-06","2017-03-06","2017-03-06","2017-03-06","2017-03-06","2017-03-06","2017-03-06","2017-03-06","2017-03-06","2017-03-06","2017-03-06","2017-03-06","2017-03-06","2017-03-06","2017-03-06","2017-03-06","2017-03-06","2017-03-06","2017-03-06","2017-03-06","2017-03-06","2017-03-06","2017-03-06","2017-03-06","2017-03-06","2017-03-06","2017-03-06","2017-03-06","2017-03-06","2017-03-06","2017-03-06","2017-03-06","2017-03-06","2017-03-06","2017-03-06","2017-03-06","2017-03-06","2017-03-06","2017-03-06","2017-03-06","2017-03-06","2017-03-06","2017-03-06","2017-03-06","2017-03-06","2017-03-06","2017-03-06","2017-03-06","2017-03-06","2017-03-06","2017-03-06","2017-03-06","2017-03-06","2017-03-06","2017-03-06","2017-03-06","2017-03-06","2017-03-06","2017-03-06","2017-03-06","2017-03-06","2017-03-06","2017-03-06","2017-03-06","2017-03-06","2017-03-06","2017-03-06","2017-03-06","2017-03-06","2017-03-06","2017-03-06","2017-03-06","2017-03-06","2017-03-06","2017-03-06","2017-03-06","2017-03-06","2017-03-06","2017-03-06","2017-03-06","2017-03-06","2017-03-06","2017-03-06","2017-03-06","2017-03-06","2017-03-06","2017-03-06","2017-03-06","2017-03-06","2017-03-06","2017-03-06","2017-03-06","2017-03-06","2017-03-06","2017-03-06","2017-03-06","2017-03-06","2017-03-06","2017-03-06","2017-03-06","2017-03-06","2017-03-06","2017-03-06","2017-03-06","2017-03-06","2017-03-06","2017-03-06","2017-03-06","2017-03-06","2017-03-06","2017-03-06","2017-03-06","2017-03-06","2017-03-06","2017-03-06","2017-03-06","2017-03-06","2017-03-06","2017-03-06","2017-03-06","2017-03-06","2017-03-06","2017-03-06","2017-03-06","2017-03-06","2017-03-06","2017-03-06","2017-03-06","2017-03-06","2017-03-06","2017-03-06","2017-03-06","2017-03-06","2017-03-06","2017-03-06","2017-03-06","2017-03-06","2017-03-06","2017-03-06","2017-03-06","2017-03-06","2017-03-06","2017-03-06","2017-03-06","2017-03-06","2017-03-06","2017-03-06","2017-03-06","2017-03-06","2017-03-06","2017-03-06","2017-03-06","2017-03-06","2017-03-06","2017-03-06","2017-03-06","2017-03-06","2017-03-06","2017-03-06","2017-03-06","2017-03-06","2017-03-06","2017-03-06","2017-03-06","2017-03-06","2017-03-06","2017-03-06","2017-03-06","2017-03-06","2017-03-06","2017-03-06","2017-03-06","2017-03-06","2017-03-06","2017-03-06","2017-03-06","2017-03-06","2017-03-06","2017-03-06","2017-03-06","2017-03-06","2017-03-06","2017-03-06","2017-03-06","2017-03-06","2017-03-06","2017-03-06","2017-03-06","2017-03-06","2017-03-06","2017-03-06","2017-03-06","2017-03-06","2017-03-06","2017-03-06","2017-03-06","2017-03-06","2017-03-06","2017-03-06","2017-03-06","2017-03-06","2017-03-06","2017-03-06","2017-03-06","2017-03-06","2017-03-06","2017-03-06","2017-03-06","2017-03-06","2017-03-06","2017-03-06","2017-03-06","2017-03-06","2017-03-06","2017-03-06","2017-03-06","2017-03-06","2017-03-06","2017-03-06","2017-03-06","2017-03-06","2017-03-06","2017-03-06","2017-03-06","2017-03-06","2017-03-06","2017-03-06","2017-03-06","2017-03-06","2017-03-06","2017-03-06","2017-03-06","2017-03-06","2017-03-06","2017-03-06","2017-03-06","2017-03-06","2017-03-06","2017-03-06","2017-03-06","2017-03-06","2017-03-06","2017-03-06","2017-03-06","2017-03-06","2017-03-06","2017-03-06","2017-03-06","2017-03-06","2017-03-06","2017-03-06","2017-03-06","2017-03-06","2017-03-06","2017-03-06","2017-03-06","2017-03-06","2017-03-06","2017-03-06","2017-03-06","2017-03-06","2017-03-06","2017-03-06","2017-03-06","2017-03-06","2017-03-06","2017-03-06","2017-03-06","2017-03-06","2017-03-06","2017-03-06","2017-03-06","2017-03-06","2017-03-06","2017-03-06","2017-03-06","2017-03-06","2017-03-06","2017-03-06","2017-03-06","2017-03-06","2017-03-06","2017-03-06","2017-03-06","2017-03-06","2017-03-06","2017-03-06","2017-03-06","2017-03-06","2017-03-06","2017-03-06","2017-03-06","2017-03-06","2017-03-06","2017-03-06","2017-03-06","2017-03-06","2017-03-06","2017-03-06","2017-03-06","2017-03-06","2017-03-06","2017-03-06","2017-03-06","2017-03-06","2017-03-06","2017-03-06","2017-03-06","2017-03-06","2017-03-06","2017-03-06","2017-03-06","2017-03-06","2017-03-06","2017-03-06","2017-03-06","2017-03-06","2017-03-06","2017-03-06","2017-03-06","2017-03-06","2017-03-06","2017-03-06","2017-03-06","2017-03-06","2017-03-06","2017-03-06","2017-03-06","2017-03-06","2017-03-06","2017-03-06","2017-03-06","2017-03-06","2017-03-06","2017-03-06","2017-03-06","2017-03-06","2017-03-06","2017-03-06","2017-03-06","2017-03-06","2017-03-06","2017-03-06","2017-03-06","2017-03-06","2017-03-06","2017-03-06","2017-03-06","2017-03-06","2017-03-06","2017-03-06","2017-03-06","2017-03-06","2017-03-06","2017-03-06","2017-03-06","2017-03-06","2017-03-06","2017-03-06","2017-03-06","2017-03-06","2017-03-06","2017-03-06","2017-03-06","2017-03-06","2017-03-06","2017-03-06","2017-03-06","2017-03-06","2017-03-06","2017-03-06","2017-03-06","2017-03-06","2017-03-06","2017-03-06","2017-03-06","2017-03-06","2017-03-06","2017-03-06","2017-03-06","2017-03-06","2017-03-06","2017-03-06","2017-03-06","2017-03-06","2017-03-06","2017-03-06","2017-03-06","2017-03-06","2017-03-06","2017-03-06","2017-03-06","2017-03-06","2017-03-06","2017-03-06","2017-03-06","2017-03-06","2017-03-06","2017-03-06","2017-03-06","2017-03-06","2017-03-06","2017-03-06","2017-03-06","2017-03-06","2017-03-06","2017-03-06","2017-03-06","2017-03-06","2017-03-06","2017-03-06","2017-03-06","2017-03-06","2017-03-06","2017-03-06","2017-03-06","2017-03-06","2017-03-06","2017-03-06","2017-03-06","2017-03-06","2017-03-06","2017-03-06","2017-03-06","2017-03-06","2017-03-06","2017-03-06","2017-03-06","2017-03-06","2017-03-06","2017-03-06","2017-03-06","2017-03-06","2017-03-06","2017-03-06","2017-03-06","2017-03-06","2017-03-06","2017-03-06","2017-03-06","2017-03-06","2017-03-06","2017-03-06","2017-03-06","2017-03-06","2017-03-06","2017-03-06","2017-03-06","2017-03-06","2017-03-06","2017-03-06","2017-03-06","2017-03-06","2017-03-06","2017-03-06","2017-03-06","2017-03-06","2017-03-06","2017-03-06","2017-03-06","2017-03-06","2017-03-06","2017-03-06","2017-03-06","2017-03-06","2017-03-06","2017-03-06","2017-03-06","2017-03-06","2017-03-06","2017-03-06","2017-03-06","2017-03-06","2017-03-06","2017-03-06","2017-03-06","2017-03-06","2017-03-06","2017-03-06","2017-03-06","2017-03-06","2017-03-06","2017-03-06","2017-03-06","2017-03-06","2017-03-06","2017-03-06","2017-03-06","2017-03-06","2017-03-06","2017-03-06","2017-03-06","2017-03-06","2017-03-06","2017-03-06","2017-03-06","2017-03-06","2017-03-06","2017-03-06","2017-03-06","2017-03-06","2017-03-06","2017-03-06","2017-03-06","2017-03-06","2017-03-06","2017-03-06","2017-03-06","2017-03-06","2017-03-06","2017-03-06","2017-03-06","2017-03-06","2017-03-06","2017-03-06","2017-03-06","2017-03-06","2017-03-06","2017-03-06","2017-03-06","2017-03-06","2017-03-06","2017-03-06","2017-03-06","2017-03-06","2017-03-06","2017-03-06","2017-03-06","2017-03-06","2017-03-06","2017-03-06","2017-03-06","2017-03-06","2017-03-06","2017-03-06","2017-03-06","2017-03-06","2017-03-06","2017-03-06","2017-03-06","2017-03-06","2017-03-06","2017-03-06","2017-03-06","2017-03-06","2017-03-06","2017-03-06","2017-03-06","2017-03-06","2017-03-06","2017-03-06","2017-03-06","2017-03-06","2017-03-06","2017-03-06","2017-03-06","2017-03-06","2017-03-06","2017-03-06","2017-03-06","2017-03-06","2017-03-06","2017-03-06","2017-03-06","2017-03-06","2017-03-06","2017-03-06","2017-03-06","2017-03-06","2017-03-06","2017-03-06","2017-03-06","2017-03-06","2017-03-06","2017-03-06","2017-03-06","2017-03-06","2017-03-06","2017-03-06","2017-03-06","2017-03-06","2017-03-06","2017-03-06","2017-03-06","2017-03-06","2017-03-06","2017-03-06","2017-03-06","2017-03-06","2017-03-06","2017-03-06","2017-03-06","2017-03-06","2017-03-06","2017-03-06","2017-03-06","2017-03-06","2017-03-06","2017-03-06","2017-03-06","2017-03-06","2017-03-06","2017-03-06","2017-03-06","2017-03-06","2017-03-06","2017-03-06","2017-03-06","2017-03-06","2017-03-06","2017-03-06","2017-03-06","2017-03-06","2017-03-06","2017-03-06","2017-03-06","2017-03-06","2017-03-06","2017-03-06","2017-03-06","2017-03-06","2017-03-06","2017-03-06","2017-03-06","2017-03-06","2017-03-06","2017-03-06","2017-03-06","2017-03-06","2017-03-06","2017-03-06","2017-03-06","2017-03-06","2017-03-06","2017-03-06","2017-03-06","2017-03-06","2017-03-06","2017-03-06","2017-03-06","2017-03-06","2017-03-06","2017-03-06","2017-03-06","2017-03-06","2017-03-06","2017-03-06","2017-03-06","2017-03-06","2017-03-06","2017-03-06","2017-03-06","2017-03-06","2017-03-06","2017-03-06","2017-03-06","2017-03-06","2017-03-06","2017-03-06","2017-03-06","2017-03-06","2017-03-06","2017-03-06","2017-03-06","2017-03-06","2017-03-06","2017-03-06","2017-03-06","2017-03-06","2017-03-06","2017-03-06","2017-03-06","2017-03-06","2017-03-06","2017-03-06","2017-03-06","2017-03-06","2017-03-06","2017-03-06","2017-03-06","2017-03-06","2017-03-06","2017-03-06","2017-03-06","2017-03-06","2017-03-06","2017-03-06","2017-03-06","2017-03-06","2017-03-06","2017-03-06","2017-03-06","2017-03-06","2017-03-06","2017-03-06","2017-03-06","2017-03-06","2017-03-06","2017-03-06","2017-03-06","2017-03-06","2017-03-06","2017-03-06","2017-03-06","2017-03-06","2017-03-06","2017-03-06","2017-03-06","2017-03-06","2017-03-06","2017-03-06","2017-03-06","2017-03-06","2017-03-06","2017-03-06","2017-03-06","2017-03-06","2017-03-06","2017-03-06","2017-03-06","2017-03-06","2017-03-06","2017-03-06","2017-03-06","2017-03-06","2017-03-06","2017-03-06","2017-03-06","2017-03-06","2017-03-06","2017-03-06","2017-03-06","2017-03-06","2017-03-06","2017-03-06","2017-03-06","2017-03-06","2017-03-06","2017-03-06","2017-03-06","2017-03-06","2017-03-06","2017-03-06","2017-03-06","2017-03-06","2017-03-06","2017-03-06","2017-03-06","2017-03-06","2017-03-06","2017-03-06","2017-03-06","2017-03-06","2017-03-06","2017-03-06","2017-03-06","2017-03-06","2017-03-06","2017-03-06","2017-03-06","2017-03-06","2017-03-06","2017-03-06","2017-03-06","2017-03-06","2017-03-06","2017-03-06","2017-03-06","2017-03-06","2017-03-06","2017-03-06","2017-03-06","2017-03-06","2017-03-06","2017-03-06","2017-03-06","2017-03-06","2017-03-06","2017-03-06","2017-03-06","2017-03-06","2017-03-06","2017-03-06","2017-03-06","2017-03-06","2017-03-06","2017-03-06","2017-03-06","2017-03-06","2017-03-06","2017-03-06","2017-03-06","2017-03-06","2017-03-06","2017-03-06","2017-03-06","2017-03-06","2017-03-06","2017-03-06","2017-03-06","2017-03-06","2017-03-06","2017-03-06","2017-03-06","2017-03-06","2017-03-06","2017-03-06","2017-03-06","2017-03-06","2017-03-06","2017-03-06","2017-03-06","2017-03-06","2017-03-06","2017-03-06","2017-03-06","2017-03-06","2017-03-06","2017-03-06","2017-03-06","2017-03-06","2017-03-06","2017-03-06","2017-03-06","2017-03-06","2017-03-06","2017-03-06","2017-03-06","2017-03-06","2017-03-06","2017-03-06","2017-03-06","2017-03-06","2017-03-06","2017-03-06","2017-03-06","2017-03-06","2017-03-06","2017-03-06","2017-03-06","2017-03-06","2017-03-06","2017-03-06","2017-03-06","2017-03-06","2017-03-06","2017-03-06","2017-03-06","2017-03-06","2017-03-06","2017-03-06","2017-03-06","2017-03-06","2017-03-06","2017-03-06","2017-03-06","2017-03-06","2017-03-06","2017-03-06","2017-03-06","2017-03-06","2017-03-06","2017-03-06","2017-03-06","2017-03-06","2017-03-06","2017-03-06","2017-03-06","2017-03-06","2017-03-06","2017-03-06","2017-03-06","2017-03-06","2017-03-06","2017-03-06","2017-03-06","2017-03-06","2017-03-06","2017-03-06","2017-03-06","2017-03-06","2017-03-06","2017-03-06","2017-03-06","2017-03-06","2017-03-06","2017-03-06","2017-03-06","2017-03-06","2017-03-06","2017-03-06","2017-03-06","2017-03-06","2017-03-06","2017-03-06","2017-03-06","2017-03-06","2017-03-06","2017-03-06","2017-03-06","2017-03-06","2017-03-06","2017-03-06","2017-03-06","2017-03-06","2017-03-06","2017-03-06","2017-03-06","2017-03-06","2017-03-06","2017-03-06","2017-03-06","2017-03-06","2017-03-06","2017-03-06","2017-03-06","2017-03-06","2017-03-06","2017-03-06","2017-03-06","2017-03-06","2017-03-06","2017-03-06","2017-03-06","2017-03-06","2017-03-06","2017-03-06","2017-03-06","2017-03-06","2017-03-06","2017-03-06","2017-03-06","2017-03-06","2017-03-06","2017-03-06","2017-03-06","2017-03-06","2017-03-06","2017-03-06","2017-03-06","2017-03-06","2017-03-06","2017-03-06","2017-03-06","2017-03-06","2017-03-06","2017-03-06","2017-03-06","2017-03-06","2017-03-06","2017-03-06","2017-03-06","2017-03-06","2017-03-06","2017-03-06","2017-03-06","2017-03-06","2017-03-06","2017-03-06","2017-03-06","2017-03-06","2017-03-06","2017-03-06","2017-03-06","2017-03-06","2017-03-06","2017-03-06","2017-03-06","2017-03-06","2017-03-06","2017-03-06","2017-03-06","2017-03-06","2017-03-06","2017-03-06","2017-03-06","2017-03-06","2017-03-06","2017-03-06","2017-03-06","2017-03-06","2017-03-06","2017-03-06","2017-03-06","2017-03-06","2017-03-06","2017-03-06","2017-03-06","2017-03-06","2017-03-06","2017-03-06","2017-03-06","2017-03-06","2017-03-06","2017-03-06","2017-03-06","2017-03-06","2017-03-06","2017-03-06","2017-03-06","2017-03-06","2017-03-06","2017-03-06","2017-03-06","2017-03-06","2017-03-06","2017-03-06","2017-03-06","2017-03-06","2017-03-06","2017-03-06","2017-03-06","2017-03-06","2017-03-06","2017-03-06","2017-03-06","2017-03-06","2017-03-06","2017-03-06","2017-03-06","2017-03-06","2017-03-06","2017-03-06","2017-03-06","2017-03-06","2017-03-06","2017-03-06","2017-03-06","2017-03-06","2017-03-06","2017-03-06","2017-03-06","2017-03-06","2017-03-06","2017-03-06","2017-03-06","2017-03-06","2017-03-06","2017-03-06","2017-03-06","2017-03-06","2017-03-06","2017-03-06","2017-03-06","2017-03-06","2017-03-06","2017-03-06","2017-03-06","2017-03-06","2017-03-06","2017-03-06","2017-03-06","2017-03-06","2017-03-06","2017-03-06","2017-03-06","2017-03-06","2017-03-06","2017-03-06","2017-03-06","2017-03-06","2017-03-06","2017-03-06","2017-03-06","2017-03-06","2017-03-06","2017-03-06","2017-03-06","2017-03-06","2017-03-06","2017-03-06","2017-03-06","2017-03-06","2017-03-06","2017-03-06","2017-03-06","2017-03-06","2017-03-06","2017-03-06","2017-03-06","2017-03-06","2017-03-06","2017-03-06","2017-03-06","2017-03-06","2017-03-06","2017-03-06","2017-03-06","2017-03-06","2017-03-06","2017-03-06","2017-03-06","2017-03-06","2017-03-06","2017-03-06","2017-03-06","2017-03-06","2017-03-06","2017-03-06","2017-03-06","2017-03-06","2017-03-06","2017-03-06","2017-03-06","2017-03-06","2017-03-06","2017-03-06","2017-03-06","2017-03-06","2017-03-06","2017-03-06","2017-03-06","2017-03-06","2017-03-06","2017-03-06","2017-03-06","2017-03-06","2017-03-06","2017-03-06","2017-03-06","2017-03-06","2017-03-06","2017-03-06","2017-03-06","2017-03-06","2017-03-06","2017-03-06","2017-03-06","2017-03-06","2017-03-06","2017-03-06","2017-03-06","2017-03-06","2017-03-06","2017-03-06","2017-03-06","2017-03-06","2017-03-06","2017-03-06","2017-03-06","2017-03-06","2017-03-06","2017-03-06","2017-03-06","2017-03-06","2017-03-06","2017-03-06","2017-03-06","2017-03-06","2017-03-06","2017-03-06","2017-03-06","2017-03-06","2017-03-06","2017-03-06","2017-03-06","2017-03-06","2017-03-06","2017-03-06","2017-03-06","2017-03-06","2017-03-06","2017-03-06","2017-03-06","2017-03-06","2017-03-06","2017-03-06","2017-03-06","2017-03-06","2017-03-06","2017-03-06","2017-03-06","2017-03-06","2017-03-06","2017-03-06","2017-03-06","2017-03-06","2017-03-06","2017-03-06","2017-03-06","2017-03-06","2017-03-06","2017-03-06","2017-03-06","2017-03-06","2017-03-06","2017-03-06","2017-03-06","2017-03-06","2017-03-06","2017-03-06","2017-03-06","2017-03-06","2017-03-06","2017-03-06","2017-03-06","2017-03-06","2017-03-06","2017-03-06","2017-03-06","2017-03-06","2017-03-06","2017-03-06","2017-03-06","2017-03-06","2017-03-06","2017-03-06","2017-03-06","2017-03-06","2017-03-06","2017-03-06","2017-03-06","2017-03-06","2017-03-06","2017-03-06","2017-03-06","2017-03-06","2017-03-06","2017-03-06","2017-03-06","2017-03-06","2017-03-06","2017-03-06","2017-03-06","2017-03-06","2017-03-06","2017-03-06","2017-03-06","2017-03-06","2017-03-06","2017-03-06","2017-03-06","2017-03-06","2017-03-06","2017-03-06","2017-03-06","2017-03-06","2017-03-06","2017-03-06","2017-03-06","2017-03-06","2017-03-06","2017-03-06","2017-03-06","2017-03-06","2017-03-06","2017-03-06","2017-03-06","2017-03-06","2017-03-06","2017-03-06","2017-03-06","2017-03-06","2017-03-06","2017-03-06","2017-03-06","2017-03-06","2017-03-06","2017-03-06","2017-03-06","2017-03-06","2017-03-06","2017-03-06","2017-03-06","2017-03-06","2017-03-06","2017-03-06","2017-03-06","2017-03-06","2017-03-06","2017-03-06","2017-03-06","2017-03-06","2017-03-06","2017-03-06","2017-03-06","2017-03-06","2017-03-06","2017-03-06","2017-03-06","2017-03-06","2017-03-06","2017-03-06","2017-03-06","2017-03-06","2017-03-06","2017-03-06","2017-03-06","2017-03-06","2017-03-06","2017-03-06","2017-03-06","2017-03-06","2017-03-06","2017-03-06","2017-03-06","2017-03-06","2017-03-06","2017-03-06","2017-03-06","2017-03-06","2017-03-06","2017-03-06","2017-03-06","2017-03-06","2017-03-06","2017-03-06","2017-03-06","2017-03-06","2017-03-06","2017-03-06","2017-03-06","2017-03-06","2017-03-06","2017-03-06","2017-03-06","2017-03-06","2017-03-06","2017-03-06","2017-03-06","2017-03-06","2017-03-06","2017-03-06","2017-03-06","2017-03-06","2017-03-06","2017-03-06","2017-03-06","2017-03-06","2017-03-06","2017-03-06","2017-03-06","2017-03-06","2017-03-06","2017-03-06","2017-03-06","2017-03-06","2017-03-06","2017-03-06","2017-03-06","2017-03-06","2017-03-06","2017-03-06","2017-03-06","2017-03-06","2017-03-06","2017-03-06","2017-03-06","2017-03-06","2017-03-06","2017-03-06","2017-03-06","2017-03-06","2017-03-06","2017-03-06","2017-03-06","2017-03-06","2017-03-06","2017-03-06","2017-03-06","2017-03-06","2017-03-06","2017-03-06","2017-03-06","2017-03-06","2017-03-06","2017-03-06","2017-03-06","2017-03-06","2017-03-06","2017-03-06","2017-03-06","2017-03-06","2017-03-06","2017-03-06","2017-03-06","2017-03-06","2017-03-06","2017-03-06","2017-03-06","2017-03-06","2017-03-06","2017-03-06","2017-03-06","2017-03-06","2017-03-06","2017-03-06","2017-03-06","2017-03-06","2017-03-06","2017-03-06","2017-03-06","2017-03-06","2017-03-06","2017-03-06","2017-03-06","2017-03-06","2017-03-06","2017-03-06","2017-03-06","2017-03-06","2017-03-06","2017-03-06","2017-03-06","2017-03-06","2017-03-06","2017-03-06","2017-03-06","2017-03-06","2017-03-06","2017-03-06","2017-03-06","2017-03-06","2017-03-06","2017-03-06","2017-03-06","2017-03-06","2017-03-06","2017-03-06","2017-03-06","2017-03-06","2017-03-06","2017-03-06","2017-03-06","2017-03-06","2017-03-06","2017-03-06","2017-03-06","2017-03-06","2017-03-06","2017-03-06","2017-03-06","2017-03-06","2017-03-06","2017-03-06","2017-03-06","2017-03-06","2017-03-06","2017-03-06","2017-03-06","2017-03-06","2017-03-06","2017-03-06","2017-03-06","2017-03-06","2017-03-06","2017-03-06","2017-03-06","2017-03-06","2017-03-06","2017-03-06","2017-03-06","2017-03-06","2017-03-06","2017-03-06","2017-03-06","2017-03-06","2017-03-06","2017-03-06","2017-03-06","2017-03-06","2017-03-06","2017-03-06","2017-03-06","2017-03-06","2017-03-06","2017-03-06","2017-03-06","2017-03-06","2017-03-06","2017-03-06","2017-03-06","2017-03-06","2017-03-06","2017-03-06","2017-03-06","2017-03-06","2017-03-06","2017-03-06","2017-03-06","2017-03-06","2017-03-06","2017-03-06","2017-03-06","2017-03-06","2017-03-06","2017-03-06","2017-03-06","2017-03-06","2017-03-06","2017-03-06","2017-03-06","2017-03-06","2017-03-06","2017-03-06","2017-03-06","2017-03-06","2017-03-06","2017-03-06","2017-03-06","2017-03-06","2017-03-06","2017-03-06","2017-03-06","2017-03-06","2017-03-06","2017-03-06","2017-03-06","2017-03-06","2017-03-06","2017-03-06","2017-03-06","2017-03-06","2017-03-06","2017-03-06","2017-03-06","2017-03-06","2017-03-06","2017-03-06","2017-03-06","2017-03-06","2017-03-06","2017-03-06","2017-03-06","2017-03-06","2017-03-06","2017-03-06","2017-03-06","2017-03-06","2017-03-06","2017-03-06","2017-03-06","2017-03-06","2017-03-06","2017-03-06","2017-03-06","2017-03-06","2017-03-06","2017-03-06","2017-03-06","2017-03-06","2017-03-06","2017-03-06","2017-03-06","2017-03-06","2017-03-06","2017-03-06","2017-03-06","2017-03-06","2017-03-06","2017-03-06","2017-03-06","2017-03-06","2017-03-06","2017-03-06","2017-03-06","2017-03-06","2017-03-06","2017-03-06","2017-03-06","2017-03-06","2017-03-06","2017-03-06","2017-03-06","2017-03-06","2017-03-06","2017-03-06","2017-03-06","2017-03-06","2017-03-06","2017-03-06","2017-03-06","2017-03-06","2017-03-06","2017-03-06","2017-03-06","2017-03-06","2017-03-06","2017-03-06","2017-03-06","2017-03-06","2017-03-06","2017-03-06","2017-03-06","2017-03-06","2017-03-06","2017-03-06","2017-03-06","2017-03-06","2017-03-06","2017-03-06","2017-03-06","2017-03-06","2017-03-06","2017-03-06","2017-03-06","2017-03-06","2017-03-06","2017-03-06","2017-03-06","2017-03-06","2017-03-06","2017-03-06","2017-03-06","2017-03-06","2017-03-06","2017-03-06","2017-03-06","2017-03-06","2017-03-06","2017-03-06","2017-03-06","2017-03-06","2017-03-06","2017-03-06","2017-03-06","2017-03-06","2017-03-06","2017-03-06","2017-03-06","2017-03-06","2017-03-06","2017-03-06","2017-03-06","2017-03-06","2017-03-06","2017-03-06","2017-03-06","2017-03-06","2017-03-06","2017-03-06","2017-03-06","2017-03-06","2017-03-06","2017-03-06","2017-03-06","2017-03-06","2017-03-06","2017-03-06","2017-03-06","2017-03-06","2017-03-06","2017-03-06","2017-03-06","2017-03-06","2017-03-06","2017-03-06","2017-03-06","2017-03-06","2017-03-06","2017-03-06","2017-03-06","2017-03-06","2017-03-06","2017-03-06","2017-03-06","2017-03-06","2017-03-06","2017-03-06","2017-03-06","2017-03-06","2017-03-06","2017-03-06","2017-03-06","2017-03-06","2017-03-06","2017-03-06","2017-03-06","2017-03-06","2017-03-06","2017-03-06","2017-03-06","2017-03-06","2017-03-06","2017-03-06","2017-03-06","2017-03-06","2017-03-06","2017-03-06","2017-03-06","2017-03-06","2017-03-06","2017-03-06","2017-03-06","2017-03-06","2017-03-06","2017-03-06","2017-03-06","2017-03-06","2017-03-06","2017-03-06","2017-03-06","2017-03-06","2017-03-06","2017-03-06","2017-03-06","2017-03-06","2017-03-06","2017-03-06","2017-03-06","2017-03-06","2017-03-06","2017-03-06","2017-03-06","2017-03-06","2017-03-06","2017-03-06","2017-03-06","2017-03-06","2017-03-06","2017-03-06","2017-03-06","2017-03-06","2017-03-06","2017-03-06","2017-03-06","2017-03-06","2017-03-06","2017-03-06","2017-03-06","2017-03-06","2017-03-06","2017-03-06","2017-03-06","2017-03-06","2017-03-06","2017-03-06","2017-03-06","2017-03-06","2017-03-06","2017-03-06","2017-03-06","2017-03-06","2017-03-06","2017-03-06","2017-03-06","2017-03-06","2017-03-06","2017-03-06","2017-03-06","2017-03-06","2017-03-06","2017-03-06","2017-03-06","2017-03-06","2017-03-06","2017-03-06","2017-03-06","2017-03-06","2017-03-06","2017-03-06","2017-03-06","2017-03-06","2017-03-06","2017-03-06","2017-03-06","2017-03-06","2017-03-06","2017-03-06","2017-03-06","2017-03-06","2017-03-06","2017-03-06","2017-03-06","2017-03-06","2017-03-06","2017-03-06","2017-03-06","2017-03-06","2017-03-06","2017-03-06","2017-03-06","2017-03-06","2017-03-06","2017-03-06","2017-03-06","2017-03-06","2017-03-06","2017-03-06","2017-03-06","2017-03-06","2017-03-06","2017-03-06","2017-03-06","2017-03-06","2017-03-06","2017-03-06","2017-03-06","2017-03-06","2017-03-06","2017-03-06","2017-03-06","2017-03-06","2017-03-06","2017-03-06","2017-03-06","2017-03-06","2017-03-06","2017-03-06","2017-03-06","2017-03-06","2017-03-06","2017-03-06","2017-03-06","2017-03-06","2017-03-06","2017-03-06","2017-03-06","2017-03-06","2017-03-06","2017-03-06","2017-03-06","2017-03-06","2017-03-06","2017-03-06","2017-03-06","2017-03-06","2017-03-06","2017-03-06","2017-03-06","2017-03-06","2017-03-06","2017-03-06","2017-03-06","2017-03-06","2017-03-06","2017-03-06","2017-03-06","2017-03-06","2017-03-06","2017-03-06","2017-03-06","2017-03-06","2017-03-06","2017-03-06","2017-03-06","2017-03-06","2017-03-06","2017-03-06","2017-03-06","2017-03-06","2017-03-06","2017-03-06","2017-03-06","2017-03-06","2017-03-06","2017-03-06","2017-03-06","2017-03-06","2017-03-06","2017-03-06","2017-03-06","2017-03-06","2017-03-06","2017-03-06","2017-03-06","2017-03-06","2017-03-06","2017-03-06","2017-03-06","2017-03-06","2017-03-06","2017-03-06","2017-03-06","2017-03-06","2017-03-06","2017-03-06","2017-03-06","2017-03-06","2017-03-06","2017-03-06","2017-03-06","2017-03-06","2017-03-06","2017-03-06","2017-03-06","2017-03-06","2017-03-06","2017-03-06","2017-03-06","2017-03-06","2017-03-06","2017-03-06","2017-03-06","2017-03-06","2017-03-06","2017-03-06","2017-03-06","2017-03-06","2017-03-06","2017-03-06","2017-03-06","2017-03-06","2017-03-06","2017-03-06","2017-03-06","2017-03-06","2017-03-06","2017-03-06","2017-03-06","2017-03-06","2017-03-06","2017-03-06","2017-03-06","2017-03-06","2017-03-06","2017-03-06","2017-03-06","2017-03-06","2017-03-06","2017-03-06","2017-03-06","2017-03-06","2017-03-06","2017-03-06","2017-03-06","2017-03-06","2017-03-06","2017-03-06","2017-03-06","2017-03-06","2017-03-06","2017-03-06","2017-03-06","2017-03-06","2017-03-06","2017-03-06","2017-03-06","2017-03-06","2017-03-06","2017-03-06","2017-03-06","2017-03-06","2017-03-06","2017-03-06","2017-03-06","2017-03-06","2017-03-06","2017-03-06","2017-03-06","2017-03-06","2017-03-06","2017-03-06","2017-03-06","2017-03-06","2017-03-06","2017-03-06","2017-03-06","2017-03-06","2017-03-06","2017-03-06","2017-03-06","2017-03-06","2017-03-06","2017-03-06","2017-03-06","2017-03-06","2017-03-06","2017-03-06","2017-03-06","2017-03-06","2017-03-06","2017-03-06","2017-03-06","2017-03-06","2017-03-06","2017-03-06","2017-03-06","2017-03-06","2017-03-06","2017-03-06","2017-03-06","2017-03-06","2017-03-06","2017-03-06","2017-03-06","2017-03-06","2017-03-06","2017-03-06","2017-03-06","2017-03-06","2017-03-06","2017-03-06","2017-03-06","2017-03-06","2017-03-06","2017-03-06","2017-03-06","2017-03-06","2017-03-06","2017-03-06","2017-03-06","2017-03-06","2017-03-06","2017-03-06","2017-03-06","2017-03-06","2017-03-06","2017-03-06","2017-03-06","2017-03-06","2017-03-06","2017-03-06","2017-03-06","2017-03-06","2017-03-06","2017-03-06","2017-03-06","2017-03-06","2017-03-06","2017-03-06","2017-03-06","2017-03-06","2017-03-06","2017-03-06","2017-03-06","2017-03-06","2017-03-06","2017-03-06","2017-03-06","2017-03-06","2017-03-06","2017-03-06","2017-03-06","2017-03-06","2017-03-06","2017-03-06","2017-03-06","2017-03-06","2017-03-06","2017-03-06","2017-03-06","2017-03-06","2017-03-06","2017-03-06","2017-03-06","2017-03-06","2017-03-06","2017-03-06","2017-03-06","2017-03-06","2017-03-06","2017-03-06","2017-03-06","2017-03-06","2017-03-06","2017-03-06","2017-03-06","2017-03-06","2017-03-06","2017-03-06","2017-03-06","2017-03-06","2017-03-06","2017-03-06","2017-03-06","2017-03-06","2017-03-06","2017-03-06","2017-03-06","2017-03-06","2017-03-06","2017-03-06","2017-03-06","2017-03-06","2017-03-06","2017-03-06","2017-03-06","2017-03-06","2017-03-06","2017-03-06","2017-03-06","2017-03-06","2017-03-06","2017-03-06","2017-03-06","2017-03-06","2017-03-06","2017-03-06","2017-03-06","2017-03-06","2017-03-06","2017-03-06","2017-03-06","2017-03-06","2017-03-06","2017-03-06","2017-03-06","2017-03-06","2017-03-06","2017-03-06","2017-03-06","2017-03-06","2017-03-06","2017-03-06","2017-03-06","2017-03-06","2017-03-06","2017-03-06","2017-03-06","2017-03-06","2017-03-06","2017-03-06","2017-03-06","2017-03-06","2017-03-06","2017-03-06","2017-03-06","2017-03-06","2017-03-06","2017-03-06","2017-03-06","2017-03-06","2017-03-06","2017-03-06","2017-03-06","2017-03-06","2017-03-06","2017-03-06","2017-03-06","2017-03-06","2017-03-06","2017-03-06","2017-03-06","2017-03-06","2017-03-06","2017-03-06","2017-03-06","2017-03-06","2017-03-06","2017-03-06","2017-03-06","2017-03-06","2017-03-06","2017-03-06","2017-03-06","2017-03-06","2017-03-06","2017-03-06","2017-03-06","2017-03-06","2017-03-06","2017-03-06","2017-03-06","2017-03-06","2017-03-06","2017-03-06","2017-03-06","2017-03-06","2017-03-06","2017-03-06","2017-03-06","2017-03-06","2017-03-06","2017-03-06","2017-03-06","2017-03-06","2017-03-06","2017-03-06","2017-03-06","2017-03-06","2017-03-06","2017-03-06","2017-03-06","2017-03-06","2017-03-06","2017-03-06","2017-03-06","2017-03-06","2017-03-06","2017-03-06","2017-03-06","2017-03-06","2017-03-06","2017-03-06","2017-03-06","2017-03-06","2017-03-06","2017-03-06","2017-03-06","2017-03-06","2017-03-06","2017-03-06","2017-03-06","2017-03-06","2017-03-06","2017-03-06","2017-03-06","2017-03-06","2017-03-06","2017-03-06","2017-03-06","2017-03-06","2017-03-06","2017-03-06","2017-03-06","2017-03-06","2017-03-06","2017-03-06","2017-03-06","2017-03-06","2017-03-06","2017-03-06","2017-03-06","2017-03-06","2017-03-06","2017-03-06","2017-03-06","2017-03-06","2017-03-06","2017-03-06","2017-03-06","2017-03-06","2017-03-06","2017-03-06","2017-03-06","2017-03-06","2017-03-06","2017-03-06","2017-03-06","2017-03-06","2017-03-06","2017-03-06","2017-03-06","2017-03-06","2017-03-06","2017-03-06","2017-03-06","2017-03-06","2017-03-06","2017-03-06","2017-03-06","2017-03-06","2017-03-06","2017-03-06","2017-03-06","2017-03-06","2017-03-06","2017-03-06","2017-03-06","2017-03-06","2017-03-06","2017-03-06","2017-03-06","2017-03-06","2017-03-06","2017-03-06","2017-03-06","2017-03-06","2017-03-06","2017-03-06","2017-03-06","2017-03-06","2017-03-06","2017-03-06","2017-03-06","2017-03-06","2017-03-06","2017-03-06","2017-03-06","2017-03-06","2017-03-06","2017-03-06","2017-03-06","2017-03-06","2017-03-06","2017-03-06","2017-03-06","2017-03-06","2017-03-06","2017-03-06","2017-03-06","2017-03-06","2017-03-06","2017-03-06","2017-03-06","2017-03-06","2017-03-06","2017-03-06","2017-03-06","2017-03-06","2017-03-06","2017-03-06","2017-03-06","2017-03-06","2017-03-06","2017-03-06","2017-03-06","2017-03-06","2017-03-06","2017-03-06","2017-03-06","2017-03-06","2017-03-06","2017-03-06","2017-03-06","2017-03-06","2017-03-06","2017-03-06","2017-03-06","2017-03-06","2017-03-06","2017-03-06","2017-03-06","2017-03-06","2017-03-06","2017-03-06","2017-03-06","2017-03-06","2017-03-06","2017-03-06","2017-03-06","2017-03-06","2017-03-06","2017-03-06","2017-03-06","2017-03-06","2017-03-06","2017-03-06","2017-03-06","2017-03-06","2017-03-06","2017-03-06","2017-03-06","2017-03-06","2017-03-06","2017-03-06","2017-03-06","2017-03-06","2017-03-06","2017-03-06","2017-03-06","2017-03-06","2017-03-06","2017-03-06","2017-03-06","2017-03-06","2017-03-06","2017-03-06","2017-03-06","2017-03-06","2017-03-06","2017-03-06","2017-03-06","2017-03-06","2017-03-06","2017-03-06","2017-03-06","2017-03-06","2017-03-06","2017-03-06","2017-03-06","2017-03-06","2017-03-06","2017-03-06","2017-03-06","2017-03-06","2017-03-06","2017-03-06","2017-03-06","2017-03-06","2017-03-06","2017-03-06","2017-03-06","2017-03-06","2017-03-06","2017-03-06","2017-03-06","2017-03-06","2017-03-06","2017-03-06","2017-03-06","2017-03-06","2017-03-06","2017-03-06","2017-03-06","2017-03-06","2017-03-06","2017-03-06","2017-03-06","2017-03-06","2017-03-06","2017-03-06","2017-03-06","2017-03-06","2017-03-06","2017-03-06","2017-03-06","2017-03-06","2017-03-06","2017-03-06","2017-03-06","2017-03-06","2017-03-06","2017-03-06","2017-03-06","2017-03-06","2017-03-06","2017-03-06","2017-03-06","2017-03-06","2017-03-06","2017-03-06","2017-03-06","2017-03-06","2017-03-06","2017-03-06","2017-03-06","2017-03-06","2017-03-06","2017-03-06","2017-03-06","2017-03-06","2017-03-06","2017-03-06","2017-03-06","2017-03-06","2017-03-06","2017-03-06","2017-03-06","2017-03-06","2017-03-06","2017-03-06","2017-03-06","2017-03-06","2017-03-06","2017-03-06","2017-03-06","2017-03-06","2017-03-06","2017-03-06","2017-03-06","2017-03-06","2017-03-06","2017-03-06","2017-03-06","2017-03-06","2017-03-06","2017-03-06","2017-03-06","2017-03-06","2017-03-06","2017-03-06","2017-03-06","2017-03-06","2017-03-06","2017-03-06","2017-03-06","2017-03-06","2017-03-06","2017-03-06","2017-03-06","2017-03-06","2017-03-06","2017-03-06","2017-03-06","2017-03-06","2017-03-06","2017-03-06","2017-03-06","2017-03-06","2017-03-06","2017-03-06","2017-03-06","2017-03-06","2017-03-06","2017-03-06","2017-03-06","2017-03-06","2017-03-06","2017-03-06","2017-03-06","2017-03-06","2017-03-06","2017-03-06","2017-03-06","2017-03-06","2017-03-06","2017-03-06","2017-03-06","2017-03-06","2017-03-06","2017-03-06","2017-03-06","2017-03-06","2017-03-06","2017-03-06","2017-03-06","2017-03-06","2017-03-06","2017-03-06","2017-03-06","2017-03-06","2017-03-06","2017-03-06","2017-03-06","2017-03-06","2017-03-06","2017-03-06","2017-03-06","2017-03-06","2017-03-06","2017-03-06","2017-03-06","2017-03-06","2017-03-06","2017-03-06","2017-03-06","2017-03-06","2017-03-06","2017-03-06","2017-03-06","2017-03-06","2017-03-06","2017-03-06","2017-03-06","2017-03-06","2017-03-06","2017-03-06","2017-03-06","2017-03-06","2017-03-06","2017-03-06","2017-03-06","2017-03-06","2017-03-06","2017-03-06","2017-03-06","2017-03-06","2017-03-06","2017-03-06","2017-03-06","2017-03-06","2017-03-06","2017-03-06","2017-03-06","2017-03-06","2017-03-06","2017-03-06","2017-03-06","2017-03-06","2017-03-06","2017-03-06","2017-03-06","2017-03-06","2017-03-06","2017-03-06","2017-03-06","2017-03-06","2017-03-06","2017-03-06","2017-03-06","2017-03-06","2017-03-06","2017-03-06","2017-03-06","2017-03-06","2017-03-06","2017-03-06","2017-03-06","2017-03-06","2017-03-06","2017-03-06","2017-03-06","2017-03-06","2017-03-06","2017-03-06","2017-03-06","2017-03-06","2017-03-06","2017-03-06","2017-03-06","2017-03-06","2017-03-06","2017-03-06","2017-03-06","2017-03-06","2017-03-06","2017-03-06","2017-03-06","2017-03-06","2017-03-06","2017-03-06","2017-03-06","2017-03-06","2017-03-06","2017-03-06","2017-03-06","2017-03-06","2017-03-06","2017-03-06","2017-03-06","2017-03-06","2017-03-06","2017-03-06","2017-03-06","2017-03-06","2017-03-06","2017-03-06","2017-03-06","2017-03-06","2017-03-06","2017-03-06","2017-03-06","2017-03-06","2017-03-06","2017-03-06","2017-03-06","2017-03-06","2017-03-06","2017-03-06","2017-03-06","2017-03-06","2017-03-06","2017-03-06","2017-03-06","2017-03-06","2017-03-06","2017-03-06","2017-03-06","2017-03-06","2017-03-06","2017-03-06","2017-03-06","2017-03-06","2017-03-06","2017-03-06","2017-03-06","2017-03-06","2017-03-06","2017-03-06","2017-03-06","2017-03-06","2017-03-06","2017-03-06","2017-03-06","2017-03-06","2017-03-06","2017-03-06","2017-03-06","2017-03-06","2017-03-06","2017-03-06","2017-03-06","2017-03-06","2017-03-06","2017-03-06","2017-03-06","2017-03-06","2017-03-06","2017-03-06","2017-03-06","2017-03-06","2017-03-06","2017-03-06","2017-03-06","2017-03-06","2017-03-06","2017-03-06","2017-03-06","2017-03-06","2017-03-06","2017-03-06","2017-03-06","2017-03-06","2017-03-06","2017-03-06","2017-03-06","2017-03-06","2017-03-06","2017-03-06","2017-03-06","2017-03-06","2017-03-06","2017-03-06","2017-03-06","2017-03-06","2017-03-06","2017-03-06","2017-03-06","2017-03-06","2017-03-06","2017-03-06","2017-03-06","2017-03-06","2017-03-06","2017-03-06","2017-03-06","2017-03-06","2017-03-06","2017-03-06","2017-03-06","2017-03-06","2017-03-06","2017-03-06","2017-03-06","2017-03-06","2017-03-06","2017-03-06","2017-03-06","2017-03-06","2017-03-06","2017-03-06","2017-03-06","2017-03-06","2017-03-06","2017-03-06","2017-03-06","2017-03-06","2017-03-06","2017-03-06","2017-03-06","2017-03-06","2017-03-06","2017-03-06","2017-03-06","2017-03-06","2017-03-06","2017-03-06","2017-03-06","2017-03-06","2017-03-06","2017-03-06","2017-03-06","2017-03-06","2017-03-06","2017-03-06","2017-03-06","2017-03-06","2017-03-06","2017-03-06","2017-03-06","2017-03-06","2017-03-06","2017-03-06","2017-03-06","2017-03-06","2017-03-06","2017-03-06","2017-03-06","2017-03-06","2017-03-06","2017-03-06","2017-03-06","2017-03-06","2017-03-06","2017-03-06","2017-03-06","2017-03-06","2017-03-06","2017-03-06","2017-03-06","2017-03-06","2017-03-06","2017-03-06","2017-03-06","2017-03-06","2017-03-06","2017-03-06","2017-03-06","2017-03-06","2017-03-06","2017-03-06","2017-03-06","2017-03-06","2017-03-06","2017-03-06","2017-03-06","2017-03-06","2017-03-06","2017-03-06","2017-03-06","2017-03-06","2017-03-06","2017-03-06","2017-03-06","2017-03-06","2017-03-06","2017-03-06","2017-03-06","2017-03-06","2017-03-06","2017-03-06","2017-03-06","2017-03-06","2017-03-06","2017-03-06","2017-03-06","2017-03-06","2017-03-06","2017-03-06","2017-03-06","2017-03-06","2017-03-06","2017-03-06","2017-03-06","2017-03-06","2017-03-06","2017-03-06","2017-03-06","2017-03-06","2017-03-06","2017-03-06","2017-03-06","2017-03-06","2017-03-06","2017-03-06","2017-03-06","2017-03-06","2017-03-06","2017-03-06","2017-03-06","2017-03-06","2017-03-06","2017-03-06","2017-03-06","2017-03-06","2017-03-06","2017-03-06","2017-03-06","2017-03-06","2017-03-06","2017-03-06","2017-03-06","2017-03-06","2017-03-06","2017-03-06","2017-03-06","2017-03-06","2017-03-06","2017-03-06","2017-03-06","2017-03-06","2017-03-06","2017-03-06","2017-03-06","2017-03-06","2017-03-06","2017-03-06","2017-03-06","2017-03-06","2017-03-06","2017-03-06","2017-03-06","2017-03-06","2017-03-06","2017-03-06","2017-03-06","2017-03-06","2017-03-06","2017-03-06","2017-03-06","2017-03-06","2017-03-06","2017-03-06","2017-03-06","2017-03-06","2017-03-06","2017-03-06","2017-03-06","2017-03-06","2017-03-06","2017-03-06","2017-03-06","2017-03-06","2017-03-06","2017-03-06","2017-03-06","2017-03-06","2017-03-06","2017-03-06","2017-03-06","2017-03-06","2017-03-06","2017-03-06","2017-03-06","2017-03-06","2017-03-06","2017-03-06","2017-03-06","2017-03-06","2017-03-06","2017-03-06","2017-03-06","2017-03-06","2017-03-06","2017-03-06","2017-03-06","2017-03-06","2017-03-06","2017-03-06","2017-03-06","2017-03-06","2017-03-06","2017-03-06","2017-03-06","2017-03-06","2017-03-06","2017-03-06","2017-03-06","2017-03-06","2017-03-06","2017-03-06","2017-03-06","2017-03-06","2017-03-06","2017-03-06","2017-03-06","2017-03-06","2017-03-06","2017-03-06","2017-03-06","2017-03-06","2017-03-06","2017-03-06","2017-03-06","2017-03-06","2017-03-06","2017-03-06","2017-03-06","2017-03-06","2017-03-06","2017-03-06","2017-03-06","2017-03-06","2017-03-06","2017-03-06","2017-03-06","2017-03-06","2017-03-06","2017-03-06","2017-03-06","2017-03-06","2017-03-06","2017-03-06","2017-03-06","2017-03-06","2017-03-06","2017-03-06","2017-03-06","2017-03-06","2017-03-06","2017-03-06","2017-03-06","2017-03-06","2017-03-06","2017-03-06","2017-03-06","2017-03-06","2017-03-06","2017-03-06","2017-03-06","2017-03-06","2017-03-06","2017-03-06","2017-03-06","2017-03-06","2017-03-06","2017-03-06","2017-03-06","2017-03-06","2017-03-06","2017-03-06","2017-03-06","2017-03-06","2017-03-06","2017-03-06","2017-03-06","2017-03-06","2017-03-06","2017-03-06","2017-03-06","2017-03-06","2017-03-06","2017-03-06","2017-03-06","2017-03-06","2017-03-06","2017-03-06","2017-03-06","2017-03-06","2017-03-06","2017-03-06","2017-03-06","2017-03-06","2017-03-06","2017-03-06","2017-03-06","2017-03-06","2017-03-06","2017-03-06","2017-03-06","2017-03-06","2017-03-06","2017-03-06","2017-03-06","2017-03-06","2017-03-06","2017-03-06","2017-03-06","2017-03-06","2017-03-06","2017-03-06","2017-03-06","2017-03-06","2017-03-06","2017-03-06","2017-03-06","2017-03-06","2017-03-06","2017-03-06","2017-03-06","2017-03-06","2017-03-06","2017-03-06","2017-03-06","2017-03-06","2017-03-06","2017-03-06","2017-03-06","2017-03-06","2017-03-06","2017-03-06","2017-03-06","2017-03-06","2017-03-06","2017-03-06","2017-03-06","2017-03-06","2017-03-06","2017-03-06","2017-03-06","2017-03-06","2017-03-06","2017-03-06","2017-03-06","2017-03-06","2017-03-06","2017-03-06","2017-03-06","2017-03-06","2017-03-06","2017-03-06","2017-03-06","2017-03-06","2017-03-06","2017-03-06","2017-03-06","2017-03-06","2017-03-06","2017-03-06","2017-03-06","2017-03-06","2017-03-06","2017-03-06","2017-03-06","2017-03-06","2017-03-06","2017-03-06","2017-03-06","2017-03-06","2017-03-06","2017-03-06","2017-03-06","2017-03-06","2017-03-06","2017-03-06","2017-03-06","2017-03-06","2017-03-06","2017-03-06","2017-03-06","2017-03-06","2017-03-06","2017-03-06","2017-03-06","2017-03-06","2017-03-06","2017-03-06","2017-03-06","2017-03-06","2017-03-06","2017-03-06","2017-03-06","2017-03-06","2017-03-06","2017-03-06","2017-03-06","2017-03-06","2017-03-06","2017-03-06","2017-03-06","2017-03-06","2017-03-06","2017-03-06","2017-03-06","2017-03-06","2017-03-06","2017-03-06","2017-03-06","2017-03-06","2017-03-06","2017-03-06","2017-03-06","2017-03-06","2017-03-06","2017-03-06","2017-03-06","2017-03-06","2017-03-06","2017-03-06","2017-03-06","2017-03-06","2017-03-06","2017-03-06","2017-03-06","2017-03-06","2017-03-06","2017-03-06","2017-03-06","2017-03-06","2017-03-06","2017-03-06","2017-03-06","2017-03-06","2017-03-06","2017-03-06","2017-03-06","2017-03-06","2017-03-06","2017-03-06","2017-03-06","2017-03-06","2017-03-06","2017-03-06","2017-03-06","2017-03-06","2017-03-06","2017-03-06","2017-03-06","2017-03-06","2017-03-06","2017-03-06","2017-03-06","2017-03-06","2017-03-06","2017-03-06","2017-03-06","2017-03-06","2017-03-06","2017-03-06","2017-03-06","2017-03-06","2017-03-06","2017-03-06","2017-03-06","2017-03-06","2017-03-06","2017-03-06","2017-03-06","2017-03-06","2017-03-06","2017-03-06","2017-03-06","2017-03-06","2017-03-06","2017-03-06","2017-03-06","2017-03-06","2017-03-06","2017-03-06","2017-03-06","2017-03-06","2017-03-06","2017-03-06","2017-03-06","2017-03-06","2017-03-06","2017-03-06","2017-03-06","2017-03-06","2017-03-06","2017-03-06","2017-03-06","2017-03-06","2017-03-06","2017-03-06","2017-03-06","2017-03-06","2017-03-06","2017-03-06","2017-03-06","2017-03-06","2017-03-06","2017-03-06","2017-03-06","2017-03-06","2017-03-06","2017-03-06","2017-03-06","2017-03-06","2017-03-06","2017-03-06","2017-03-06","2017-03-06","2017-03-06","2017-03-06","2017-03-06","2017-03-06","2017-03-06","2017-03-06","2017-03-06","2017-03-06","2017-03-06","2017-03-06","2017-03-06","2017-03-06","2017-03-06","2017-03-06","2017-03-06","2017-03-06","2017-03-06","2017-03-06","2017-03-06","2017-03-06","2017-03-06","2017-03-06","2017-03-06","2017-03-06","2017-03-06","2017-03-06","2017-03-06","2017-03-06","2017-03-06","2017-03-06","2017-03-06","2017-03-06","2017-03-06","2017-03-06","2017-03-06","2017-03-06","2017-03-06","2017-03-06","2017-03-06","2017-03-06","2017-03-06","2017-03-06","2017-03-06","2017-03-06","2017-03-06","2017-03-06","2017-03-06","2017-03-06","2017-03-06","2017-03-06","2017-03-06","2017-03-06","2017-03-06","2017-03-06","2017-03-06","2017-03-06","2017-03-06","2017-03-06","2017-03-06","2017-03-06","2017-03-06","2017-03-06","2017-03-06","2017-03-06","2017-03-06","2017-03-06","2017-03-06","2017-03-06","2017-03-06","2017-03-06","2017-03-06","2017-03-06","2017-03-06","2017-03-06","2017-03-06","2017-03-06","2017-03-06","2017-03-06","2017-03-06","2017-03-06","2017-03-06","2017-03-06","2017-03-06","2017-03-06","2017-03-06","2017-03-06","2017-03-06","2017-03-06","2017-03-06","2017-03-06","2017-03-06","2017-03-06","2017-03-06","2017-03-06","2017-03-06","2017-03-06","2017-03-06","2017-03-06","2017-03-06","2017-03-06","2017-03-06","2017-03-06","2017-03-06","2017-03-06","2017-03-06","2017-03-06","2017-03-06","2017-03-06","2017-03-06","2017-03-06","2017-03-06","2017-03-06","2017-03-06","2017-03-06","2017-03-06","2017-03-06","2017-03-06","2017-03-06","2017-03-06","2017-03-06","2017-03-06","2017-03-06","2017-03-06","2017-03-06","2017-03-06","2017-03-06","2017-03-06","2017-03-06","2017-03-06","2017-03-06","2017-03-06","2017-03-06","2017-03-06","2017-03-06","2017-03-06","2017-03-06","2017-03-06","2017-03-06","2017-03-06","2017-03-06","2017-03-06","2017-03-06","2017-03-06","2017-03-06","2017-03-06","2017-03-06","2017-03-06","2017-03-06","2017-03-06","2017-03-06","2017-03-06","2017-03-06","2017-03-06","2017-03-06","2017-03-06","2017-03-06","2017-03-06","2017-03-06","2017-03-06","2017-03-06","2017-03-06","2017-03-06","2017-03-06","2017-03-06","2017-03-06","2017-03-06","2017-03-06","2017-03-06","2017-03-06","2017-03-06","2017-03-06","2017-03-06","2017-03-06","2017-03-06","2017-03-06","2017-03-06","2017-03-06","2017-03-06","2017-03-06","2017-03-06","2017-03-06","2017-03-06","2017-03-06","2017-03-06","2017-03-06","2017-03-06","2017-03-06","2017-03-06","2017-03-06","2017-03-06","2017-03-06","2017-03-06","2017-03-06","2017-03-06","2017-03-06","2017-03-06","2017-03-06","2017-03-06","2017-03-06","2017-03-06","2017-03-06","2017-03-06","2017-03-06","2017-03-06","2017-03-06","2017-03-06","2017-03-06","2017-03-06","2017-03-06","2017-03-06","2017-03-06","2017-03-06","2017-03-06","2017-03-06","2017-03-06","2017-03-06","2017-03-06","2017-03-06","2017-03-06","2017-03-06","2017-03-06","2017-03-06","2017-03-06","2017-03-06","2017-03-06","2017-03-06","2017-03-06","2017-03-06","2017-03-06","2017-03-06","2017-03-06","2017-03-06","2017-03-06","2017-03-06","2017-03-06","2017-03-06","2017-03-06","2017-03-06","2017-03-06","2017-03-06","2017-03-06","2017-03-06","2017-03-06","2017-03-06","2017-03-06","2017-03-06","2017-03-06","2017-03-06","2017-03-06","2017-03-06","2017-03-06","2017-03-06","2017-03-06","2017-03-06","2017-03-06","2017-03-06","2017-03-06","2017-03-06","2017-03-06","2017-03-06","2017-03-06","2017-03-06","2017-03-06","2017-03-06","2017-03-06","2017-03-06","2017-03-06","2017-03-06","2017-03-06","2017-03-06","2017-03-06","2017-03-06","2017-03-06","2017-03-06","2017-03-06","2017-03-06","2017-03-06","2017-03-06","2017-03-06","2017-03-06","2017-03-06","2017-03-06","2017-03-06","2017-03-06","2017-03-06","2017-03-06","2017-03-06","2017-03-06","2017-03-06","2017-03-06","2017-03-06","2017-03-06","2017-03-06","2017-03-06","2017-03-06","2017-03-06","2017-03-06","2017-03-06","2017-03-06","2017-03-06","2017-03-06","2017-03-06","2017-03-06","2017-03-06","2017-03-06","2017-03-06","2017-03-06","2017-03-06","2017-03-06","2017-03-06","2017-03-06","2017-03-06","2017-03-06","2017-03-06","2017-03-06","2017-03-06","2017-03-06","2017-03-06","2017-03-06","2017-03-06","2017-03-06","2017-03-06","2017-03-06","2017-03-06","2017-03-06","2017-03-06","2017-03-06","2017-03-06","2017-03-06","2017-03-06","2017-03-06","2017-03-06","2017-03-06","2017-03-06","2017-03-06","2017-03-06","2017-03-06","2017-03-06","2017-03-06","2017-03-06","2017-03-06","2017-03-06","2017-03-06","2017-03-06","2017-03-06","2017-03-06","2017-03-06","2017-03-06","2017-03-06","2017-03-06","2017-03-06","2017-03-06","2017-03-06","2017-03-06","2017-03-06","2017-03-06","2017-03-06","2017-03-06","2017-03-06","2017-03-06","2017-03-06","2017-03-06","2017-03-06","2017-03-06","2017-03-06","2017-03-06","2017-03-06","2017-03-06","2017-03-06","2017-03-06","2017-03-06","2017-03-06","2017-03-06","2017-03-06","2017-03-06","2017-03-06","2017-03-06","2017-03-06","2017-03-06","2017-03-06","2017-03-06","2017-03-06","2017-03-06","2017-03-06","2017-03-06","2017-03-06","2017-03-06","2017-03-06","2017-03-06","2017-03-06","2017-03-06","2017-03-06","2017-03-06","2017-03-06","2017-03-06","2017-03-06","2017-03-06","2017-03-06","2017-03-06","2017-03-06","2017-03-06","2017-03-06","2017-03-06","2017-03-06","2017-03-06","2017-03-06","2017-03-06","2017-03-06","2017-03-06","2017-03-06","2017-03-06","2017-03-06","2017-03-06","2017-03-06","2017-03-06","2017-03-06","2017-03-06","2017-03-06","2017-03-06","2017-03-06","2017-03-06","2017-03-06","2017-03-06","2017-03-06","2017-03-06","2017-03-06","2017-03-06","2017-03-06","2017-03-06","2017-03-06","2017-03-06","2017-03-06","2017-03-06","2017-03-06","2017-03-06","2017-03-06","2017-03-06","2017-03-06","2017-03-06","2017-03-06","2017-03-06","2017-03-06","2017-03-06","2017-03-06","2017-03-06","2017-03-06","2017-03-06","2017-03-06","2017-03-06","2017-03-06","2017-03-06","2017-03-06","2017-03-06","2017-03-06","2017-03-06","2017-03-06","2017-03-06","2017-03-06","2017-03-06","2017-03-06","2017-03-06","2017-03-06","2017-03-06","2017-03-06","2017-03-06","2017-03-06","2017-03-06","2017-03-06","2017-03-06","2017-03-06","2017-03-06","2017-03-06","2017-03-06","2017-03-06","2017-03-06","2017-03-06","2017-03-06","2017-03-06","2017-03-06","2017-03-06","2017-03-06","2017-03-06","2017-03-06","2017-03-06","2017-03-06","2017-03-06","2017-03-06","2017-03-06","2017-03-06","2017-03-06","2017-03-06","2017-03-06","2017-03-06","2017-03-06","2017-03-06","2017-03-06","2017-03-06","2017-03-06","2017-03-06","2017-03-06","2017-03-06","2017-03-06","2017-03-06","2017-03-06","2017-03-06","2017-03-06","2017-03-06","2017-03-06","2017-03-06","2017-03-06","2017-03-06","2017-03-06","2017-03-06","2017-03-06","2017-03-06","2017-03-06","2017-03-06","2017-03-06","2017-03-06","2017-03-06","2017-03-06","2017-03-06","2017-03-06","2017-03-06","2017-03-06","2017-03-06","2017-03-06","2017-03-06","2017-03-06","2017-03-06","2017-03-06","2017-03-06","2017-03-06","2017-03-06","2017-03-06","2017-03-06","2017-03-06","2017-03-06","2017-03-06","2017-03-06","2017-03-06","2017-03-06","2017-03-06","2017-03-06","2017-03-06","2017-03-06","2017-03-06","2017-03-06","2017-03-06","2017-03-06","2017-03-06","2017-03-06","2017-03-06","2017-03-06","2017-03-06","2017-03-06","2017-03-06","2017-03-06","2017-03-06","2017-03-06","2017-03-06","2017-03-06","2017-03-06","2017-03-06","2017-03-06","2017-03-06","2017-03-06","2017-03-06","2017-03-06","2017-03-06","2017-03-06","2017-03-06","2017-03-06","2017-03-06","2017-03-06","2017-03-06","2017-03-06","2017-03-06","2017-03-06","2017-03-06","2017-03-06","2017-03-06","2017-03-06","2017-03-06","2017-03-06","2017-03-06","2017-03-06","2017-03-06","2017-03-06","2017-03-06","2017-03-06","2017-03-06","2017-03-06","2017-03-06","2017-03-06","2017-03-06","2017-03-06","2017-03-06","2017-03-06","2017-03-06","2017-03-06","2017-03-06","2017-03-06","2017-03-06","2017-03-06","2017-03-06","2017-03-06","2017-03-06","2017-03-06","2017-03-06","2017-03-06","2017-03-06","2017-03-06","2017-03-06","2017-03-06","2017-03-06","2017-03-06","2017-03-06","2017-03-06","2017-03-06","2017-03-06","2017-03-06","2017-03-06","2017-03-06","2017-03-06","2017-03-06","2017-03-06","2017-03-06","2017-03-06","2017-03-06","2017-03-06","2017-03-06","2017-03-06","2017-03-06","2017-03-06","2017-03-06","2017-03-06","2017-03-06","2017-03-06","2017-03-06","2017-03-06","2017-03-06","2017-03-06","2017-03-06","2017-03-06","2017-03-06","2017-03-06","2017-03-06","2017-03-06","2017-03-06","2017-03-06","2017-03-06","2017-03-06","2017-03-06","2017-03-06","2017-03-06","2017-03-06","2017-03-06","2017-03-06","2017-03-06","2017-03-06","2017-03-06","2017-03-06","2017-03-06","2017-03-06","2017-03-06","2017-03-06","2017-03-06","2017-03-06","2017-03-06","2017-03-06","2017-03-06","2017-03-06","2017-03-06","2017-03-06","2017-03-06","2017-03-06","2017-03-06","2017-03-06","2017-03-06","2017-03-06","2017-03-06","2017-03-06","2017-03-06","2017-03-06","2017-03-06","2017-03-06","2017-03-06","2017-03-06","2017-03-06","2017-03-06","2017-03-06","2017-03-06","2017-03-06","2017-03-06","2017-03-06","2017-03-06","2017-03-06","2017-03-06","2017-03-06","2017-03-06","2017-03-06","2017-03-06","2017-03-06","2017-03-06","2017-03-06","2017-03-06","2017-03-06","2017-03-06","2017-03-06","2017-03-06","2017-03-06","2017-03-06","2017-03-06","2017-03-06","2017-03-06","2017-03-06","2017-03-06","2017-03-06","2017-03-06","2017-03-06","2017-03-06","2017-03-06","2017-03-06","2017-03-06","2017-03-06","2017-03-06","2017-03-06","2017-03-06","2017-03-06","2017-03-06","2017-03-06","2017-03-06","2017-03-06","2017-03-06","2017-03-06","2017-03-06","2017-03-06","2017-03-06","2017-03-06","2017-03-06","2017-03-06","2017-03-06","2017-03-06","2017-03-06","2017-03-06","2017-03-06","2017-03-06","2017-03-06","2017-03-06","2017-03-06","2017-03-06","2017-03-06","2017-03-06","2017-03-06","2017-03-06","2017-03-06","2017-03-06","2017-03-06","2017-03-06","2017-03-06","2017-03-06","2017-03-06","2017-03-06","2017-03-06","2017-03-06","2017-03-06","2017-03-06","2017-03-06","2017-03-06","2017-03-06","2017-03-06","2017-03-06","2017-03-06","2017-03-06","2017-03-06","2017-03-06","2017-03-06","2017-03-06","2017-03-06","2017-03-06","2017-03-06","2017-03-06","2017-03-06","2017-03-06","2017-03-06","2017-03-06","2017-03-06","2017-03-06","2017-03-06","2017-03-06","2017-03-06","2017-03-06","2017-03-06","2017-03-06","2017-03-06","2017-03-06","2017-03-06","2017-03-06","2017-03-06","2017-03-06","2017-03-06","2017-03-06","2017-03-06","2017-03-06","2017-03-06","2017-03-06","2017-03-06","2017-03-06","2017-03-06","2017-03-06","2017-03-06","2017-03-06","2017-03-06","2017-03-06","2017-03-06","2017-03-06","2017-03-06","2017-03-06","2017-03-06","2017-03-06","2017-03-06","2017-03-06","2017-03-06","2017-03-06","2017-03-06","2017-03-06","2017-03-06","2017-03-06","2017-03-06","2017-03-06","2017-03-06","2017-03-06","2017-03-06","2017-03-06","2017-03-06","2017-03-06","2017-03-06","2017-03-06","2017-03-06","2017-03-06","2017-03-06","2017-03-06","2017-03-06","2017-03-06","2017-03-06","2017-03-06","2017-03-06","2017-03-06","2017-03-06","2017-03-06","2017-03-06","2017-03-06","2017-03-06","2017-03-06","2017-03-06","2017-03-06","2017-03-06","2017-03-06","2017-03-06","2017-03-06","2017-03-06","2017-03-06","2017-03-06","2017-03-06","2017-03-06","2017-03-06","2017-03-06","2017-03-06","2017-03-06","2017-03-06","2017-03-06","2017-03-06","2017-03-06","2017-03-06","2017-03-06","2017-03-06","2017-03-06","2017-03-06","2017-03-06","2017-03-06","2017-03-06","2017-03-06","2017-03-06","2017-03-06","2017-03-06","2017-03-06","2017-03-06","2017-03-06","2017-03-06","2017-03-06","2017-03-06","2017-03-06","2017-03-06","2017-03-06","2017-03-06","2017-03-06","2017-03-06","2017-03-06","2017-03-06","2017-03-06","2017-03-06","2017-03-06","2017-03-06","2017-03-06","2017-03-06","2017-03-06","2017-03-06","2017-03-06","2017-03-06","2017-03-06","2017-03-06","2017-03-06","2017-03-06","2017-03-06","2017-03-06","2017-03-06","2017-03-06","2017-03-06","2017-03-06","2017-03-06","2017-03-06","2017-03-06","2017-03-06","2017-03-06","2017-03-06","2017-03-06","2017-03-06","2017-03-06","2017-03-06","2017-03-06","2017-03-06","2017-03-06","2017-03-06","2017-03-06","2017-03-06","2017-03-06","2017-03-06","2017-03-06","2017-03-06","2017-03-06","2017-03-06","2017-03-06","2017-03-06","2017-03-06","2017-03-06","2017-03-06","2017-03-06","2017-03-06","2017-03-06","2017-03-06","2017-03-06","2017-03-06","2017-03-06","2017-03-06","2017-03-06","2017-03-06","2017-03-06","2017-03-06","2017-03-06","2017-03-06","2017-03-06","2017-03-06","2017-03-06","2017-03-06","2017-03-06","2017-03-06","2017-03-06","2017-03-06","2017-03-06","2017-03-06","2017-03-06","2017-03-06","2017-03-06","2017-03-06","2017-03-06","2017-03-06","2017-03-06","2017-03-06","2017-03-06","2017-03-06","2017-03-06","2017-03-06","2017-03-06","2017-03-06","2017-03-06","2017-03-06","2017-03-06","2017-03-06","2017-03-06","2017-03-06","2017-03-06","2017-03-06","2017-03-06","2017-03-06","2017-03-06","2017-03-06","2017-03-06","2017-03-06","2017-03-06","2017-03-06","2017-03-06","2017-03-06","2017-03-06","2017-03-06","2017-03-06","2017-03-06","2017-03-06","2017-03-06","2017-03-06","2017-03-06","2017-03-06","2017-03-06","2017-03-06","2017-03-06","2017-03-06","2017-03-06","2017-03-06","2017-03-06","2017-03-06","2017-03-06","2017-03-06","2017-03-06","2017-03-06","2017-03-06","2017-03-06","2017-03-06","2017-03-06","2017-03-06","2017-03-06","2017-03-06","2017-03-06","2017-03-06","2017-03-06","2017-03-06","2017-03-06","2017-03-06","2017-03-06","2017-03-06","2017-03-06","2017-03-06","2017-03-06","2017-03-06","2017-03-06","2017-03-06","2017-03-06","2017-03-06","2017-03-06","2017-03-06","2017-03-06","2017-03-06","2017-03-06","2017-03-06","2017-03-06","2017-03-06","2017-03-06","2017-03-06","2017-03-06","2017-03-06","2017-03-06","2017-03-06","2017-03-06","2017-03-06","2017-03-06","2017-03-06","2017-03-06","2017-03-06","2017-03-06","2017-03-06","2017-03-06","2017-03-06","2017-03-06","2017-03-06","2017-03-06","2017-03-06","2017-03-06","2017-03-06","2017-03-06","2017-03-06","2017-03-06","2017-03-06","2017-03-06","2017-03-06","2017-03-06","2017-03-06","2017-03-06","2017-03-06","2017-03-06","2017-03-06","2017-03-06","2017-03-06","2017-03-06","2017-03-06","2017-03-06","2017-03-06","2017-03-06","2017-03-06","2017-03-06","2017-03-06","2017-03-06","2017-03-06","2017-03-06","2017-03-06","2017-03-06","2017-03-06","2017-03-06","2017-03-06","2017-03-06","2017-03-06","2017-03-06","2017-03-06","2017-03-06","2017-03-06","2017-03-06","2017-03-06","2017-03-06","2017-03-06","2017-03-06","2017-03-06","2017-03-06","2017-03-06","2017-03-06","2017-03-06","2017-03-06","2017-03-06","2017-03-06","2017-03-06","2017-03-06","2017-03-06","2017-03-06","2017-03-06","2017-03-06","2017-03-06","2017-03-06","2017-03-06","2017-03-06","2017-03-06","2017-03-06","2017-03-06","2017-03-06","2017-03-06","2017-03-06","2017-03-06","2017-03-06","2017-03-06","2017-03-06","2017-03-06","2017-03-06","2017-03-06","2017-03-06","2017-03-06","2017-03-06","2017-03-06","2017-03-06","2017-03-06","2017-03-06","2017-03-06","2017-03-06","2017-03-06","2017-03-06","2017-03-06","2017-03-06","2017-03-06","2017-03-06","2017-03-06","2017-03-06","2017-03-06","2017-03-06","2017-03-06","2017-03-06","2017-03-06","2017-03-06","2017-03-06","2017-03-06","2017-03-06","2017-03-06","2017-03-06","2017-03-06","2017-03-06","2017-03-06","2017-03-06","2017-03-06","2017-03-06","2017-03-06","2017-03-06","2017-03-06","2017-03-06","2017-03-06","2017-03-06","2017-03-06","2017-03-06","2017-03-06","2017-03-06","2017-03-06","2017-03-06","2017-03-06","2017-03-06","2017-03-06","2017-03-06","2017-03-06","2017-03-06","2017-03-06","2017-03-06","2017-03-06","2017-03-06","2017-03-06","2017-03-06","2017-03-06","2017-03-06","2017-03-06","2017-03-06","2017-03-06","2017-03-06","2017-03-06","2017-03-06","2017-03-06","2017-03-06","2017-03-06","2017-03-06","2017-03-06","2017-03-06","2017-03-06","2017-03-06","2017-03-06","2017-03-06","2017-03-06","2017-03-06","2017-03-06","2017-03-06","2017-03-06","2017-03-06","2017-03-06","2017-03-06","2017-03-06","2017-03-06","2017-03-06","2017-03-06","2017-03-06","2017-03-06","2017-03-06","2017-03-06","2017-03-06","2017-03-06","2017-03-06","2017-03-06","2017-03-06","2017-03-06","2017-03-06","2017-03-06","2017-03-06","2017-03-06","2017-03-06","2017-03-06","2017-03-06","2017-03-06","2017-03-06","2017-03-06","2017-03-06","2017-03-06","2017-03-06","2017-03-06","2017-03-06","2017-03-06","2017-03-06","2017-03-06","2017-03-06","2017-03-06","2017-03-06","2017-03-06","2017-03-06","2017-03-06","2017-03-06","2017-03-06","2017-03-06","2017-03-06","2017-03-06","2017-03-06","2017-03-06","2017-03-06","2017-03-06","2017-03-06","2017-03-06","2017-03-06","2017-03-06","2017-03-06","2017-03-06","2017-03-06","2017-03-06","2017-03-06","2017-03-06","2017-03-06","2017-03-06","2017-03-06","2017-03-06","2017-03-06","2017-03-06","2017-03-06","2017-03-06","2017-03-06","2017-03-06","2017-03-06","2017-03-06","2017-03-06","2017-03-06","2017-03-06","2017-03-06","2017-03-06","2017-03-06","2017-03-06","2017-03-06","2017-03-06","2017-03-06","2017-03-06","2017-03-06","2017-03-06","2017-03-06","2017-03-06","2017-03-06","2017-03-06","2017-03-06","2017-03-06","2017-03-06","2017-03-06","2017-03-06","2017-03-06","2017-03-06","2017-03-06","2017-03-06","2017-03-06","2017-03-06","2017-03-06","2017-03-06","2017-03-06","2017-03-06","2017-03-06","2017-03-06","2017-03-06","2017-03-06","2017-03-06","2017-03-06","2017-03-06","2017-03-06","2017-03-06","2017-03-06","2017-03-06","2017-03-06","2017-03-06","2017-03-06","2017-03-06","2017-03-06","2017-03-06","2017-03-06","2017-03-06","2017-03-06","2017-03-06","2017-03-06","2017-03-06","2017-03-06","2017-03-06","2017-03-06","2017-03-06","2017-03-06","2017-03-06","2017-03-06","2017-03-06","2017-03-06","2017-03-06","2017-03-06","2017-03-06","2017-03-06","2017-03-06","2017-03-06","2017-03-06","2017-03-06","2017-03-06","2017-03-06","2017-03-06","2017-03-06","2017-03-06","2017-03-06","2017-03-06","2017-03-06","2017-03-06","2017-03-06","2017-03-06","2017-03-06","2017-03-06","2017-03-06","2017-03-06","2017-03-06","2017-03-06","2017-03-06","2017-03-06","2017-03-06","2017-03-06","2017-03-06","2017-03-06","2017-03-06","2017-03-06","2017-03-06","2017-03-06","2017-03-06","2017-03-06","2017-03-06","2017-03-06","2017-03-06","2017-03-06","2017-03-06","2017-03-06","2017-03-06","2017-03-06","2017-03-06","2017-03-06","2017-03-06","2017-03-06","2017-03-06","2017-03-06","2017-03-06","2017-03-06","2017-03-06","2017-03-06","2017-03-06","2017-03-06","2017-03-06","2017-03-06","2017-03-06","2017-03-06","2017-03-06","2017-03-06","2017-03-06","2017-03-06","2017-03-06","2017-03-06","2017-03-06","2017-03-06","2017-03-06","2017-03-06","2017-03-06","2017-03-06","2017-03-06","2017-03-06","2017-03-06","2017-03-06","2017-03-06","2017-03-06","2017-03-06","2017-03-06","2017-03-06","2017-03-06","2017-03-06","2017-03-06","2017-03-06","2017-03-06","2017-03-06","2017-03-06","2017-03-06","2017-03-06","2017-03-06","2017-03-06","2017-03-06","2017-03-06","2017-03-06","2017-03-06","2017-03-06","2017-03-06","2017-03-06","2017-03-06","2017-03-06","2017-03-06","2017-03-06","2017-03-06","2017-03-06","2017-03-06","2017-03-06","2017-03-06","2017-03-06","2017-03-06","2017-03-06","2017-03-06","2017-03-06","2017-03-06","2017-03-06","2017-03-06","2017-03-06","2017-03-06","2017-03-06","2017-03-06","2017-03-06","2017-03-06","2017-03-06","2017-03-06","2017-03-06","2017-03-06","2017-03-06","2017-03-06","2017-03-06","2017-03-06","2017-03-06","2017-03-06","2017-03-06","2017-03-06","2017-03-06","2017-03-06","2017-03-06","2017-03-06","2017-03-06","2017-03-06","2017-03-06","2017-03-06","2017-03-06","2017-03-06","2017-03-06","2017-03-06","2017-03-06","2017-03-06","2017-03-06","2017-03-06","2017-03-06","2017-03-06","2017-03-06","2017-03-06","2017-03-06","2017-03-06","2017-03-06","2017-03-06","2017-03-06","2017-03-06","2017-03-06","2017-03-06","2017-03-06","2017-03-06","2017-03-06","2017-03-06","2017-03-06","2017-03-06","2017-03-06","2017-03-06","2017-03-06","2017-03-06","2017-03-06","2017-03-06","2017-03-06","2017-03-06","2017-03-06","2017-03-06","2017-03-06","2017-03-06","2017-03-06","2017-03-06","2017-03-06","2017-03-06","2017-03-06","2017-03-06","2017-03-06","2017-03-06","2017-03-06","2017-03-06","2017-03-06","2017-03-06","2017-03-06","2017-03-06","2017-03-06","2017-03-06","2017-03-06","2017-03-06","2017-03-06","2017-03-06","2017-03-06","2017-03-06","2017-03-06","2017-03-06","2017-03-06","2017-03-06","2017-03-06","2017-03-06","2017-03-06","2017-03-06","2017-03-06","2017-03-06","2017-03-06","2017-03-06","2017-03-06","2017-03-06","2017-03-06","2017-03-06","2017-03-06","2017-03-06","2017-03-06","2017-03-06","2017-03-06","2017-03-06","2017-03-06","2017-03-06","2017-03-06","2017-03-06","2017-03-06","2017-03-06","2017-03-06","2017-03-06","2017-03-06","2017-03-06","2017-03-06","2017-03-06","2017-03-06","2017-03-06","2017-03-06","2017-03-06","2017-03-06","2017-03-06","2017-03-06","2017-03-06","2017-03-06","2017-03-06","2017-03-06","2017-03-06","2017-03-06","2017-03-06","2017-03-06","2017-03-06","2017-03-06","2017-03-06","2017-03-06","2017-03-06","2017-03-06","2017-03-06","2017-03-06","2017-03-06","2017-03-06","2017-03-06","2017-03-06","2017-03-06","2017-03-06","2017-03-06","2017-03-06","2017-03-06","2017-03-06","2017-03-06","2017-03-06","2017-03-06","2017-03-06","2017-03-06","2017-03-06","2017-03-06","2017-03-06","2017-03-06","2017-03-06","2017-03-06","2017-03-06","2017-03-06","2017-03-06","2017-03-06","2017-03-06","2017-03-06","2017-03-06","2017-03-06","2017-03-06","2017-03-06","2017-03-06","2017-03-06","2017-03-06","2017-03-06","2017-03-06","2017-03-06","2017-03-06","2017-03-06","2017-03-06","2017-03-06","2017-03-06","2017-03-06","2017-03-06","2017-03-06","2017-03-06","2017-03-06","2017-03-06","2017-03-06","2017-03-06","2017-03-06","2017-03-06","2017-03-06","2017-03-06","2017-03-06","2017-03-06","2017-03-06","2017-03-06","2017-03-06","2017-03-06","2017-03-06","2017-03-06","2017-03-06","2017-03-06","2017-03-06","2017-03-06","2017-03-06","2017-03-06","2017-03-06","2017-03-06","2017-03-06","2017-03-06","2017-03-06","2017-03-06","2017-03-06","2017-03-06","2017-03-06","2017-03-06","2017-03-06","2017-03-06","2017-03-06","2017-03-06","2017-03-06","2017-03-06","2017-03-06","2017-03-06","2017-03-06","2017-03-06","2017-03-06","2017-03-06","2017-03-06","2017-03-06","2017-03-06","2017-03-06","2017-03-06","2017-03-06","2017-03-06","2017-03-06","2017-03-06","2017-03-06","2017-03-06","2017-03-06","2017-03-06","2017-03-06","2017-03-06","2017-03-06","2017-03-06","2017-03-06","2017-03-06","2017-03-06","2017-03-06","2017-03-06","2017-03-06","2017-03-06","2017-03-06","2017-03-06","2017-03-06","2017-03-06","2017-03-06","2017-03-06","2017-03-06","2017-03-06","2017-03-06","2017-03-06","2017-03-06","2017-03-06","2017-03-06","2017-03-06","2017-03-06","2017-03-06","2017-03-06","2017-03-06","2017-03-06","2017-03-06","2017-03-06","2017-03-06","2017-03-06","2017-03-06","2017-03-06","2017-03-06","2017-03-06","2017-03-06","2017-03-06","2017-03-06","2017-03-06","2017-03-06","2017-03-06","2017-03-06","2017-03-06","2017-03-06","2017-03-06","2017-03-06","2017-03-06","2017-03-06","2017-03-06","2017-03-06","2017-03-06","2017-03-06","2017-03-06","2017-03-06","2017-03-06","2017-03-06","2017-03-06","2017-03-06","2017-03-06","2017-03-06","2017-03-06","2017-03-06","2017-03-06","2017-03-06","2017-03-06","2017-03-06","2017-03-06","2017-03-06","2017-03-06","2017-03-06","2017-03-06","2017-03-06","2017-03-06","2017-03-06","2017-03-06","2017-03-06","2017-03-06","2017-03-06","2017-03-06","2017-03-06","2017-03-06","2017-03-06","2017-03-06","2017-03-06","2017-03-06","2017-03-06","2017-03-06","2017-03-06","2017-03-06","2017-03-06","2017-03-06","2017-03-06","2017-03-06","2017-03-06","2017-03-06","2017-03-06","2017-03-06","2017-03-06","2017-03-06","2017-03-06","2017-03-06","2017-03-06","2017-03-06","2017-03-06","2017-03-06","2017-03-06","2017-03-06","2017-03-06","2017-03-06","2017-03-06","2017-03-06","2017-03-06","2017-03-06","2017-03-06","2017-03-06","2017-03-06","2017-03-06","2017-03-06","2017-03-06","2017-03-06","2017-03-06","2017-03-06","2017-03-06","2017-03-06","2017-03-06","2017-03-06","2017-03-06","2017-03-06","2017-03-06","2017-03-06","2017-03-06","2017-03-06","2017-03-06","2017-03-06","2017-03-06","2017-03-06","2017-03-06","2017-03-06","2017-03-06","2017-03-06","2017-03-06","2017-03-06","2017-03-06","2017-03-06","2017-03-06","2017-03-06","2017-03-06","2017-03-06","2017-03-06","2017-03-06","2017-03-06","2017-03-06","2017-03-06","2017-03-06","2017-03-06","2017-03-06","2017-03-06","2017-03-06","2017-03-06","2017-03-06","2017-03-06","2017-03-06","2017-03-06","2017-03-06","2017-03-06","2017-03-06","2017-03-06","2017-03-06","2017-03-06","2017-03-06","2017-03-06","2017-03-06","2017-03-06","2017-03-06","2017-03-06","2017-03-06","2017-03-06","2017-03-06","2017-03-06","2017-03-06","2017-03-06","2017-03-06","2017-03-06","2017-03-06","2017-03-06","2017-03-06","2017-03-06","2017-03-06","2017-03-06","2017-03-06","2017-03-06","2017-03-06","2017-03-06","2017-03-06","2017-03-06","2017-03-06","2017-03-06","2017-03-06","2017-03-06","2017-03-06","2017-03-06","2017-03-06","2017-03-06","2017-03-06","2017-03-06","2017-03-06","2017-03-06","2017-03-06","2017-03-06","2017-03-06","2017-03-06","2017-03-06","2017-03-06","2017-03-06","2017-03-06","2017-03-06","2017-03-06","2017-03-06","2017-03-06","2017-03-06","2017-03-06","2017-03-06","2017-03-06","2017-03-06","2017-03-06","2017-03-06","2017-03-06","2017-03-06","2017-03-06","2017-03-06","2017-03-06","2017-03-06","2017-03-06","2017-03-06","2017-03-06","2017-03-06","2017-03-06","2017-03-06","2017-03-06","2017-03-06","2017-03-06","2017-03-06","2017-03-06","2017-03-06","2017-03-06","2017-03-06","2017-03-06","2017-03-06","2017-03-06","2017-03-06","2017-03-06","2017-03-06","2017-03-06","2017-03-06","2017-03-06","2017-03-06","2017-03-06","2017-03-06","2017-03-06","2017-03-06","2017-03-06","2017-03-06","2017-03-06","2017-03-06","2017-03-06","2017-03-06","2017-03-06","2017-03-06","2017-03-06","2017-03-06","2017-03-06","2017-03-06","2017-03-06","2017-03-06","2017-03-06","2017-03-06","2017-03-06","2017-03-06","2017-03-06","2017-03-06","2017-03-06","2017-03-06","2017-03-06","2017-03-06","2017-03-06","2017-03-06","2017-03-06","2017-03-06","2017-03-06","2017-03-06","2017-03-06","2017-03-06","2017-03-06","2017-03-06","2017-03-06","2017-03-06","2017-03-06","2017-03-06","2017-03-06","2017-03-06","2017-03-06","2017-03-06","2017-03-06","2017-03-06","2017-03-06","2017-03-06","2017-03-06","2017-03-06","2017-03-06","2017-03-06","2017-03-06","2017-03-06","2017-03-06","2017-03-06","2017-03-06","2017-03-06","2017-03-06","2017-03-06","2017-03-06","2017-03-06","2017-03-06","2017-03-06","2017-03-06","2017-03-06","2017-03-06","2017-03-06","2017-03-06","2017-03-06","2017-03-06","2017-03-06","2017-03-06","2017-03-06","2017-03-06","2017-03-06","2017-03-06","2017-03-06","2017-03-06","2017-03-06","2017-03-06","2017-03-06","2017-03-06","2017-03-06","2017-03-06","2017-03-06","2017-03-06","2017-03-06","2017-03-06","2017-03-06","2017-03-06","2017-03-06","2017-03-06","2017-03-06","2017-03-06","2017-03-06","2017-03-06","2017-03-06","2017-03-06","2017-03-06","2017-03-06","2017-03-06","2017-03-06","2017-03-06","2017-03-06","2017-03-06","2017-03-06","2017-03-06","2017-03-06","2017-03-06","2017-03-06","2017-03-06","2017-03-06","2017-03-06","2017-03-06","2017-03-06","2017-03-06","2017-03-06","2017-03-06","2017-03-06","2017-03-06","2017-03-06","2017-03-06","2017-03-06","2017-03-06","2017-03-06","2017-03-06","2017-03-06","2017-03-06","2017-03-06","2017-03-06","2017-03-06","2017-03-06","2017-03-06","2017-03-06","2017-03-06","2017-03-06","2017-03-06","2017-03-06","2017-03-06","2017-03-06","2017-03-06","2017-03-06","2017-03-06","2017-03-06","2017-03-06","2017-03-06","2017-03-06","2017-03-06","2017-03-06","2017-03-06","2017-03-06","2017-03-06","2017-03-06","2017-03-06","2017-03-06","2017-03-06","2017-03-06","2017-03-06","2017-03-06","2017-03-06","2017-03-06","2017-03-06","2017-03-06","2017-03-06","2017-03-06","2017-03-06","2017-03-06","2017-03-06","2017-03-06","2017-03-06","2017-03-06","2017-03-06","2017-03-06","2017-03-06","2017-03-06","2017-03-06","2017-03-06","2017-03-06","2017-03-06","2017-03-06","2017-03-06","2017-03-06","2017-03-06","2017-03-06","2017-03-06","2017-03-06","2017-03-06","2017-03-06","2017-03-06","2017-03-06","2017-03-06","2017-03-06","2017-03-06","2017-03-06","2017-03-06","2017-03-06","2017-03-06","2017-03-06","2017-03-06","2017-03-06","2017-03-06","2017-03-06","2017-03-06","2017-03-06","2017-03-06","2017-03-06","2017-03-06","2017-03-06","2017-03-06","2017-03-06","2017-03-06","2017-03-06","2017-03-06","2017-03-06","2017-03-06","2017-03-06","2017-03-06","2017-03-06","2017-03-06","2017-03-06","2017-03-06","2017-03-06","2017-03-06","2017-03-06","2017-03-06","2017-03-06","2017-03-06","2017-03-06","2017-03-06","2017-03-06","2017-03-06","2017-03-06","2017-03-06","2017-03-06","2017-03-06","2017-03-06","2017-03-06","2017-03-06","2017-03-06","2017-03-06","2017-03-06","2017-03-06","2017-03-06","2017-03-06","2017-03-06","2017-03-06","2017-03-06","2017-03-06","2017-03-06","2017-03-06","2017-03-06","2017-03-06","2017-03-06","2017-03-06","2017-03-06","2017-03-06","2017-03-06","2017-03-06","2017-03-06","2017-03-06","2017-03-06","2017-03-06","2017-03-06","2017-03-06","2017-03-06","2017-03-06","2017-03-06","2017-03-06","2017-03-06","2017-03-06","2017-03-06","2017-03-06","2017-03-06","2017-03-06","2017-03-06","2017-03-06","2017-03-06","2017-03-06","2017-03-06","2017-03-06","2017-03-06","2017-03-06","2017-03-06","2017-03-06","2017-03-06","2017-03-06","2017-03-06","2017-03-06","2017-03-06","2017-03-06","2017-03-06","2017-03-06","2017-03-06","2017-03-06","2017-03-06","2017-03-06","2017-03-06","2017-03-06","2017-03-06","2017-03-06","2017-03-06","2017-03-06","2017-03-06","2017-03-06","2017-03-06","2017-03-06","2017-03-06","2017-03-06","2017-03-06","2017-03-06","2017-03-06","2017-03-06","2017-03-06","2017-03-06","2017-03-06","2017-03-06","2017-03-06","2017-03-06","2017-03-06","2017-03-06","2017-03-06","2017-03-06","2017-03-06","2017-03-06","2017-03-06","2017-03-06","2017-03-06","2017-03-06","2017-03-06","2017-03-06","2017-03-06","2017-03-06","2017-03-06","2017-03-06","2017-03-06","2017-03-06","2017-03-06","2017-03-06","2017-03-06","2017-03-06","2017-03-06","2017-03-06","2017-03-06","2017-03-06","2017-03-06","2017-03-06","2017-03-06","2017-03-06","2017-03-06","2017-03-06","2017-03-06","2017-03-06","2017-03-06","2017-03-06","2017-03-06","2017-03-06","2017-03-06","2017-03-06","2017-03-06","2017-03-06","2017-03-06","2017-03-06","2017-03-06","2017-03-06","2017-03-06","2017-03-06","2017-03-06","2017-03-06","2017-03-06","2017-03-06","2017-03-06","2017-03-06","2017-03-06","2017-03-06","2017-03-06","2017-03-06","2017-03-06","2017-03-06","2017-03-06","2017-03-06","2017-03-06","2017-03-06","2017-03-06","2017-03-06","2017-03-06","2017-03-06","2017-03-06","2017-03-06","2017-03-06","2017-03-06","2017-03-06","2017-03-06","2017-03-06","2017-03-06","2017-03-06","2017-03-06","2017-03-06","2017-03-06","2017-03-06","2017-03-06","2017-03-06","2017-03-06","2017-03-06","2017-03-06","2017-03-06","2017-03-06","2017-03-06","2017-03-06","2017-03-06","2017-03-06","2017-03-06","2017-03-06","2017-03-06","2017-03-06","2017-03-06","2017-03-06","2017-03-06","2017-03-06","2017-03-06","2017-03-06","2017-03-06","2017-03-06","2017-03-06","2017-03-06","2017-03-06","2017-03-06","2017-03-06","2017-03-06","2017-03-06","2017-03-06","2017-03-06","2017-03-06","2017-03-06","2017-03-06","2017-03-06","2017-03-06","2017-03-06","2017-03-06","2017-03-06","2017-03-06","2017-03-06","2017-03-06","2017-03-06","2017-03-06","2017-03-06","2017-03-06","2017-03-06","2017-03-06","2017-03-06","2017-03-06","2017-03-06","2017-03-06","2017-03-06","2017-03-06","2017-03-06","2017-03-06","2017-03-06","2017-03-06","2017-03-06","2017-03-06","2017-03-06","2017-03-06","2017-03-06","2017-03-06","2017-03-06","2017-03-06","2017-03-06","2017-03-06","2017-03-06","2017-03-06","2017-03-06","2017-03-06","2017-03-06","2017-03-06","2017-03-06","2017-03-06","2017-03-06","2017-03-06","2017-03-06","2017-03-06","2017-03-06","2017-03-06","2017-03-06","2017-03-06","2017-03-06","2017-03-06","2017-03-06","2017-03-06","2017-03-06","2017-03-06","2017-03-06","2017-03-06","2017-03-06","2017-03-06","2017-03-06","2017-03-06","2017-03-06","2017-03-06","2017-03-06","2017-03-06","2017-03-06","2017-03-06","2017-03-06","2017-03-06","2017-03-06","2017-03-06","2017-03-06","2017-03-06","2017-03-06","2017-03-06","2017-03-06","2017-03-06","2017-03-06","2017-03-06","2017-03-06","2017-03-06","2017-03-06","2017-03-06","2017-03-06","2017-03-06","2017-03-06","2017-03-06","2017-03-06","2017-03-06","2017-03-06","2017-03-06","2017-03-06","2017-03-06","2017-03-06","2017-03-06","2017-03-06","2017-03-06","2017-03-06","2017-03-06","2017-03-06","2017-03-06","2017-03-06","2017-03-06","2017-03-06","2017-03-06","2017-03-06","2017-03-06","2017-03-06","2017-03-06","2017-03-06","2017-03-06","2017-03-06","2017-03-06","2017-03-06","2017-03-06","2017-03-06","2017-03-06","2017-03-06","2017-03-06","2017-03-06","2017-03-06","2017-03-06","2017-03-06","2017-03-06","2017-03-06","2017-03-06","2017-03-06","2017-03-06","2017-03-06","2017-03-06","2017-03-06","2017-03-06","2017-03-06","2017-03-06","2017-03-06","2017-03-06","2017-03-06","2017-03-06","2017-03-06","2017-03-06","2017-03-06","2017-03-06","2017-03-06","2017-03-06","2017-03-06","2017-03-06","2017-03-06","2017-03-06","2017-03-06","2017-03-06","2017-03-06","2017-03-06","2017-03-06","2017-03-06","2017-03-06","2017-03-06","2017-03-06","2017-03-06","2017-03-06","2017-03-06","2017-03-06","2017-03-06","2017-03-06","2017-03-06","2017-03-06","2017-03-06","2017-03-06","2017-03-06","2017-03-06","2017-03-06","2017-03-06","2017-03-06","2017-03-06","2017-03-06","2017-03-06","2017-03-06","2017-03-06","2017-03-06","2017-03-06","2017-03-06","2017-03-06","2017-03-06","2017-03-06","2017-03-06","2017-03-06","2017-03-06","2017-03-06","2017-03-06","2017-03-06","2017-03-06","2017-03-06","2017-03-06","2017-03-06","2017-03-06","2017-03-06","2017-03-06","2017-03-06","2017-03-06","2017-03-06","2017-03-06","2017-03-06","2017-03-06","2017-03-06","2017-03-06","2017-03-06","2017-03-06","2017-03-06","2017-03-06","2017-03-06","2017-03-06","2017-03-06","2017-03-06","2017-03-06","2017-03-06","2017-03-06","2017-03-06","2017-03-06","2017-03-06","2017-03-06","2017-03-06","2017-03-06","2017-03-06","2017-03-06","2017-03-06","2017-03-06","2017-03-06","2017-03-06","2017-03-06","2017-03-06","2017-03-06","2017-03-06","2017-03-06","2017-03-06","2017-03-06","2017-03-06","2017-03-06","2017-03-06","2017-03-06","2017-03-06","2017-03-06","2017-03-06","2017-03-06","2017-03-06","2017-03-06","2017-03-06","2017-03-06","2017-03-06","2017-03-06","2017-03-06","2017-03-06","2017-03-06","2017-03-06","2017-03-06","2017-03-06","2017-03-06","2017-03-06","2017-03-06","2017-03-06","2017-03-06","2017-03-06","2017-03-06","2017-03-06","2017-03-06","2017-03-06","2017-03-06","2017-03-06","2017-03-06","2017-03-06","2017-03-06","2017-03-06","2017-03-06","2017-03-06","2017-03-06","2017-03-06","2017-03-06","2017-03-06","2017-03-06","2017-03-06","2017-03-06","2017-03-06","2017-03-06","2017-03-06","2017-03-06","2017-03-06","2017-03-06","2017-03-06","2017-03-06","2017-03-06","2017-03-06","2017-03-06","2017-03-06","2017-03-06","2017-03-06","2017-03-06","2017-03-06","2017-03-06","2017-03-06","2017-03-06","2017-03-06","2017-03-06","2017-03-06","2017-03-06","2017-03-06","2017-03-06","2017-03-06","2017-03-06","2017-03-06","2017-03-06","2017-03-06","2017-03-06","2017-03-06","2017-03-06","2017-03-06","2017-03-06","2017-03-06","2017-03-06","2017-03-06","2017-03-06","2017-03-06","2017-03-06","2017-03-06","2017-03-06","2017-03-06","2017-03-06","2017-03-06","2017-03-06","2017-03-06","2017-03-06","2017-03-06","2017-03-06","2017-03-06","2017-03-06","2017-03-06","2017-03-06","2017-03-06","2017-03-06","2017-03-06","2017-03-06","2017-03-06","2017-03-06","2017-03-06","2017-03-06","2017-03-06","2017-03-06","2017-03-06","2017-03-06","2017-03-06","2017-03-06","2017-03-06","2017-03-06","2017-03-06","2017-03-06","2017-03-06","2017-03-06","2017-03-06","2017-03-06","2017-03-06","2017-03-06","2017-03-06","2017-03-06","2017-03-06","2017-03-06","2017-03-06","2017-03-06","2017-03-06","2017-03-06","2017-03-06","2017-03-06","2017-03-06","2017-03-06","2017-03-06","2017-03-06","2017-03-06","2017-03-06","2017-03-06","2017-03-06","2017-03-06","2017-03-06","2017-03-06","2017-03-06","2017-03-06","2017-03-06","2017-03-06","2017-03-06","2017-03-06","2017-03-06","2017-03-06","2017-03-06","2017-03-06","2017-03-06","2017-03-06","2017-03-06","2017-03-06","2017-03-06","2017-03-06","2017-03-06","2017-03-06","2017-03-06","2017-03-06","2017-03-06","2017-03-06","2017-03-06","2017-03-06","2017-03-06","2017-03-06","2017-03-06","2017-03-06","2017-03-06","2017-03-06","2017-03-06","2017-03-06","2017-03-06","2017-03-06","2017-03-06","2017-03-06","2017-03-06","2017-03-06","2017-03-06","2017-03-06","2017-03-06","2017-03-06","2017-03-06","2017-03-06","2017-03-06","2017-03-06","2017-03-06","2017-03-06","2017-03-06","2017-03-06","2017-03-06","2017-03-06","2017-03-06","2017-03-06","2017-03-06","2017-03-06","2017-03-06","2017-03-06","2017-03-06","2017-03-06","2017-03-06","2017-03-06","2017-03-06","2017-03-06","2017-03-06","2017-03-06","2017-03-06","2017-03-06","2017-03-06","2017-03-06","2017-03-06","2017-03-06","2017-03-06","2017-03-06","2017-03-06","2017-03-06","2017-03-06","2017-03-06","2017-03-06","2017-03-06","2017-03-06","2017-03-06","2017-03-06","2017-03-06","2017-03-06","2017-03-06","2017-03-06","2017-03-06","2017-03-06","2017-03-06","2017-03-06","2017-03-06","2017-03-06","2017-03-06","2017-03-06","2017-03-06","2017-03-06","2017-03-06","2017-03-06","2017-03-06","2017-03-06","2017-03-06","2017-03-06","2017-03-06","2017-03-06","2017-03-06","2017-03-06","2017-03-06","2017-03-06","2017-03-06","2017-03-06","2017-03-06","2017-03-06","2017-03-06","2017-03-06","2017-03-06","2017-03-06","2017-03-06","2017-03-06","2017-03-06","2017-03-06","2017-03-06","2017-03-06","2017-03-06","2017-03-06","2017-03-06","2017-03-06","2017-03-06","2017-03-06","2017-03-06","2017-03-06","2017-03-06","2017-03-06","2017-03-06","2017-03-06","2017-03-06","2017-03-06","2017-03-06","2017-03-06","2017-03-06","2017-03-06","2017-03-06","2017-03-06","2017-03-06","2017-03-06","2017-03-06","2017-03-06","2017-03-06","2017-03-06","2017-03-06","2017-03-06","2017-03-06","2017-03-06","2017-03-06","2017-03-06","2017-03-06","2017-03-06","2017-03-06","2017-03-06","2017-03-06","2017-03-06","2017-03-06","2017-03-06","2017-03-06","2017-03-06","2017-03-06","2017-03-06","2017-03-06","2017-03-06","2017-03-06","2017-03-06","2017-03-06","2017-03-06","2017-03-06","2017-03-06","2017-03-06","2017-03-06","2017-03-06","2017-03-06","2017-03-06","2017-03-06","2017-03-06","2017-03-06","2017-03-06","2017-03-06","2017-03-06","2017-03-06","2017-03-06","2017-03-06","2017-03-06","2017-03-06","2017-03-06","2017-03-06","2017-03-06","2017-03-06","2017-03-06","2017-03-06","2017-03-06","2017-03-06","2017-03-06","2017-03-06","2017-03-06","2017-03-06","2017-03-06","2017-03-06","2017-03-06","2017-03-06","2017-03-06","2017-03-06","2017-03-06","2017-03-06","2017-03-06","2017-03-06","2017-03-06","2017-03-06","2017-03-06","2017-03-06","2017-03-06","2017-03-06","2017-03-06","2017-03-06","2017-03-06","2017-03-06","2017-03-06","2017-03-06","2017-03-06","2017-03-06","2017-03-06","2017-03-06","2017-03-06","2017-03-06","2017-03-06","2017-03-06","2017-03-06","2017-03-06","2017-03-06","2017-03-06","2017-03-06","2017-03-06","2017-03-06","2017-03-06","2017-03-06","2017-03-06","2017-03-06","2017-03-06","2017-03-06","2017-03-06","2017-03-06","2017-03-06","2017-03-06","2017-03-06","2017-03-06","2017-03-06","2017-03-06","2017-03-06","2017-03-06","2017-03-06","2017-03-06","2017-03-06","2017-03-06","2017-03-06","2017-03-06","2017-03-06","2017-03-06","2017-03-06","2017-03-06","2017-03-06","2017-03-06","2017-03-06","2017-03-06","2017-03-06","2017-03-06","2017-03-06","2017-03-06","2017-03-06","2017-03-06","2017-03-06","2017-03-06","2017-03-06","2017-03-06","2017-03-06","2017-03-06","2017-03-06","2017-03-06","2017-03-06","2017-03-06","2017-03-06","2017-03-06","2017-03-06","2017-03-06","2017-03-06","2017-03-06","2017-03-06","2017-03-06","2017-03-06","2017-03-06","2017-03-06","2017-03-06","2017-03-06","2017-03-06","2017-03-06","2017-03-06","2017-03-06","2017-03-06","2017-03-06","2017-03-06","2017-03-06","2017-03-06","2017-03-06","2017-03-06","2017-03-06","2017-03-06","2017-03-06","2017-03-06","2017-03-06","2017-03-06","2017-03-06","2017-03-06","2017-03-06","2017-03-06","2017-03-06","2017-03-06","2017-03-06","2017-03-06","2017-03-06","2017-03-06","2017-03-06","2017-03-06","2017-03-06","2017-03-06","2017-03-06","2017-03-06","2017-03-06","2017-03-06","2017-03-06","2017-03-06","2017-03-06","2017-03-06","2017-03-06","2017-03-06","2017-03-06","2017-03-06","2017-03-06","2017-03-06","2017-03-06","2017-03-06","2017-03-06","2017-03-06","2017-03-06","2017-03-06","2017-03-06","2017-03-06","2017-03-06","2017-03-06","2017-03-06","2017-03-06","2017-03-06","2017-03-06","2017-03-06","2017-03-06","2017-03-06","2017-03-06","2017-03-06","2017-03-06","2017-03-06","2017-03-06","2017-03-06","2017-03-06","2017-03-06","2017-03-06","2017-03-06","2017-03-06","2017-03-06","2017-03-06","2017-03-06","2017-03-06","2017-03-06","2017-03-06","2017-03-06","2017-03-06","2017-03-06","2017-03-06","2017-03-06","2017-03-06","2017-03-06","2017-03-06","2017-03-06","2017-03-06","2017-03-06","2017-03-06","2017-03-06","2017-03-06","2017-03-06","2017-03-06","2017-03-06","2017-03-06","2017-03-06","2017-03-06","2017-03-06","2017-03-06","2017-03-06","2017-03-06","2017-03-06","2017-03-06","2017-03-06","2017-03-06","2017-03-06","2017-03-06","2017-03-06","2017-03-06","2017-03-06","2017-03-06","2017-03-06","2017-03-06","2017-03-06","2017-03-06","2017-03-06","2017-03-06","2017-03-06","2017-03-06","2017-03-06","2017-03-06","2017-03-06","2017-03-06","2017-03-06","2017-03-06","2017-03-06","2017-03-06","2017-03-06","2017-03-06","2017-03-06","2017-03-06","2017-03-06","2017-03-06","2017-03-06","2017-03-06","2017-03-06","2017-03-06","2017-03-06","2017-03-06","2017-03-06","2017-03-06","2017-03-06","2017-03-06","2017-03-06","2017-03-06","2017-03-06","2017-03-06","2017-03-06","2017-03-06","2017-03-06","2017-03-06","2017-03-06","2017-03-06","2017-03-06","2017-03-06","2017-03-06","2017-03-06","2017-03-06","2017-03-06","2017-03-06","2017-03-06","2017-03-06","2017-03-06","2017-03-06","2017-03-06","2017-03-06","2017-03-06","2017-03-06","2017-03-06","2017-03-06","2017-03-06","2017-03-06","2017-03-06","2017-03-06","2017-03-06","2017-03-06","2017-03-06","2017-03-06","2017-03-06","2017-03-06","2017-03-06","2017-03-06","2017-03-06","2017-03-06","2017-03-06","2017-03-06","2017-03-06","2017-03-06","2017-03-06","2017-03-06","2017-03-06","2017-03-06","2017-03-06","2017-03-06","2017-03-06","2017-03-06","2017-03-06","2017-03-06","2017-03-06","2017-03-06","2017-03-06","2017-03-06","2017-03-06","2017-03-06","2017-03-06","2017-03-06","2017-03-06","2017-03-06","2017-03-06","2017-03-06","2017-03-06","2017-03-06","2017-03-06","2017-03-06","2017-03-06","2017-03-06","2017-03-06","2017-03-06","2017-03-06","2017-03-06","2017-03-06","2017-03-06","2017-03-06","2017-03-06","2017-03-06","2017-03-06","2017-03-06","2017-03-06","2017-03-06","2017-03-06","2017-03-06","2017-03-06","2017-03-06","2017-03-06","2017-03-06","2017-03-06","2017-03-06","2017-03-06","2017-03-06","2017-03-06","2017-03-06","2017-03-06","2017-03-06","2017-03-06","2017-03-06","2017-03-06","2017-03-06","2017-03-06","2017-03-06","2017-03-06","2017-03-06","2017-03-06","2017-03-06","2017-03-06","2017-03-06","2017-03-06","2017-03-06","2017-03-06","2017-03-06","2017-03-06","2017-03-06","2017-03-06","2017-03-06","2017-03-06","2017-03-06","2017-03-06","2017-03-06","2017-03-06","2017-03-06","2017-03-06","2017-03-06","2017-03-06","2017-03-06","2017-03-06","2017-03-06","2017-03-06","2017-03-06","2017-03-06","2017-03-06","2017-03-06","2017-03-06","2017-03-06","2017-03-06","2017-03-06","2017-03-06","2017-03-06","2017-03-06","2017-03-06","2017-03-06","2017-03-06","2017-03-06","2017-03-06","2017-03-06","2017-03-06","2017-03-06","2017-03-06","2017-03-06","2017-03-06","2017-03-06","2017-03-06","2017-03-06","2017-03-06","2017-03-06","2017-03-06","2017-03-06","2017-03-06","2017-03-06","2017-03-06","2017-03-06","2017-03-06","2017-03-06","2017-03-06","2017-03-06","2017-03-06","2017-03-06","2017-03-06","2017-03-06","2017-03-06","2017-03-06","2017-03-06","2017-03-06","2017-03-06","2017-03-06","2017-03-06","2017-03-06","2017-03-06","2017-03-06","2017-03-06","2017-03-06","2017-03-06","2017-03-06","2017-03-06","2017-03-06","2017-03-06","2017-03-06","2017-03-06","2017-03-06","2017-03-06","2017-03-06","2017-03-06","2017-03-06","2017-03-06","2017-03-06","2017-03-06","2017-03-06","2017-03-06","2017-03-06","2017-03-06","2017-03-06","2017-03-06","2017-03-06","2017-03-06","2017-03-06","2017-03-06","2017-03-06","2017-03-06","2017-03-06","2017-03-06","2017-03-06","2017-03-06","2017-03-06","2017-03-06","2017-03-06","2017-03-06","2017-03-06","2017-03-06","2017-03-06","2017-03-06","2017-03-06","2017-03-06","2017-03-06","2017-03-06","2017-03-06","2017-03-06","2017-03-06","2017-03-06","2017-03-06","2017-03-06","2017-03-06","2017-03-06","2017-03-06","2017-03-06","2017-03-06","2017-03-06","2017-03-06","2017-03-06","2017-03-06","2017-03-06","2017-03-06","2017-03-06","2017-03-06","2017-03-06","2017-03-06","2017-03-06","2017-03-06","2017-03-06","2017-03-06","2017-03-06","2017-03-06","2017-03-06","2017-03-06","2017-03-06","2017-03-06","2017-03-06","2017-03-06","2017-03-06","2017-03-06","2017-03-06","2017-03-06","2017-03-06","2017-03-06","2017-03-06","2017-03-06","2017-03-06","2017-03-06","2017-03-06","2017-03-06","2017-03-06","2017-03-06","2017-03-06","2017-03-06","2017-03-06","2017-03-06","2017-03-06","2017-03-06","2017-03-06","2017-03-06","2017-03-06","2017-03-06","2017-03-06","2017-03-06","2017-03-06","2017-03-06","2017-03-06","2017-03-06","2017-03-06","2017-03-06","2017-03-06","2017-03-06","2017-03-06","2017-03-06","2017-03-06","2017-03-06","2017-03-06","2017-03-06","2017-03-06","2017-03-06","2017-03-06","2017-03-06","2017-03-06","2017-03-06","2017-03-06","2017-03-06","2017-03-06","2017-03-06","2017-03-06","2017-03-06","2017-03-06","2017-03-06","2017-03-06","2017-03-06","2017-03-06","2017-03-06","2017-03-06","2017-03-06","2017-03-06","2017-03-06","2017-03-06","2017-03-06","2017-03-06","2017-03-06","2017-03-06","2017-03-06","2017-03-06","2017-03-06","2017-03-06","2017-03-06","2017-03-06","2017-03-06","2017-03-06","2017-03-06","2017-03-06","2017-03-06","2017-03-06","2017-03-06","2017-03-06","2017-03-06","2017-03-06","2017-03-06","2017-03-06","2017-03-06","2017-03-06","2017-03-06","2017-03-06","2017-03-06","2017-03-06","2017-03-06","2017-03-06","2017-03-06","2017-03-06","2017-03-06","2017-03-06","2017-03-06","2017-03-06","2017-03-06","2017-03-06","2017-03-06","2017-03-06","2017-03-06","2017-03-06","2017-03-06","2017-03-06","2017-03-06","2017-03-06","2017-03-06","2017-03-06","2017-03-06","2017-03-06","2017-03-06","2017-03-06","2017-03-06","2017-03-06","2017-03-06","2017-03-06","2017-03-06","2017-03-06","2017-03-06","2017-03-06","2017-03-06","2017-03-06","2017-03-06","2017-03-06","2017-03-06","2017-03-06","2017-03-06","2017-03-06","2017-03-06","2017-03-06","2017-03-06","2017-03-06","2017-03-06","2017-03-06","2017-03-06","2017-03-06","2017-03-06","2017-03-06","2017-03-06","2017-03-06","2017-03-06","2017-03-06","2017-03-06","2017-03-06","2017-03-06","2017-03-06","2017-03-06","2017-03-06","2017-03-06","2017-03-06","2017-03-06","2017-03-06","2017-03-06","2017-03-06","2017-03-06","2017-03-06","2017-03-06","2017-03-06","2017-03-06","2017-03-06","2017-03-06","2017-03-06","2017-03-06","2017-03-06","2017-03-06","2017-03-06","2017-03-06","2017-03-06","2017-03-06","2017-03-06","2017-03-06","2017-03-06","2017-03-06","2017-03-06","2017-03-06","2017-03-06","2017-03-06","2017-03-06","2017-03-06","2017-03-06","2017-03-06","2017-03-06","2017-03-06","2017-03-06","2017-03-06","2017-03-06","2017-03-06","2017-03-06","2017-03-06","2017-03-06","2017-03-06","2017-03-06","2017-03-06","2017-03-06","2017-03-06","2017-03-06","2017-03-06","2017-03-06","2017-03-06","2017-03-06","2017-03-06","2017-03-06","2017-03-06","2017-03-06","2017-03-06","2017-03-06","2017-03-06","2017-03-06","2017-03-06","2017-03-06","2017-03-06","2017-03-06","2017-03-06","2017-03-06","2017-03-06","2017-03-06","2017-03-06","2017-03-06","2017-03-06","2017-03-06","2017-03-06","2017-03-06","2017-03-06","2017-03-06","2017-03-06","2017-03-06","2017-03-06","2017-03-06","2017-03-06","2017-03-06","2017-03-06","2017-03-06","2017-03-06","2017-03-06","2017-03-06","2017-03-06","2017-03-06","2017-03-06","2017-03-06","2017-03-06","2017-03-06","2017-03-06","2017-03-06","2017-03-06","2017-03-06","2017-03-06","2017-03-06","2017-03-06","2017-03-06","2017-03-06","2017-03-06","2017-03-06","2017-03-06","2017-03-06","2017-03-06","2017-03-06","2017-03-06","2017-03-06","2017-03-06","2017-03-06","2017-03-06","2017-03-06","2017-03-06","2017-03-06","2017-03-06","2017-03-06","2017-03-06","2017-03-06","2017-03-06","2017-03-06","2017-03-06","2017-03-06","2017-03-06","2017-03-06","2017-03-06","2017-03-06","2017-03-06","2017-03-06","2017-03-06","2017-03-06","2017-03-06","2017-03-06","2017-03-06","2017-03-06","2017-03-06","2017-03-06","2017-03-06","2017-03-06","2017-03-06","2017-03-06","2017-03-06","2017-03-06","2017-03-06","2017-03-06","2017-03-06","2017-03-06","2017-03-06","2017-03-06","2017-03-06","2017-03-06","2017-03-06","2017-03-06","2017-03-06","2017-03-06","2017-03-06","2017-03-06","2017-03-06","2017-03-06","2017-03-06","2017-03-06","2017-03-06","2017-03-06","2017-03-06","2017-03-06","2017-03-06","2017-03-06","2017-03-06","2017-03-06","2017-03-06","2017-03-06","2017-03-06","2017-03-06","2017-03-06","2017-03-06","2017-03-06","2017-03-06","2017-03-06","2017-03-06","2017-03-06","2017-03-06","2017-03-06","2017-03-06","2017-03-06","2017-03-06","2017-03-06","2017-03-06","2017-03-06","2017-03-06","2017-03-06","2017-03-06","2017-03-06","2017-03-06","2017-03-06","2017-03-06","2017-03-06","2017-03-06","2017-03-06","2017-03-06","2017-03-06","2017-03-06","2017-03-06","2017-03-06","2017-03-06","2017-03-06","2017-03-06","2017-03-06","2017-03-06","2017-03-06","2017-03-06","2017-03-06","2017-03-06","2017-03-06","2017-03-06","2017-03-06","2017-03-06","2017-03-06","2017-03-06","2017-03-06","2017-03-06","2017-03-06","2017-03-06","2017-03-06","2017-03-06","2017-03-06","2017-03-06","2017-03-06","2017-03-06","2017-03-06","2017-03-06","2017-03-06","2017-03-06","2017-03-06","2017-03-06","2017-03-06","2017-03-06","2017-03-06","2017-03-06","2017-03-06","2017-03-06","2017-03-06","2017-03-06","2017-03-06","2017-03-06","2017-03-06","2017-03-06","2017-03-06","2017-03-06","2017-03-06","2017-03-06","2017-03-06","2017-03-06","2017-03-06","2017-03-06","2017-03-06","2017-03-06","2017-03-06","2017-03-06","2017-03-06","2017-03-06","2017-03-06","2017-03-06","2017-03-06","2017-03-06","2017-03-06","2017-03-06","2017-03-06","2017-03-06","2017-03-06","2017-03-06","2017-03-06","2017-03-06","2017-03-06","2017-03-06","2017-03-06","2017-03-06","2017-03-06","2017-03-06","2017-03-06","2017-03-06","2017-03-06","2017-03-06","2017-03-06","2017-03-06","2017-03-06","2017-03-06","2017-03-06","2017-03-06","2017-03-06","2017-03-06","2017-03-06","2017-03-06","2017-03-06","2017-03-06","2017-03-06","2017-03-06","2017-03-06","2017-03-06","2017-03-06","2017-03-06","2017-03-06","2017-03-06","2017-03-06","2017-03-06","2017-03-06","2017-03-06","2017-03-06","2017-03-06","2017-03-06","2017-03-06","2017-03-06","2017-03-06","2017-03-06","2017-03-06","2017-03-06","2017-03-06","2017-03-06","2017-03-06","2017-03-06","2017-03-06","2017-03-06","2017-03-06","2017-03-06","2017-03-06","2017-03-06","2017-03-06","2017-03-06","2017-03-06","2017-03-06","2017-03-06","2017-03-06","2017-03-06","2017-03-06","2017-03-06","2017-03-06","2017-03-06","2017-03-06","2017-03-06","2017-03-06","2017-03-06","2017-03-06","2017-03-06","2017-03-06","2017-03-06","2017-03-06","2017-03-06","2017-03-06","2017-03-06","2017-03-06","2017-03-06","2017-03-06","2017-03-06","2017-03-06","2017-03-06","2017-03-06","2017-03-06","2017-03-06","2017-03-06","2017-03-06","2017-03-06","2017-03-06","2017-03-06","2017-03-06","2017-03-06","2017-03-06","2017-03-06","2017-03-06","2017-03-06","2017-03-06","2017-03-06","2017-03-06","2017-03-06","2017-03-06","2017-03-06","2017-03-06","2017-03-06","2017-03-06","2017-03-06","2017-03-06","2017-03-06","2017-03-06","2017-03-06","2017-03-06","2017-03-06","2017-03-06","2017-03-06","2017-03-06","2017-03-06","2017-03-06","2017-03-06","2017-03-06","2017-03-06","2017-03-06","2017-03-06","2017-03-06","2017-03-06","2017-03-06","2017-03-06","2017-03-06","2017-03-06","2017-03-06","2017-03-06","2017-03-06","2017-03-06","2017-03-06","2017-03-06","2017-03-06","2017-03-06","2017-03-06","2017-03-06","2017-03-06","2017-03-06","2017-03-06","2017-03-06","2017-03-06","2017-03-06","2017-03-06","2017-03-06","2017-03-06","2017-03-06","2017-03-06","2017-03-06","2017-03-06","2017-03-06","2017-03-06","2017-03-06","2017-03-06","2017-03-06","2017-03-06","2017-03-06","2017-03-06","2017-03-06","2017-03-06","2017-03-06","2017-03-06","2017-03-06","2017-03-06","2017-03-06","2017-03-06","2017-03-06","2017-03-06","2017-03-06","2017-03-06","2017-03-06","2017-03-06","2017-03-06","2017-03-06","2017-03-06","2017-03-06","2017-03-06","2017-03-06","2017-03-06","2017-03-06","2017-03-06","2017-03-06","2017-03-06","2017-03-06","2017-03-06","2017-03-06","2017-03-06","2017-03-06","2017-03-06","2017-03-06","2017-03-06","2017-03-06","2017-03-06","2017-03-06","2017-03-06","2017-03-06","2017-03-06","2017-03-06","2017-03-06","2017-03-06","2017-03-06","2017-03-06","2017-03-06","2017-03-06","2017-03-06","2017-03-06","2017-03-06","2017-03-06","2017-03-06","2017-03-06","2017-03-06","2017-03-06","2017-03-06","2017-03-06","2017-03-06","2017-03-06","2017-03-06","2017-03-06","2017-03-06","2017-03-06","2017-03-06","2017-03-06","2017-03-06","2017-03-06","2017-03-06","2017-03-06","2017-03-06","2017-03-06","2017-03-06","2017-03-06","2017-03-06","2017-03-06","2017-03-06","2017-03-06","2017-03-06","2017-03-06","2017-03-06","2017-03-06","2017-03-06","2017-03-06","2017-03-06","2017-03-06","2017-03-06","2017-03-06","2017-03-06","2017-03-06","2017-03-06","2017-03-06","2017-03-06","2017-03-06","2017-03-06","2017-03-06","2017-03-06","2017-03-06","2017-03-06","2017-03-06","2017-03-06","2017-03-06","2017-03-06","2017-03-06","2017-03-06","2017-03-06","2017-03-06","2017-03-06","2017-03-06","2017-03-06","2017-03-06","2017-03-06","2017-03-06","2017-03-06","2017-03-06","2017-03-06","2017-03-06","2017-03-06","2017-03-06","2017-03-06","2017-03-06","2017-03-06","2017-03-06","2017-03-06","2017-03-06","2017-03-06","2017-03-06","2017-03-06","2017-03-06","2017-03-06","2017-03-06","2017-03-06","2017-03-06","2017-03-06","2017-03-06","2017-03-06","2017-03-06","2017-03-06","2017-03-06","2017-03-06","2017-03-06","2017-03-06","2017-03-06","2017-03-06","2017-03-06","2017-03-06","2017-03-06","2017-03-06","2017-03-06","2017-03-06","2017-03-06","2017-03-06","2017-03-06","2017-03-06","2017-03-06","2017-03-06","2017-03-06","2017-03-06","2017-03-06","2017-03-06","2017-03-06","2017-03-06","2017-03-06","2017-03-06","2017-03-06","2017-03-06","2017-03-06","2017-03-06","2017-03-06","2017-03-06","2017-03-06","2017-03-06","2017-03-06","2017-03-06","2017-03-06","2017-03-06","2017-03-06","2017-03-06","2017-03-06","2017-03-06"]
["2017-03-06",null,2,"Validation liste du matériel SDEL","A","C. B","L. G","Schneider Electric","Technique","2017-03-06",null,null,1]
["2017-03-06",null,3,"Point planning Chantier SDEL","A","C. B",null,"Schneider Electric","Planning","2017-03-07",null,null,1]
["2017-03-06",null,4,"Viste fabrication tuyauterie chez ATIEP","I","C. B",null,"Schneider Electric",null,"2017-03-07"]
["2017-03-06",null,5,"Répondre au mail de Raphael Monserrat du 6 Mars 2017","A","C. B",null,"Schneider Electric","Contractuel","2017-03-13",null,null,1]
["2017-03-06",null,6,"Analyser planning V2 SDEL","A","C. B",null,"Schneider Electric","Planning","2017-03-13",null,null,1]
["2017-03-06",null,7,"Fourniture calcul calorifuge ballon","A","M. K",null,"ATIEP","Technique","2017-03-17",null,null,1]
["2017-03-06",null,8,"Fourniture calcul pertes de charge hydrauliques à G. Mermier","A","M. K",null,"ATIEP","Technique","2017-03-17",null,null,1]
["2017-03-06",null,9,"Signature contrat de sous-traitance SDEL","A","X. V","A. P","Schneider Electric","Achats","2017-03-13",null,"2017-03-13",1]
["2017-03-06",null,10,"Confirmer date de départ usine du GF","A","C. B","Uniflair","Schneider Electric","Planning","2017-03-17",null,null,1,"6/04, livraison le 11/04"]
["2017-03-06",null,11,"Visite sur site du chef de chantier ATIEP","I","R. M",null,"ATIEP",null,"2017-03-10",null,null,null,"M. Monserrat contacte directement AEE pour organiser la visite"]
["2017-03-06",null,12,"Fourniture AF V2","A","M. K",null,"ATIEP","Technique","2017-03-13",null,null,1]
["2017-03-06",null,13,"Fourniture Schéma Electrique + liste E/S","A","Ch. O",null,"Actemium","Technique","2017-03-14",null,null,1]
["2017-03-06",null,14,"Réunion d'échange sur AF V2 & Schéma","I",null,null,null,null,"2017-03-16"]
["2017-03-06",null,15,"Commander Eau Glycolée","A","C. B",null,"Schneider Electric","Achats","2017-03-17",null,null,1,"Demander à AEE les certification Glycol du site de Burnhaupt. Solliciter ATIEP pour obtenir un contact fournisseur"]
["2017-03-06",null,16,"Obtenir commande conforme DLL et envoi AR","A","L. K",null,"Schneider Electric","Contractuel","2017-03-17",null,null,1]
["2017-03-06",null,17,"Transmettre le type de disjoncteur de tête à mettre en place à AEE","A","C. B",null,"Schneider Electric","Technique","2017-03-10",null,null,1,"Demander confirmation à G. Mermier"]
["2017-05-03",null,18,"Mise en service les 9 et 10 Mai 2017","I"]
["2017-05-03",null,19,"Attente mode opératoire MES pour définir besoins d'assistance ATIEP/Actemium","A","W. T","C. Bizot","Schneider Electric","Technique","2017-05-05",null,"RETARD",0,"Relance effectué le 3/5"]
["2017-05-03",null,20,"Confirmation de livraison Eau Glycolée","A","C. B",null,"Schneider Electric","Achats","2017-05-05",null,"RETARD",0,"E-mail envoyé le 3/5 à Mme Pierron (Aquaged)"]
["2017-05-03",null,21,"Cablage alimentation groupe à réaliser d'ici le 9 Mai 2017","A","L. G",null,"Flex N Gate","Technique","2017-05-09",null,"RETARD",0,"Confirmation du planning par Lucas Gavoille le 3/5"]
[null,null,22]
[null,null,23]
[null,null,24]
[null,null,25]
[null,null,26]
[null,null,27]
[null,null,28]
[null,null,29]
[null,null,30]
[null,null,31]
[null,null,32]
[null,null,33]
[null,null,34]
[null,null,35]
[null,null,36]
[null,null,37]
[null,null,38]
[null,null,39]
[null,null,40]
[null,null,41]
[null,null,42]
[null,null,43]
[null,null,44]
[null,null,45]
[null,null,46]
[null,null,47]
[null,null,48]
[null,null,49]
[null,null,50]
[null,null,51]
[null,null,52]
[null,null,53]
[null,null,54]
[null,null,55]
[null,null,56]
[null,null,57]
[null,null,58]
[null,null,59]
[null,null,60]
[null,null,61]
[null,null,62]
[null,null,63]
[null,null,64]
[null,null,65]
[null,null,66]
[null,null,67]
[null,null,68]
[null,null,69]
[null,null,70]
[null,null,71]
[null,null,72]
[null,null,73]
[null,null,74]
[null,null,75]
[null,null,76]
[null,null,77]
[null,null,78]
[null,null,79]
[null,null,80]
[null,null,81]
[null,null,82]
[null,null,83]
[null,null,84]
[null,null,85]
[null,null,86]
[null,null,87]
[null,null,88]
[null,null,89]
[null,null,90]
[null,null,91]
[null,null,92]
[null,null,93]
[null,null,94]
[null,null,95]
[null,null,96]
[null,null,97]
[null,null,98]
[null,null,99]
[null,null,100]
[null,null,101]
[null,null,102]
[null,null,103]
[null,null,104]
[null,null,105]
[null,null,106]
[null,null,107]
[null,null,108]
[null,null,109]
[null,null,110]
[null,null,111]
[null,null,112]
[null,null,113]
[null,null,114]

{"sheet":"RIDA archive","index":4,"n_rows":7,"n_cols":14,"rows_kept":7,"cut":false,"hidden":false,"merged":[[0,3,0,9],[1,3,1,9],[4,0,4,4],[4,5,4,12]]}
[null,null,null,"Groupes froids"]
[null,null,null,"Relevé d'Informations - Décisions - Actions"]
[null,null,"2015-08-11T15:46:40"]
[]
["Informations - Décisions - Actions",null,null,null,null,"Actions",null,null,null,null,null,null,null,"Remarques"]
[null,null,{"$f":"MAX(C8:C5000)","v":0}]
["Date","Origine (réunion, entretien…)","N°","Description","Nature (I/D/A)","Responsable\n de l'action","Contributeur(s) à l'action","Société","Domaine (Technique, Qualité, …)","Échéance","Echéance renégociée","Réalisé (date ou RETARD)","Statut 0 à 100%","Commentaire(s) ou suivi"]

{"sheet":"Suivi avancement projet","index":5,"n_rows":94,"n_cols":22,"rows_kept":94,"cut":false,"hidden":false,"merged":[[52,1,52,8],[53,1,53,8],[54,1,54,8],[55,1,55,8],[56,1,56,8],[58,0,58,16],[65,0,65,16],[73,0,73,16],[20,15,20,16],[0,0,0,1],[0,2,0,14],[1,0,1,1],[2,0,2,16],[3,0,3,1],[4,0,4,1],[5,0,5,1],[6,0,6,1],[7,0,7,1],[18,0,18,16],[9,0,9,16],[21,0,21,2],[21,15,21,16],[22,0,22,2],[22,15,22,16],[23,0,23,2],[23,15,23,16],[24,0,24,2],[24,15,24,16],[25,0,25,2],[25,15,25,16],[26,0,26,2],[26,15,26,16],[27,0,27,2],[27,15,27,16],[28,0,28,2],[28,15,28,16],[30,4,30,6],[30,8,30,10],[30,12,30,14],[38,3,38,5],[38,7,38,9],[38,11,38,13],[42,1,42,12],[42,13,42,14],[40,0,40,16],[43,1,43,12],[43,13,43,14],[44,1,44,12],[44,13,44,14],[45,1,45,12],[45,13,45,14],[52,9,52,14],[53,9,53,14],[54,9,54,14],[55,9,55,14],[56,9,56,14],[46,1,46,12],[46,13,46,14],[47,1,47,12],[47,13,47,14],[51,9,51,14],[60,15,60,16],[61,0,61,2],[61,15,61,16],[63,4,63,6],[63,8,63,10],[63,12,63,14],[25,17,25,18],[26,17,26,18],[27,17,27,18],[20,17,20,18],[21,17,21,18],[22,17,22,18],[23,17,23,18],[24,17,24,18]]}
[null,null,"Suivi d'avancement Projet"]
["Emetteur du doc :",null,"Cedric BIZOT",null,null,null,null,null,null,null,null,null,null,null,null,"Date :","2017-01-02"]
["IDENTIFICATION"]
["Raison sociale client :",null,"Automotive Exteriors Europe SAS"]
["N° Projet / N° Avenant :",null,"I8716-LKK-8699273-AEE-GF"]
["Libellé projet :",null,"Groupes froids"]
["Chargé d'affaires :",null,"Laurent KOWALIK"]
["Chef de Projets :",null,"Cedric BIZOT"]
[]
["Faits marquants de la période"]
[]
["date","description"]
["2017-02-27","Début de fabrication tuyauterie en atelier ATIEP, fin prévue en S11"]
[]
[]
[]
[]
[]
["Etat d'avancement projet"]
[]
[null,null,null,"2017-03-06","2017-05-03",null,null,null,null,null,null,null,null,null,null,"Commentaires du 6/3/2017",null,"Commentaires du 3/5/2017"]
["Périmètre du projet",null,null,3,3]
["Planning",null,null,2,3,null,null,null,null,null,null,null,null,null,null,"1) Point d'attention sur la planning SDEl sur tergiversation au niveau Achats pour conclure le contrat de sous-traitance (cf. e-mail R. Monserrat du 6/3/2017).\n2) Il faut obtenir la commande DLL et renvoyer l'AR avant le début des travaux sur site en S12. Sans commande, pas de travaux.",null,"Mise en service programmée les 9 et 10 Mai"]
["Qualité et Sécurité",null,null,3,3,null,null,null,null,null,null,null,null,null,null,null,null,null,null,1]
["Ressources Humaines",null,null,3,3,null,null,null,null,null,null,null,null,null,null,null,null,null,null,2]
["Communication avec le client",null,null,3,2,null,null,null,null,null,null,null,null,null,null,null,null,"La communication avec le client s'est dégradée du fait de la défaillance ITB sur le contrat de service mis en place en parallèle du projet",null,3]
["Risques dans le projet",null,null,3,2,null,null,null,null,null,null,null,null,null,null,null,null,"Il y a un risque de 22k€ sur le projet du fait des arrêts de production engendrés par le manque de réactivité d'ITB sur le contrat de service et que le client entend répercuter sur le projet de base.\nDiscussions en cours avec ITB pour transfert de dépense de 22k€ afin de couvrir ces frais."]
["Achats interne et externe",null,null,2,3,null,null,null,null,null,null,null,null,null,null,"450L d'eau glycolée à approvisionner, non prévu dans le chiffrage intial du projet. Attention à l'impact marge",null,"L'eau glycolée a été approvisionnée, impact limité au regard du prix d'achat (<600€)"]
["Vision globale du projet",null,null,3]
[]
[null,null,null,3,"conforme",null,null,2,"point d'attention",null,null,1,"en dérive"]
[]
[]
[]
[]
[]
[]
[]
[null,"légende",null,"non démarré",null,null,null," en cours",null,null,null,"terminé"]
[]
["Plan d'actions"]
[]
["n°","Plan d'action",null,null,null,null,null,null,null,null,null,null,null,"pilote",null,"date d'échéance","état"]
[1]
[2]
[3]
[4]
[5]
[]
["Facturation (interne)"]
[]
["Date report","Libellé",null,null,null,null,null,null,null,"Montant partiel du Prix de vente",null,null,null,null,null,"Date prévisionnelle","Validation"]
[]
[]
[]
[]
[]
[]
["Suivi des coûts (interne)"]
[]
[null,null,null,{"$f":"IF(ISBLANK(D21),\"\",D21)","v":"2017-03-06"},"2017-05-03","",{"$f":"IF(ISBLANK(G21),\"\",G21)","v":""},{"$f":"IF(ISBLANK(H21),\"\",H21)","v":""},"","","","","","","","Commentaires"]
["Coût prévisionnel à fin",null,null,2]
[]
[null,null,null,3,"marge améliorée",null,null,2,"marge tenue",null,null,1,"marge non tenue"]
[]
["Claims potentiels (interne)"]
[]
[]
[]
[]
[]
[]
[]
["Lessons learned à remplir au fur et à mesure (interne)"]
[]
[]
[]
[]
[]
[]
[]
[]
[]
[]
[null,null,null,null,null,null,null,null,null,null,null,null,null,null,null,null,null,null,null,null,null,"moyenne"]
[null,null,null,null,null,null,null,null,null,null,null,null,null,null,null,null,null,null,null,null,"Périmètre",{"$f":"AVERAGE(D22:O22)","v":3}]
[null,null,null,null,null,null,null,null,null,null,null,null,null,null,null,null,null,null,null,null,{"$f":"A23","v":"Planning"},{"$f":"AVERAGE(D23:O23)","v":2.5}]
[null,null,null,null,null,null,null,null,null,null,null,null,null,null,null,null,null,null,null,null,"Coût",{"$f":"AVERAGE(D62:O62)","v":2}]
[null,null,null,null,null,null,null,null,null,null,null,null,null,null,null,null,null,null,null,null,"Qualité et sécurité",{"$f":"AVERAGE(D24:O24)","v":3}]
[null,null,null,null,null,null,null,null,null,null,null,null,null,null,null,null,null,null,null,null,"Ressources",3]
[null,null,null,null,null,null,null,null,null,null,null,null,null,null,null,null,null,null,null,null,"Communication",2.5]
[null,null,null,null,null,null,null,null,null,null,null,null,null,null,null,null,null,null,null,null,"Risques",2.5]
[null,null,null,null,null,null,null,null,null,null,null,null,null,null,null,null,null,null,null,null,"Achats",2.5]
[null,null,null,null,null,null,null,null,null,null,null,null,null,null,null,null,null,null,null,null,"Global",3]

{"sheet":"1 - Registre Risques & Opport","index":7,"n_rows":95,"n_cols":30,"rows_kept":95,"cut":false,"hidden":false,"merged":[[86,3,86,5],[87,3,87,5],[88,3,88,5],[89,3,89,5],[90,3,90,5],[32,1,32,9],[34,1,34,9],[85,3,85,5],[34,17,34,20],[34,21,34,26],[77,1,77,9],[79,1,79,9],[79,10,79,16],[79,17,79,20],[79,21,79,28],[34,10,34,16],[80,3,80,5],[81,3,81,5],[82,3,82,5],[83,3,83,5],[84,3,84,5],[5,2,5,3],[6,2,6,3],[7,2,7,3],[0,4,0,8],[9,1,9,3],[0,2,0,3],[1,2,1,3],[2,2,2,10],[3,2,3,3],[4,2,4,3]]}
[null,null,null,null,"Registre des risques & opportunités"]
[null,null,"Emetteur du doc :",null,"Cedric B",null,null,null,null,"Date :","2017-01-02"]
[null,null,"IDENTIFICATION"]
[null,null,"Raison sociale client :",null,"Automotive xx"]
[null,null,"N° Projet / N° Avenant :",null,"I8716-LKK-8699273-AEE-GF"]
[null,null,"Libellé projet :",null,"Groupes froids"]
[null,null,"Chargé d'affaires :",null,"Laurent K"]
[null,null,"Chef de Projets :",null,"Cedric B"]
[]
[null,"Projet"]
[]
[null,"Libellé Projet",null,"Groupes froids",null,"Cellules à compléter"]
[]
[null,"N° Projet",null,"I8716-LKK-8699273-AEE-GF"]
[]
[null,"Chef de Projet",null,"Cedric BIZOT"]
[]
[null,"Date révision",null,"2017-03-06"]
[]
[null,"Version",null,"V0"]
[]
[null,"Phase CPP",null,"Initiate : P1"]
[]
[null,"Montant Projet €",null,"342120.00",342120]
[]
[null,"Opportunités K€",null,{"$f":"+AC94","v":0}]
[]
[null,"Prov Risques K€",null,{"$f":"+AC76","v":0}]
[]
[null,"Prov Risques %",null,{"$f":"+$AC$76*1000/VALUE($E$24)","v":0}]
[]
[]
[null,"RISQUES",null,null,null,null,null,null,null,null,null,"SI LE TABLEAU NE SE MET PAS A JOUR, ENREGISTREZ LE FICHIER"]
[]
[null,"Identification des Risques",null,null,null,null,null,null,null,null,"Classement des Risques",null,null,null,null,null,null,"Action - Plan atténuation",null,null,null,"Risque Maximum après atténuation",null,null,null,null,null,null,"Valorisation atténuation incluse","Status Risques"]
[null,"Risk n°","Catégorie Risque","Cause du risque","Description du risque","Conséquence du risque","Date ident","Méthodologie du calcul du risque","Phase CPP ident","Valorisation Impact k€","Probabilité\nd'Occurrence","Impact/Projet\n","Probability\nScore","Impact Score","Criticité du Risque\n(calcul auto)","Probability\nScore","Impact pondéré","Stratégie de Réponse","Action proposée","Personne en charge de l'action","Coût d'implémentation de l'action k€","Nouvelle valorisation Impact k€","Probabilité\nd'Occurrence","Impact/Projet\n","Probability\nScore","Impact Score","Criticité du Risque\n(calculé automatiquement)","Probability\nScore","k€ Coût Impact pondéré","Status"]
[null,1,"Contractuel","Négociation longue contrat de sous-traitance SDEL","Retard dans la livraison/installation tuyauterie","Décalage global du projet",null,null,null,null,null,null,{"$f":"IF(K37<>\"\",VLOOKUP(K37,Table_Probability,2,FALSE),0)","v":0},{"$f":"IF(L37<>\"\",VLOOKUP(L37,Table_Impact,2,FALSE),0)","v":0},{"$f":"IF(AND(K37<>0,L37<>0),IF(M37*N37*100<=Criteria_Low_Value,Criteria_Low,IF(M37*N37*100<=Criteria_Moderate_Value,Criteria_Moderate,IF(M37*N37*100<Criteria_High_Value,Criteria_High,0))),0)","v":0},{"$f":"IF(O37=Criteria_High,Criteria_High_purcentage/100,IF(O37=Criteria_Moderate,Criteria_Moderate_purcentage/100,IF(O37=Criteria_Low,Criteria_Low_purcentage/100,0)))","v":0},{"$f":"J37*P37","v":0},"Transférer","- Action auprès de l'usine pour récupération des délais\n- Mise en place d'actions d'accélération sur site pour terminer  dans les délais","John DOE",1,10,"Moderate","Moderate",{"$f":"IF(W37<>\"\",VLOOKUP(W37,Table_Probability,2,FALSE),0)","v":0.65},{"$f":"IF(X37<>\"\",VLOOKUP(X37,Table_Impact,2,FALSE),0)","v":0.65},{"$f":"IF(AND(W37<>0,X37<>0),IF(Y37*Z37*100<=Criteria_Low_Value,Criteria_Low,IF(Y37*Z37*100<=Criteria_Moderate_Value,Criteria_Moderate,IF(Y37*Z37*100<Criteria_High_Value,Criteria_High,0))),0)","v":"Moderate"},{"$f":"IF(AA37=Criteria_High,Criteria_High_purcentage/100,IF(AA37=Criteria_Moderate,Criteria_Moderate_purcentage/100,IF(AA37=Criteria_Low,Criteria_Low_purcentage/100,0)))","v":0.6},{"$f":"IF(OR(AD37=\"clos\",AD37=\"annulé\"),0,(IF(U37+V37*AB37<=Q37,U37+V37*AB37,\"Error\")))","v":"Error"},"Potentiel"]
[null,{"$f":"+B37+1","v":2},"Contractuel","Pas de commande de l'organisme de financement","Décalage du début des travaux sur site","Décalage global du projet",null,null,null,null,null,null,{"$f":"IF(K38<>\"\",VLOOKUP(K38,Table_Probability,2,FALSE),0)","v":0},{"$f":"IF(L38<>\"\",VLOOKUP(L38,Table_Impact,2,FALSE),0)","v":0},{"$f":"IF(AND(K38<>0,L38<>0),IF(M38*N38*100<=Criteria_Low_Value,Criteria_Low,IF(M38*N38*100<=Criteria_Moderate_Value,Criteria_Moderate,IF(M38*N38*100<Criteria_High_Value,Criteria_High,0))),0)","v":0},{"$f":"IF(O38=Criteria_High,Criteria_High_purcentage/100,IF(O38=Criteria_Moderate,Criteria_Moderate_purcentage/100,IF(O38=Criteria_Low,Criteria_Low_purcentage/100,0)))","v":0},{"$f":"J38*P38","v":0},"Eviter","Consulter deux backup certifiés","Didier CARPENTIER",2,5,"Low","Moderate",{"$f":"IF(W38<>\"\",VLOOKUP(W38,Table_Probability,2,FALSE),0)","v":0.3},{"$f":"IF(X38<>\"\",VLOOKUP(X38,Table_Impact,2,FALSE),0)","v":0.65},"Low",0.2,"Error","Potentiel"]
[null,{"$f":"+B38+1","v":3},"Techniques","Transport du groupe froid","Retard dans la livraison du GF","Décalage global du projet","2014-09-18",null,null,null,null,null,{"$f":"IF(K39<>\"\",VLOOKUP(K39,Table_Probability,2,FALSE),0)","v":0},{"$f":"IF(L39<>\"\",VLOOKUP(L39,Table_Impact,2,FALSE),0)","v":0},{"$f":"IF(AND(K39<>0,L39<>0),IF(M39*N39*100<=Criteria_Low_Value,Criteria_Low,IF(M39*N39*100<=Criteria_Moderate_Value,Criteria_Moderate,IF(M39*N39*100<Criteria_High_Value,Criteria_High,0))),0)","v":0},0,{"$f":"J39*P39","v":0},null,null,null,null,null,null,null,{"$f":"IF(W39<>\"\",VLOOKUP(W39,Table_Probability,2,FALSE),0)","v":0},{"$f":"IF(X39<>\"\",VLOOKUP(X39,Table_Impact,2,FALSE),0)","v":0},0,0,0]
[null,{"$f":"+B39+1","v":4},null,null,null,null,"2014-09-18",null,null,null,null,null,0,0,{"$f":"IF(AND(K40<>0,L40<>0),IF(M40*N40*100<=Criteria_Low_Value,Criteria_Low,IF(M40*N40*100<=Criteria_Moderate_Value,Criteria_Moderate,IF(M40*N40*100<Criteria_High_Value,Criteria_High,0))),0)","v":0},0,0,null,null,null,null,null,null,null,{"$f":"IF(W40<>\"\",VLOOKUP(W40,Table_Probability,2,FALSE),0)","v":0},0,0,0,0]
[null,5,null,null,null,null,null,null,null,null,null,null,0,0,0,0,0,null,null,null,null,null,null,null,{"$f":"IF(W41<>\"\",VLOOKUP(W41,Table_Probability,2,FALSE),0)","v":0},{"$f":"IF(X41<>\"\",VLOOKUP(X41,Table_Impact,2,FALSE),0)","v":0},0,0,0]
[null,6,null,null,null,null,null,null,null,null,null,null,0,0,0,0,0,null,null,null,null,null,null,null,0,0,0,0,0]
[null,7,null,null,null,null,null,null,null,null,null,null,0,0,0,0,0,null,null,null,null,null,null,null,0,0,0,0,0]
[null,8,null,null,null,null,null,null,null,null,null,null,0,0,0,0,0,null,null,null,null,null,null,null,0,0,0,0,0]
[null,9,null,null,null,null,null,null,null,null,null,null,0,0,0,0,0,null,null,null,null,null,null,null,0,0,0,0,0]
[null,10,null,null,null,null,null,null,null,null,null,null,0,0,0,0,0,null,null,null,null,null,null,null,0,0,0,0,0]
[null,11,null,null,null,null,null,null,null,null,null,null,0,0,0,0,0,null,null,null,null,null,null,null,0,0,0,0,0]
[null,12,null,null,null,null,null,null,null,null,null,null,0,0,0,0,0,null,null,null,null,null,null,null,0,0,0,0,0]
[null,13,null,null,null,null,null,null,null,null,null,null,0,0,0,0,0,null,null,null,null,null,null,null,0,0,0,0,0]
[null,14,null,null,null,null,null,null,null,null,null,null,0,0,0,0,0,null,null,null,null,null,null,null,0,0,0,0,0]
[null,15,null,null,null,null,null,null,null,null,null,null,0,0,0,0,0,null,null,null,null,null,null,null,0,0,0,0,0]
[null,16,null,null,null,null,null,null,null,null,null,null,0,0,0,0,0,null,null,null,null,null,null,null,0,0,0,0,0]
[null,17,null,null,null,null,null,null,null,null,null,null,0,0,0,0,0,null,null,null,null,null,null,null,0,0,0,0,0]
[null,18,null,null,null,null,null,null,null,null,null,null,0,0,0,0,0,null,null,null,null,null,null,null,0,0,0,0,0]
[null,19,null,null,null,null,null,null,null,null,null,null,0,0,0,0,0,null,null,null,null,null,null,null,0,0,0,0,0]
[null,20,null,null,null,null,null,null,null,null,null,null,0,0,0,0,0,null,null,null,null,null,null,null,0,0,0,0,0]
[null,21,null,null,null,null,null,null,null,null,null,null,0,0,0,0,0,null,null,null,null,null,null,null,0,0,0,0,0]
[null,22,null,null,null,null,null,null,null,null,null,null,0,0,0,0,0,null,null,null,null,null,null,null,0,0,0,0,0]
[null,23,null,null,null,null,null,null,null,null,null,null,0,0,0,0,0,null,null,null,null,null,null,null,0,0,0,0,0]
[null,24,null,null,null,null,null,null,null,null,null,null,0,0,0,0,0,null,null,null,null,null,null,null,0,0,0,0,0]
[null,25,null,null,null,null,null,null,null,null,null,null,0,0,0,0,0,null,null,null,null,null,null,null,0,0,0,0,0]
[null,26,null,null,null,null,null,null,null,null,null,null,0,0,0,0,0,null,null,null,null,null,null,null,0,0,0,0,0]
[null,27,null,null,null,null,null,null,null,null,null,null,0,0,0,0,0,null,null,null,null,null,null,null,0,0,0,0,0]
[null,28,null,null,null,null,null,null,null,null,null,null,0,0,0,0,0,null,null,null,null,null,null,null,0,0,0,0,0]
[null,29,null,null,null,null,null,null,null,null,null,null,0,0,0,0,0,null,null,null,null,null,null,null,0,0,0,0,0]
[null,30,null,null,null,null,null,null,null,null,null,null,0,0,0,0,0,null,null,null,null,null,null,null,0,0,0,0,0]
[null,31,null,null,null,null,null,null,null,null,null,null,0,0,0,0,0,null,null,null,null,null,null,null,0,0,0,0,0]
[null,32,null,null,null,null,null,null,null,null,null,null,0,0,0,0,0,null,null,null,null,null,null,null,0,0,0,0,{"$f":"IF(U68+V68*AB68<=Q68,U68+V68*AB68,\"Error\")","v":0}]
[null,33,null,null,null,null,null,null,null,null,null,null,0,0,0,0,0,null,null,null,null,null,null,null,0,0,0,0,{"$f":"IF(U69+V69*AB69<=Q69,U69+V69*AB69,\"Error\")","v":0}]
[null,34,null,null,null,null,null,null,null,null,null,null,0,0,0,0,0,null,null,null,null,null,null,null,0,0,0,0,{"$f":"IF(U70+V70*AB70<=Q70,U70+V70*AB70,\"Error\")","v":0}]
[null,35,null,null,null,null,null,null,null,null,null,null,0,0,0,0,0,null,null,null,null,null,null,null,{"$f":"IF(W71<>\"\",VLOOKUP(W71,Table_Probability,2,FALSE),0)","v":0},{"$f":"IF(X71<>\"\",VLOOKUP(X71,Table_Impact,2,FALSE),0)","v":0},0,0,{"$f":"IF(OR(AD71=\"clos\",AD71=\"annulé\"),0,(IF(U71+V71*AB71<=Q71,U71+V71*AB71,\"Error\")))","v":0}]
[]
[]
[]
[]
[null,null,null,null,null,null,null,null,null,null,null,null,null,null,null,null,null,null,null,null,null,null,null,"TOTAL",null,null,null,null,{"$f":"SUM(AC37:AC71)","v":0},"Montant PPR Keuros"]
[null,null,null,null,null,null,null,null,null,null,null,null,null,null,null,null,null,null,null,null,null,null,null,null,null,null,null,null,null,"= Budget"]
[null,"OPPORTUNITES"]
[]
[null,"Identification des Opportunités",null,null,null,null,null,null,null,null,"Classement des Opportunités",null,null,null,null,null,null,"Action - Plan amélioration",null,null,null,"Opportunité Maximum après amélioration",null,null,null,null,null,null,null,"Status Oppotunités"]
[null,"Risk n°","Catégorie Opp","Description de l'opportunité",null,null,"Date ident","Méthodologie du calcul du profit","Phase CPP ident","Valorisation profit k€","Probabilité\nd'Occurrence","Impact/Projet\n","Probability\nScore","Impact Score","Criticité du profit\n(calculé automatiquement)","Probability\nScore","Impact pondéré","Stratégie de Réponse","Action proposée","Personne en charge de l'action","Coût d'implémentation de l'action k€","Nouvelle valorisation profit k€","Probabilité\nd'Occurrence","Impact/Projet\n","Probability\nScore","Impact Score","Criticité du profit\n(calculé automatiquement)","Probability\nScore","k€ Gain global potentiel","Status"]
[null,1,"Techniques","Epaisseur calorifuge ballon à confirmer par calcul (30mm chiffrés dans l'offre)",null,null,"2013-04-15","Devis ATIEP","Design : P2","<10k€","Moderate","Low",{"$f":"IF(K82<>\"\",VLOOKUP(K82,Table_Probability,2,FALSE),0)","v":0.65},{"$f":"IF(L82<>\"\",VLOOKUP(L82,Table_Impact,2,FALSE),0)","v":0.3},{"$f":"IF(AND(K82<>0,L82<>0),IF(M82*N82*100<=Criteria_Low_Value,Criteria_Low,IF(M82*N82*100<=Criteria_Moderate_Value,Criteria_Moderate,IF(M82*N82*100<Criteria_High_Value,Criteria_High,0))),0)","v":"Low"},{"$f":"IF(O82=Criteria_High,Criteria_High_purcentage/100,IF(O82=Criteria_Moderate,Criteria_Moderate_purcentage/100,IF(O82=Criteria_Low,Criteria_Low_purcentage/100,0)))","v":0.2},{"$f":"J82*P82","v":{"$error":"#VALUE!"}},"Exploiter","Réaliser Calcul puis remettre offre au client et la négocier","M. Kriger (ATIEP)",0,null,null,null,null,null,null,null,null,"Potentiel"]
[null,{"$f":"+B82+1","v":2},null,null,null,null,null,null,null,null,null,null,0,0,{"$f":"IF(AND(K83<>0,L83<>0),IF(M83*N83*100<=Criteria_Low_Value,Criteria_Low,IF(M83*N83*100<=Criteria_Moderate_Value,Criteria_Moderate,IF(M83*N83*100<Criteria_High_Value,Criteria_High,0))),0)","v":0},0,{"$f":"J83*P83","v":0},null,null,null,null,null,null,null,{"$f":"IF(W83<>\"\",VLOOKUP(W83,Table_Probability,2,FALSE),0)","v":0},{"$f":"IF(X83<>\"\",VLOOKUP(X83,Table_Impact,2,FALSE),0)","v":0},{"$f":"IF(AND(W83<>0,X83<>0),IF(Y83*Z83*100<=Criteria_Low_Value,Criteria_Low,IF(Y83*Z83*100<=Criteria_Moderate_Value,Criteria_Moderate,IF(Y83*Z83*100<Criteria_High_Value,Criteria_High,0))),0)","v":0},{"$f":"IF(AA83=Criteria_High,Criteria_High_purcentage/100,IF(AA83=Criteria_Moderate,Criteria_Moderate_purcentage/100,IF(AA83=Criteria_Low,Criteria_Low_purcentage/100,0)))","v":0},{"$f":"IF(-U83+V83*AB83>=Q83,-U83+V83*AB83,\"Error\")","v":0}]
[null,{"$f":"+B83+1","v":3},null,null,null,null,null,null,null,null,null,null,0,0,0,0,{"$f":"J84*P84","v":0},null,null,null,null,null,null,null,0,0,0,0,0]
[null,{"$f":"+B84+1","v":4},null,null,null,null,null,null,null,null,null,null,0,0,0,0,0,null,null,null,null,null,null,null,0,0,0,0,0]
[null,5,null,null,null,null,null,null,null,null,null,null,0,0,0,0,0,null,null,null,null,null,null,null,0,0,0,0,0]
[null,6,null,null,null,null,null,null,null,null,null,null,0,0,0,0,0,null,null,null,null,null,null,null,0,0,0,0,0]
[null,7,null,null,null,null,null,null,null,null,null,null,0,0,0,0,0,null,null,null,null,null,null,null,0,0,0,0,0]
[null,8,null,null,null,null,null,null,null,null,null,null,0,0,0,0,0,null,null,null,null,null,null,null,0,0,0,0,0]
[null,9,null,null,null,null,null,null,null,null,null,null,0,0,0,0,0,null,null,null,null,null,null,null,0,0,0,0,0]
[null,10,null,null,null,null,null,null,null,null,null,null,0,0,0,0,0,null,null,null,null,null,null,null,0,0,0,0,0]
[]
[]
[null,null,null,null,null,null,null,null,null,null,null,null,null,null,null,null,null,null,null,null,null,null,null,"TOTAL",null,null,null,null,{"$f":"SUM(AC82:AC91)","v":0},"Montant Opp Keuros"]
[null,null,null,null,null,null,null,null,null,null,null,null,null,null,null,null,null,null,null,null,null,null,null,null,null,null,null,null,null,"= pour information uniqt"]

{"sheet":"2 - Résumé des Risques","index":8,"n_rows":105,"n_cols":20,"rows_kept":105,"cut":false,"hidden":false,"merged":[[97,16,97,19],[5,1,5,2],[6,1,6,2],[7,1,7,2],[13,6,13,7],[13,9,13,11],[1,1,1,2],[3,1,3,2],[2,1,2,15],[0,1,0,12],[4,1,4,2]]}
[null,"Résumé des risques"]
[null,"Emetteur du doc :",null,null,"Cedric B",null,null,null,null,null,null,null,null,"Date :","2017-01-02"]
[null,"IDENTIFICATION"]
[null,"Raison sociale client :",null,null,"Automotive "]
[null,"N° Projet / N° Avenant :",null,null,"I8716-LKK-8699273-AEE-GF"]
[null,"Libellé projet :",null,null,"Groupes froids"]
[null,"Chargé d'affaires :",null,null,"Laurent K"]
[null,"Chef de Projets :",null,null,"Cedric B"]
[]
[]
[]
[]
[]
[null,null,null,null,null,null,"Evaluation du Risque",null,null,"Risque maximum après plan mitigation"]
[null,null,null,null,"Nombre de risques identifiés",null,"Impact valorisé\n(sans plan mitigation)","Coût pondéré\n(sans plan mitigation)",null,"Nouvel Impact\n(sans plan mitigation)","Coût de la mitigation","Risque global pondéré, mitigation inclus",null,"Low","Moderate","High"]
[null,null,"Catégorie Risque"]
[null,{"$f":"\"Low\"","v":"Low"},{"$f":"$B20","v":"Contractuel"}]
[null,{"$f":"\"Moderate\"","v":"Moderate"}]
[null,{"$f":"\"High\"","v":"High"}]
[null,"Contractuel",null,null,{"$f":"DCOUNTA(Table_Risk_Management,2,C16:C17)","v":2},null,{"$f":"DSUM(Table_Risk_Management,9,C16:C17)","v":0},{"$f":"DSUM(Table_Risk_Management,16,C16:C17)","v":0},null,{"$f":"DSUM(Table_Risk_Management,21,C16:C17)","v":15},{"$f":"DSUM(Table_Risk_Management,20,C16:C17)","v":3},{"$f":"DSUM(Table_Risk_Management,28,C16:C17)","v":0},null,{"$f":"SUMIFS('1 - Registre Risques & Opport'!$AC$37:$AC$71,'1 - Registre Risques & Opport'!$C$37:$C$71,$C$17,'1 - Registre Risques & Opport'!$AA$37:$AA$71,$B$17)","v":0},{"$f":"SUMIFS('1 - Registre Risques & Opport'!$AC$37:$AC$71,'1 - Registre Risques & Opport'!$C$37:$C$71,$C$17,'1 - Registre Risques & Opport'!$AA$37:$AA$71,$B$18)","v":0},{"$f":"SUMIFS('1 - Registre Risques & Opport'!$AC$37:$AC$71,'1 - Registre Risques & Opport'!$C$37:$C$71,$C$17,'1 - Registre Risques & Opport'!$AA$37:$AA$71,$B$19)","v":0}]
[null,"Criticité du Risque\n(calculé automatiquement)","Catégorie Risque"]
[null,"Low",{"$f":"$B26","v":"Financier"}]
[null,"Moderate"]
[null,"High"]
[]
[null,"Financier",null,null,{"$f":"DCOUNTA(Table_Risk_Management,2,C21:C22)","v":0},null,{"$f":"DSUM(Table_Risk_Management,9,C21:C22)","v":0},{"$f":"DSUM(Table_Risk_Management,16,C21:C22)","v":0},null,{"$f":"DSUM(Table_Risk_Management,21,C21:C22)","v":0},{"$f":"DSUM(Table_Risk_Management,20,C21:C22)","v":0},{"$f":"DSUM(Table_Risk_Management,28,C21:C22)","v":0},null,{"$f":"SUMIFS('1 - Registre Risques & Opport'!$AC$37:$AC$71,'1 - Registre Risques & Opport'!$C$37:$C$71,$C$22,'1 - Registre Risques & Opport'!$AA$37:$AA$71,$B$17)","v":0},{"$f":"SUMIFS('1 - Registre Risques & Opport'!$AC$37:$AC$71,'1 - Registre Risques & Opport'!$C$37:$C$71,$C$22,'1 - Registre Risques & Opport'!$AA$37:$AA$71,$B$18)","v":0},{"$f":"SUMIFS('1 - Registre Risques & Opport'!$AC$37:$AC$71,'1 - Registre Risques & Opport'!$C$37:$C$71,$C$22,'1 - Registre Risques & Opport'!$AA$37:$AA$71,$B$19)","v":0}]
[null,null,"Catégorie Risque"]
[null,null,{"$f":"$B29","v":"Techniques"}]
[null,"Techniques",null,null,{"$f":"DCOUNTA(Table_Risk_Management,2,C27:C28)","v":1},null,{"$f":"DSUM(Table_Risk_Management,9,C27:C28)","v":0},{"$f":"DSUM(Table_Risk_Management,16,C27:C28)","v":0},null,{"$f":"DSUM(Table_Risk_Management,21,C27:C28)","v":0},{"$f":"DSUM(Table_Risk_Management,20,C27:C28)","v":0},{"$f":"DSUM(Table_Risk_Management,28,C27:C28)","v":0},null,{"$f":"SUMIFS('1 - Registre Risques & Opport'!$AC$37:$AC$71,'1 - Registre Risques & Opport'!$C$37:$C$71,$C$28,'1 - Registre Risques & Opport'!$AA$37:$AA$71,$B$17)","v":0},{"$f":"SUMIFS('1 - Registre Risques & Opport'!$AC$37:$AC$71,'1 - Registre Risques & Opport'!$C$37:$C$71,$C$28,'1 - Registre Risques & Opport'!$AA$37:$AA$71,$B$18)","v":0},{"$f":"SUMIFS('1 - Registre Risques & Opport'!$AC$37:$AC$71,'1 - Registre Risques & Opport'!$C$37:$C$71,$C$28,'1 - Registre Risques & Opport'!$AA$37:$AA$71,$B$19)","v":0}]
[null,null,"Catégorie Risque"]
[null,null,{"$f":"$B32","v":"Gestion de projet"}]
[null,"Gestion de projet",null,null,{"$f":"DCOUNTA(Table_Risk_Management,2,C30:C31)","v":0},null,{"$f":"DSUM(Table_Risk_Management,9,C30:C31)","v":0},{"$f":"DSUM(Table_Risk_Management,16,C30:C31)","v":0},null,{"$f":"DSUM(Table_Risk_Management,21,C30:C31)","v":0},{"$f":"DSUM(Table_Risk_Management,20,C30:C31)","v":0},{"$f":"DSUM(Table_Risk_Management,28,C30:C31)","v":0},null,{"$f":"SUMIFS('1 - Registre Risques & Opport'!$AC$37:$AC$71,'1 - Registre Risques & Opport'!$C$37:$C$71,$C$31,'1 - Registre Risques & Opport'!$AA$37:$AA$71,$B$17)","v":0},{"$f":"SUMIFS('1 - Registre Risques & Opport'!$AC$37:$AC$71,'1 - Registre Risques & Opport'!$C$37:$C$71,$C$31,'1 - Registre Risques & Opport'!$AA$37:$AA$71,$B$18)","v":0},{"$f":"SUMIFS('1 - Registre Risques & Opport'!$AC$37:$AC$71,'1 - Registre Risques & Opport'!$C$37:$C$71,$C$31,'1 - Registre Risques & Opport'!$AA$37:$AA$71,$B$19)","v":0}]
[null,null,"Catégorie Risque"]
[null,null,{"$f":"$B35","v":"Prestations/Services sur site"}]
[null,"Prestations/Services sur site",null,null,{"$f":"DCOUNTA(Table_Risk_Management,2,C33:C34)","v":0},null,{"$f":"DSUM(Table_Risk_Management,9,C33:C34)","v":0},{"$f":"DSUM(Table_Risk_Management,16,C33:C34)","v":0},null,{"$f":"DSUM(Table_Risk_Management,21,C33:C34)","v":0},{"$f":"DSUM(Table_Risk_Management,20,C33:C34)","v":0},{"$f":"DSUM(Table_Risk_Management,28,C33:C34)","v":0},null,{"$f":"SUMIFS('1 - Registre Risques & Opport'!$AC$37:$AC$71,'1 - Registre Risques & Opport'!$C$37:$C$71,$C$34,'1 - Registre Risques & Opport'!$AA$37:$AA$71,$B$17)","v":0},{"$f":"SUMIFS('1 - Registre Risques & Opport'!$AC$37:$AC$71,'1 - Registre Risques & Opport'!$C$37:$C$71,$C$34,'1 - Registre Risques & Opport'!$AA$37:$AA$71,$B$18)","v":0},{"$f":"SUMIFS('1 - Registre Risques & Opport'!$AC$37:$AC$71,'1 - Registre Risques & Opport'!$C$37:$C$71,$C$34,'1 - Registre Risques & Opport'!$AA$37:$AA$71,$B$19)","v":0}]
[null,null,"Catégorie Risque"]
[null,null,{"$f":"$B38","v":"Planning"}]
[null,"Planning",null,null,{"$f":"DCOUNTA(Table_Risk_Management,2,C36:C37)","v":0},null,{"$f":"DSUM(Table_Risk_Management,9,C36:C37)","v":0},{"$f":"DSUM(Table_Risk_Management,16,C36:C37)","v":0},null,{"$f":"DSUM(Table_Risk_Management,21,C36:C37)","v":0},{"$f":"DSUM(Table_Risk_Management,20,C36:C37)","v":0},{"$f":"DSUM(Table_Risk_Management,28,C36:C37)","v":0},null,{"$f":"SUMIFS('1 - Registre Risques & Opport'!$AC$37:$AC$71,'1 - Registre Risques & Opport'!$C$37:$C$71,$C$37,'1 - Registre Risques & Opport'!$AA$37:$AA$71,$B$17)","v":0},{"$f":"SUMIFS('1 - Registre Risques & Opport'!$AC$37:$AC$71,'1 - Registre Risques & Opport'!$C$37:$C$71,$C$37,'1 - Registre Risques & Opport'!$AA$37:$AA$71,$B$18)","v":0},{"$f":"SUMIFS('1 - Registre Risques & Opport'!$AC$37:$AC$71,'1 - Registre Risques & Opport'!$C$37:$C$71,$C$37,'1 - Registre Risques & Opport'!$AA$37:$AA$71,$B$19)","v":0}]
[]
[null,"TOTAUX",null,null,{"$f":"E20+E26+E29+E32+E35+E38","v":3},null,{"$f":"G20+G26+G29+G32+G35+G38","v":0},{"$f":"H20+H26+H29+H32+H35+H38","v":0},null,{"$f":"J20+J26+J29+J32+J35+J38","v":15},{"$f":"K20+K26+K29+K32+K35+K38","v":3},{"$f":"L20+L26+L29+L32+L35+L38","v":0},null,{"$f":"N20+N26+N29+N32+N35+N38","v":0},{"$f":"O20+O26+O29+O32+O35+O38","v":0},{"$f":"P20+P26+P29+P32+P35+P38","v":0}]
[]
[]
[]
[]
[]
[]
[]
[]
[]
[]
[]
[]
[]
[]
[]
[]
[]
[]
[]
[]
[]
[]
[]
[]
[]
[]
[]
[]
[]
[]
[]
[]
[]
[]
[]
[]
[]
[]
[]
[]
[]
[]
[]
[]
[]
[]
[]
[]
[]
[]
[]
[]
[]
[]
[]
[]
[null,null,null,null,null,null,null,null,null,null,null,null,null,null,null,null,"Faire \"Actualiser\" pour la mise à jour de ce tableau"]
[null,null,null,null,null,null,null,null,null,null,null,null,null,null,null,null,"RISQUES MAJEURS "]
[]
[null,null,null,null,null,null,null,null,null,null,null,null,null,null,null,null,"Somme de k€ Coût Impact pondéré"]
[null,null,null,null,null,null,null,null,null,null,null,null,null,null,null,null,"Catégorie Risque","Conséquence du risque","Criticité du Risque","Total"]
[null,null,null,null,null,null,null,null,null,null,null,null,null,null,null,null,"Contractuel","Réalisation de la partie de MIRABELLE selon l'article 8.2 des CGA du client","Low",3]
[null,null,null,null,null,null,null,null,null,null,null,null,null,null,null,null,"Planning","Application des pénalités de retard","Moderate",7]
[null,null,null,null,null,null,null,null,null,null,null,null,null,null,null,null,"(vide)","(vide)",0,0]
[null,null,null,null,null,null,null,null,null,null,null,null,null,null,null,null,"Total général",null,null,10]

{"sheet":"3 - Critère de risque","index":9,"n_rows":25,"n_cols":13,"rows_kept":25,"cut":false,"hidden":false,"merged":[[13,1,15,1],[19,3,19,8],[0,1,0,2],[0,3,0,7],[1,1,1,2],[3,1,3,2],[11,2,11,3],[2,1,2,11],[4,1,4,2],[5,1,5,2],[6,1,6,2],[7,1,7,2],[11,5,11,7]]}
[null,null,null,"Critère de risque"]
[]
[]
[]
[]
[]
[]
[]
[]
[null,null,"Probabilité x Impact = Criticité / Niveau requis de surveillance"]
[]
[null,null,null,null,"Criticité du risque / Niveau de surveillance requis","Criticité du risque / Niveau de surveillance requis",null,null,null,null,"Criticité"]
[null,null,"Very high",0.9,{"$f":"E18*$D$13*100","v":9.0000000000000018},{"$f":"F18*$D$13*100","v":27},{"$f":"G18*$D$13*100","v":58.500000000000007},{"$f":"H18*$D$13*100","v":85.5},{"$f":"I18*$D$13*100","v":81}]
[null,"Probabilité","High",0.95,{"$f":"E18*$D$14*100","v":9.5},{"$f":"F18*$D$14*100","v":28.499999999999996},{"$f":"G18*$D$14*100","v":61.749999999999993},{"$f":"H18*$D$14*100","v":90.25},{"$f":"I18*$D$14*100","v":85.5},null,"High",100,100]
[null,null,"Moderate",0.65,{"$f":"E18*$D$15*100","v":6.5},{"$f":"F18*$D$15*100","v":19.5},{"$f":"G18*$D$15*100","v":42.250000000000007},{"$f":"H18*$D$15*100","v":61.749999999999993},{"$f":"I18*$D$15*100","v":58.500000000000007},null,"Moderate",60,60]
[null,null,"Low",0.3,{"$f":"E18*$D$16*100","v":3},{"$f":"F18*$D$16*100","v":9},{"$f":"G18*$D$16*100","v":19.5},{"$f":"H18*$D$16*100","v":28.499999999999996},{"$f":"I18*$D$16*100","v":27},null,"Low",20,20]
[null,null,"Very low",0.1,{"$f":"E18*$D$17*100","v":1.0000000000000002},{"$f":"F18*$D$17*100","v":3},{"$f":"G18*$D$17*100","v":6.5},{"$f":"H18*$D$17*100","v":9.5},{"$f":"I18*$D$17*100","v":9.0000000000000018}]
[null,null,null,null,0.1,0.3,0.65,0.95,0.9]
[null,null,null,null,"Very low","Low","Moderate","High","Very high"]
[null,null,null,"Impact"]
[null,null,null,"l'ensemble du projet","-Low internal impact.\n-No customer impact.\n-Should be monitored.","-Moderate impact interne et / ou le client est gêné.\nl'impact sera remarqué mais toléré. ","Significatif interne et / ou de l'impact client.\n\n-Examen avec le commanditaire / client est nécessaire.\n\n-Si le risque se, le comité directeur doit être notifiée. ","Significatif interne et impact sur les clients.\n-Examen avec le promoteur et le client est nécessaire.\n-Si le risque se, le comité directeur et les cadres supérieurs doivent être informés immédiatement\nPlan d'atténuation-requis pour réduire l'impact. ","-Significant internal and customer impact.  \n-Review with sponsor and customer is required.\n-If risk event occurs, Steering Committee and Senior Management must be informed immediately\n-Mitigation plan required to reduce the impact."]
[null,null,null,"Coût","Insignifcant cost increase","<Augmentation des coûts de 10%","10-20% d'augmentation des coûts",">20% d'augmentation des coûts",">20% cost increase"]
[null,null,null,"Temps","Insignifcant time increase","<Augmentation de 10% du temps","10-20% d'impact calendrier",">20% d'impact calendrier",">20% schedule impact"]
[null,null,null,"Portée","Scope impact barely noticeable","Domaines mineurs de portée affectée","Les principaux domaines de portée affectés","Réduction de la portée inacceptable pour le sponsor\nLivrable du projet ne sera pas utilisable / répondre aux spécifications","Project deliverable will not be usable / meet ordered specifications"]
[null,null,null,"Qualité","Quality impact barely noticeable","Seules les zones non critiques sont touchés","Réduction de la qualité requiert l'approbation commanditaire","Réduction de la qualité inacceptable pour le sponsor\nLivrable du projet ne sera pas utilisable / répondre aux spécifications","Project deliverable will not be usable / meet ordered specifications"]

{"sheet":"5 - Risk Criteria FR","index":10,"n_rows":21,"n_cols":12,"rows_kept":21,"cut":false,"hidden":true,"merged":[[7,1,12,1],[7,4,7,8],[7,10,7,11],[15,3,15,8]]}
[]
[]
[]
[]
[]
[null,null,"Probability X Impact = Criticality / Level of Required Monitoring"]
[]
[null,"Probability",null,null,"Risk Criticality / Require Monitoring Level",null,null,null,null,null,"Criticality"]
[null,null,"Very high",0.9,{"$f":"E14*$D$9*100","v":9.0000000000000018},{"$f":"F14*$D$9*100","v":9.0000000000000018},{"$f":"G14*$D$9*100","v":36.000000000000007},{"$f":"H14*$D$9*100","v":54},{"$f":"I14*$D$9*100","v":81},null,"High",100]
[null,null,"High",0.6,{"$f":"E14*$D$10*100","v":6},{"$f":"F14*$D$10*100","v":6},{"$f":"G14*$D$10*100","v":24},{"$f":"H14*$D$10*100","v":36},{"$f":"I14*$D$10*100","v":54},null,"Moderate",35]
[null,null,"Moderate",0.4,{"$f":"E14*$D$11*100","v":4.0000000000000009},{"$f":"F14*$D$11*100","v":4.0000000000000009},{"$f":"G14*$D$11*100","v":16.000000000000004},{"$f":"H14*$D$11*100","v":24},{"$f":"I14*$D$11*100","v":36.000000000000007},null,"Low",9]
[null,null,"Low",0.1,{"$f":"E14*$D$12*100","v":1.0000000000000002},{"$f":"F14*$D$12*100","v":1.0000000000000002},{"$f":"G14*$D$12*100","v":4.0000000000000009},{"$f":"H14*$D$12*100","v":6},{"$f":"I14*$D$12*100","v":9.0000000000000018}]
[null,null,"Very low",0.1,{"$f":"E14*$D$13*100","v":1.0000000000000002},{"$f":"F14*$D$13*100","v":1.0000000000000002},{"$f":"G14*$D$13*100","v":4.0000000000000009},{"$f":"H14*$D$13*100","v":6},{"$f":"I14*$D$13*100","v":9.0000000000000018}]
[null,null,null,null,0.1,0.1,0.4,0.6,0.9]
[null,null,null,null,"Very low","Low","Moderate","High","Very high"]
[null,null,null,"Impact"]
[null,null,null,"l'ensemble du projet","-Faible impact interne.\n-Pas d'impact client.\n-Doit être surveillé. ","-Moderate impact interne et / ou le client est gêné.\nl'impact sera remarqué mais toléré. ","Significatif interne et / ou de l'impact client.\r\n-Examen avec le commanditaire / client est nécessaire.\r\n-Si le risque se, le comité directeur doit être notifiée. ","Significatif interne et impact sur les clients.\r\n-Examen avec le promoteur et le client est nécessaire.\r\n-Si le risque se, le comité directeur et les cadres supérieurs doivent être informés immédiatement\r\nPlan d'atténuation-requis pour réduire l'impact. ","Significatif interne et impact sur les clients.\n-Examen avec le promoteur et le client est nécessaire.\n-Si le risque se, le comité directeur et les cadres supérieurs doivent être informés immédiatement\nPlan d'atténuation-requis pour réduire l'impact. "]
[null,null,null,"coût","Augmentation des coûts Insignifcant","<Augmentation des coûts de 5%","10.5% l'augmentation des coûts","Augmentation des coûts de 10-20%","> Augmentation des coûts de 20%"]
[null,null,null,"temps","Augmentation du temps de Insignifcant","<Augmentation de 5% du temps","5-10% d'impact calendrier","L'impact calendrier 10-20%","> Impact calendrier de 20%"]
[null,null,null,"portée","Effet de périmètre à peine perceptible","Domaines mineurs de portée affectée","Les principaux domaines de portée affectée","Réduction de la portée inacceptable pour parrainer","Livrable du projet ne sera pas utilisable / répondre aux spécifications ordonnées"]
[null,null,null,"qualité","Impact sur la qualité à peine perceptible","Seules les zones non critiques sont touchés","Réduction de la qualité requiert l'approbation commanditaire","Réduction de la qualité inacceptable pour parrainer","Livrable du projet ne sera pas utilisable / répondre aux spécifications ordonnéesAnnuler les modificationsAlpha"]

{"sheet":"Table","index":11,"n_rows":16,"n_cols":23,"rows_kept":16,"cut":false,"hidden":true,"merged":[]}
[]
[]
[]
[]
[]
[]
[null,"Phase CPP",null,"Probability","Risk Probability Score",null,"Impact","Risk Impact Score",null,"Risk Grades",null,"Risk Probability Outlook","Risk Prob Outlook",null,"Risk Status",null,"Risk Categories",null,"Risk Status",null,"Stratégie de Réponse",null,"Opportunités : Stratégie de Réponse"]
[null,"Identify & Qualify : S0",null,"High",0.95,null,"High",0.95,null,"Low",null,"Diminution","(",null,{"$f":"S8","v":"Potentiel"},null,"Contractuel",null,"Potentiel",null,"Eviter",null,"Exploiter"]
[null,"Influence & Develop : S1",null,"Low",0.3,null,"Low",0.3,null,"Moderate",null,"Augmentation","&",null,"Surveillé",null,"Financier",null,"Surveillé",null,"Transférer",null,"Partager"]
[null,"Propose & Win : S2",null,"Moderate",0.65,null,"Moderate",0.65,null,"High",null,"Pas de changement","\"",null,"Maitrisé",null,"Techniques",null,"Maitrisé",null,"Atténuer",null,"Améliorer"]
[null,"Initiate : P1",null,"Very high",0.9,null,"Very high",0.9,null,null,null,null,null,null,"Clos",null,"Gestion de projet",null,"Clos",null,"Accepter",null,"Accepter"]
[null,"Set-up : P2",null,"Very low",0.1,null,"Very low",0.1,null,null,null,null,null,null,"Annulé",null,"Prestations/Services sur site",null,"Annulé"]
[null,"Design : P2",null,null,null,null,null,null,null,null,null,null,null,null,0,null,"Planning"]
[null,"Integrate & Deliver : P2"]
[null,"Commission : P3"]
[null,"Close : P4"]